File: //proc/self/root/home/madepabj/access-logs/hc-cosmetics.com.madeinbranded.com-ssl_log
8.217.213.165 - - [25/Nov/2025:07:14:23 -0500] "GET /wp-content/plugins/yith-woocommerce-quick-view/assets/css/yith-quick-view.css?ver=2.7.2 HTTP/1.1" 200 1870 "-" "AliyunSecBot/Aliyun ([email protected])"
57.141.6.18 - - [25/Nov/2025:07:14:45 -0500] "GET /product-category/hair-care/hair-shampoos/?_wpnonce=ffb6e74d38&add-to-cart=1073 HTTP/1.1" 200 1010 "-" "meta-externalagent/1.1 (+https://developers.facebook.com/docs/sharing/webmasters/crawler)"
162.0.217.77 - - [25/Nov/2025:07:18:58 -0500] "POST /wp-cron.php?doing_wp_cron=1764073138.0113930702209472656250 HTTP/1.1" 403 1242 "-" "WordPress/6.8.3; https://hc-cosmetics.com"
128.24.70.128 - - [25/Nov/2025:07:18:52 -0500] "POST /wp-login.php HTTP/1.1" 200 6934 "-" "Mozilla/5.0"
54.38.208.175 - - [25/Nov/2025:07:19:25 -0500] "POST /xmlrpc.php HTTP/1.1" 200 210 "-" "Mozilla/5.0 (Windows NT 10.0; Win64; x64; rv:78.0) Gecko/20100101 Firefox/78.0"
114.119.147.246 - - [25/Nov/2025:07:21:48 -0500] "GET /?action=yith-woocompare-add-product&id=1117 HTTP/1.1" 200 549 "https://hc-cosmetics.com/checkout/" "Mozilla/5.0 (Linux; Android 7.0;) AppleWebKit/537.36 (KHTML, like Gecko) Mobile Safari/537.36 (compatible; PetalBot;+https://webmaster.petalsearch.com/site/petalbot)"
114.119.147.237 - - [25/Nov/2025:07:23:11 -0500] "GET /?action=yith-woocompare-add-product&id=1117 HTTP/1.1" 200 549 "https://hc-cosmetics.com/checkout/" "Mozilla/5.0 (Linux; Android 7.0;) AppleWebKit/537.36 (KHTML, like Gecko) Mobile Safari/537.36 (compatible; PetalBot;+https://webmaster.petalsearch.com/site/petalbot)"
114.119.159.243 - - [25/Nov/2025:07:25:17 -0500] "GET /product-category/hair-care/page/2?action=yith-woocompare-add-product&id=1002 HTTP/1.1" 200 549 "-" "Mozilla/5.0 (Linux; Android 7.0;) AppleWebKit/537.36 (KHTML, like Gecko) Mobile Safari/537.36 (compatible; PetalBot;+https://webmaster.petalsearch.com/site/petalbot)"
8.217.212.96 - - [25/Nov/2025:07:27:51 -0500] "GET /wp-content/plugins/woocommerce/assets/css/photoswipe/photoswipe.min.css?ver=10.2.2 HTTP/1.1" 200 857 "-" "AliyunSecBot/Aliyun ([email protected])"
194.187.171.159 - - [25/Nov/2025:07:31:54 -0500] "GET /robots.txt HTTP/1.1" 200 15 "-" "Mozilla/5.0 (compatible; Qwantbot/1.0; +https://help.qwant.com/bot/)"
194.187.171.159 - - [25/Nov/2025:07:31:54 -0500] "GET /shop HTTP/1.1" 200 497 "-" "Mozilla/5.0 (compatible; Qwantbot/1.0_4000116; +https://help.qwant.com/bot/)"
162.0.217.77 - - [25/Nov/2025:07:35:23 -0500] "POST /wp-cron.php?doing_wp_cron=1764074123.7453260421752929687500 HTTP/1.1" 403 1242 "-" "WordPress/6.8.3; https://hc-cosmetics.com"
128.24.70.128 - - [25/Nov/2025:07:35:15 -0500] "POST /wp-login.php HTTP/1.1" 200 6934 "-" "Mozilla/5.0"
8.217.155.29 - - [25/Nov/2025:07:41:35 -0500] "GET /product-tag/hair-serums/feed/ HTTP/1.1" 200 497 "-" "AliyunSecBot/Aliyun ([email protected])"
66.249.87.171 - - [25/Nov/2025:07:42:17 -0500] "GET /product/silky-x-trim-shampoo-anti-dandruff-shampoo/ HTTP/1.1" 200 497 "-" "Mozilla/5.0 (X11; Linux x86_64) AppleWebKit/537.36 (KHTML, like Gecko) Chrome/141.0.7390.122 Safari/537.36"
66.249.87.171 - - [25/Nov/2025:07:42:26 -0500] "GET /product/nouvelle-mousse-strong-hold/ HTTP/1.1" 200 497 "-" "Mozilla/5.0 (X11; Linux x86_64) AppleWebKit/537.36 (KHTML, like Gecko) Chrome/141.0.7390.122 Safari/537.36"
114.119.147.246 - - [25/Nov/2025:07:49:52 -0500] "GET /product-category/eye-shadow/?action=yith-woocompare-add-product&id=36 HTTP/1.1" 200 549 "https://hc-cosmetics.com/product-category/eye-shadow/?action=yith-woocompare-add-product&id=45" "Mozilla/5.0 (Linux; Android 7.0;) AppleWebKit/537.36 (KHTML, like Gecko) Mobile Safari/537.36 (compatible; PetalBot;+https://webmaster.petalsearch.com/site/petalbot)"
114.119.152.207 - - [25/Nov/2025:07:51:21 -0500] "GET /brand/nouvelle?action=yith-woocompare-add-product&id=1099 HTTP/1.1" 200 549 "-" "Mozilla/5.0 (Linux; Android 7.0;) AppleWebKit/537.36 (KHTML, like Gecko) Mobile Safari/537.36 (compatible; PetalBot;+https://webmaster.petalsearch.com/site/petalbot)"
162.0.217.77 - - [25/Nov/2025:07:51:40 -0500] "POST /wp-cron.php?doing_wp_cron=1764075100.2126200199127197265625 HTTP/1.1" 403 1242 "-" "WordPress/6.8.3; https://hc-cosmetics.com"
128.24.70.128 - - [25/Nov/2025:07:51:34 -0500] "POST /wp-login.php HTTP/1.1" 200 6934 "-" "Mozilla/5.0"
103.131.71.100 - - [25/Nov/2025:07:53:18 -0500] "GET /robots.txt HTTP/1.1" 200 15 "-" "Mozilla/5.0 (compatible; coccocbot-web/1.0; +http://help.coccoc.com/searchengine)"
103.131.71.106 - - [25/Nov/2025:07:53:20 -0500] "GET / HTTP/1.1" 200 549 "-" "Mozilla/5.0 (compatible; coccocbot-web/1.0; +http://help.coccoc.com/searchengine)"
66.249.75.109 - - [25/Nov/2025:08:05:20 -0500] "GET /product/silky-x-trim-ampule-anti-dandruff-treatment/ HTTP/1.1" 200 497 "-" "Mozilla/5.0 (Linux; Android 6.0.1; Nexus 5X Build/MMB29P) AppleWebKit/537.36 (KHTML, like Gecko) Chrome/141.0.7390.122 Mobile Safari/537.36 (compatible; Googlebot/2.1; +http://www.google.com/bot.html)"
114.119.147.237 - - [25/Nov/2025:08:05:27 -0500] "GET /product-category/hair-care/hair-shampoos/?action=yith-woocompare-add-product&id=997 HTTP/1.1" 200 549 "https://hc-cosmetics.com/product-category/hair-care/hair-shampoos/?action=yith-woocompare-add-product&id=1073" "Mozilla/5.0 (Linux; Android 7.0;) AppleWebKit/537.36 (KHTML, like Gecko) Mobile Safari/537.36 (compatible; PetalBot;+https://webmaster.petalsearch.com/site/petalbot)"
162.0.217.77 - - [25/Nov/2025:08:07:33 -0500] "POST /wp-cron.php?doing_wp_cron=1764076053.8587009906768798828125 HTTP/1.1" 403 1242 "-" "WordPress/6.8.3; https://hc-cosmetics.com"
128.24.70.128 - - [25/Nov/2025:08:07:27 -0500] "POST /wp-login.php HTTP/1.1" 200 6934 "-" "Mozilla/5.0"
51.83.11.108 - - [25/Nov/2025:08:09:32 -0500] "GET /robots.txt HTTP/1.1" 403 1242 "-" "Mozilla/5.0 (compatible; MJ12bot/v1.4.8; http://mj12bot.com/)"
8.217.208.41 - - [25/Nov/2025:08:18:07 -0500] "GET /robots.txt HTTP/1.1" 200 15 "-" "AliyunSecBot/Aliyun ([email protected])"
8.217.213.252 - - [25/Nov/2025:08:18:07 -0500] "GET /product-category/bathroom-accessories/feed/ HTTP/1.1" 200 497 "-" "AliyunSecBot/Aliyun ([email protected])"
8.217.211.6 - - [25/Nov/2025:08:20:27 -0500] "GET /product-tag/hair-shampoos/?_wpnonce=3ec5a4ef97&action=yith-woocompare-add-product&id=997 HTTP/1.1" 200 497 "-" "AliyunSecBot/Aliyun ([email protected])"
162.0.217.77 - - [25/Nov/2025:08:22:40 -0500] "POST /wp-cron.php?doing_wp_cron=1764076960.2285609245300292968750 HTTP/1.1" 403 1242 "-" "WordPress/6.8.3; https://hc-cosmetics.com"
128.24.70.128 - - [25/Nov/2025:08:22:34 -0500] "POST /wp-login.php HTTP/1.1" 200 6934 "-" "Mozilla/5.0"
141.98.11.10 - - [25/Nov/2025:08:23:00 -0500] "HEAD / HTTP/1.1" 200 0 "-" "python-requests/2.32.5"
162.0.217.77 - - [25/Nov/2025:08:23:01 -0500] "POST /wp-admin/admin-ajax.php?action=as_async_request_queue_runner&nonce=1124b0857f HTTP/1.1" 200 0 "-" "WordPress/6.8.3; https://hc-cosmetics.com"
141.98.11.10 - - [25/Nov/2025:08:23:00 -0500] "GET /wp-admin/ HTTP/1.1" 302 0 "binance.com" "Mozilla/5.0 (Linux; Android 13; Pixel 7) AppleWebKit/537.36 (KHTML, like Gecko) Chrome/119.0.0.0 Mobile Safari/537.36"
141.98.11.10 - - [25/Nov/2025:08:23:02 -0500] "GET /wp-login.php?redirect_to=https%3A%2F%2Fhc-cosmetics.com%2Fwp-admin%2F&reauth=1 HTTP/1.1" 200 2195 "binance.com" "Mozilla/5.0 (Linux; Android 13; Pixel 7) AppleWebKit/537.36 (KHTML, like Gecko) Chrome/119.0.0.0 Mobile Safari/537.36"
141.98.11.10 - - [25/Nov/2025:08:23:02 -0500] "GET /xmlrpc.php HTTP/1.1" 405 62 "binance.com" "Mozilla/5.0 (Windows NT 10.0; Win64; x64; rv:120.0) Gecko/20100101 Firefox/120.0"
141.98.11.10 - - [25/Nov/2025:08:23:03 -0500] "GET /?rest_route=/wp/v2/users HTTP/1.1" 200 549 "binance.com" "Mozilla/5.0 (Macintosh; Intel Mac OS X 14_2_1) AppleWebKit/537.36 (KHTML, like Gecko) Chrome/120.0.0.0 Safari/537.36"
141.98.11.10 - - [25/Nov/2025:08:23:03 -0500] "GET /?author=1 HTTP/1.1" 200 549 "binance.com" "Mozilla/5.0 (Macintosh; Intel Mac OS X 14_2_1) AppleWebKit/605.1.15 (KHTML, like Gecko) Version/17.1 Safari/605.1.15"
162.0.217.77 - - [25/Nov/2025:08:23:17 -0500] "POST /wp-admin/admin-ajax.php?action=as_async_request_queue_runner&nonce=1124b0857f HTTP/1.1" 200 0 "-" "WordPress/6.8.3; https://hc-cosmetics.com"
8.217.212.250 - - [25/Nov/2025:08:24:32 -0500] "GET /wp-content/uploads/2025/06/Nouvelle-Extreme-Gel-640x731.webp HTTP/1.1" 200 23766 "-" "AliyunSecBot/Aliyun ([email protected])"
8.217.188.201 - - [25/Nov/2025:08:25:48 -0500] "GET /product/silky-x-trim-ampule-anti-dandruff-treatment/?action=yith-woocompare-add-product&id=993&_wpnonce=15d48be8a1 HTTP/1.1" 200 497 "-" "AliyunSecBot/Aliyun ([email protected])"
162.0.217.77 - - [25/Nov/2025:08:28:04 -0500] "POST /wp-cron.php?doing_wp_cron=1764077284.1962220668792724609375 HTTP/1.1" 403 1242 "-" "WordPress/6.8.3; https://hc-cosmetics.com"
185.251.199.203 - - [25/Nov/2025:08:27:58 -0500] "POST /xmlrpc.php HTTP/1.1" 200 210 "-" "Mozilla/5.0 (Windows NT 10.0; Win64; x64; rv:54.0) Gecko/20100101 Firefox/54.0"
159.203.96.120 - - [25/Nov/2025:08:28:26 -0500] "GET / HTTP/1.1" 200 1010 "-" "Mozilla/5.0 (Windows NT 10.0; Win64; x64) AppleWebKit/537.36 (KHTML, like Gecko) Chrome/80.0.3987.149 Safari/537.36"
159.203.96.120 - - [25/Nov/2025:08:28:26 -0500] "GET //wp-includes/wlwmanifest.xml HTTP/1.1" 200 1010 "-" "Mozilla/5.0 (Windows NT 10.0; Win64; x64) AppleWebKit/537.36 (KHTML, like Gecko) Chrome/80.0.3987.149 Safari/537.36"
159.203.96.120 - - [25/Nov/2025:08:28:26 -0500] "GET / HTTP/1.1" 200 1010 "-" "Mozilla/5.0 (Windows NT 10.0; Win64; x64) AppleWebKit/537.36 (KHTML, like Gecko) Chrome/80.0.3987.149 Safari/537.36"
159.203.96.120 - - [25/Nov/2025:08:28:26 -0500] "GET //blog/wp-includes/wlwmanifest.xml HTTP/1.1" 200 1010 "-" "Mozilla/5.0 (Windows NT 10.0; Win64; x64) AppleWebKit/537.36 (KHTML, like Gecko) Chrome/80.0.3987.149 Safari/537.36"
159.203.96.120 - - [25/Nov/2025:08:28:26 -0500] "GET //web/wp-includes/wlwmanifest.xml HTTP/1.1" 200 1010 "-" "Mozilla/5.0 (Windows NT 10.0; Win64; x64) AppleWebKit/537.36 (KHTML, like Gecko) Chrome/80.0.3987.149 Safari/537.36"
159.203.96.120 - - [25/Nov/2025:08:28:27 -0500] "GET //wordpress/wp-includes/wlwmanifest.xml HTTP/1.1" 200 1010 "-" "Mozilla/5.0 (Windows NT 10.0; Win64; x64) AppleWebKit/537.36 (KHTML, like Gecko) Chrome/80.0.3987.149 Safari/537.36"
159.203.96.120 - - [25/Nov/2025:08:28:27 -0500] "GET //website/wp-includes/wlwmanifest.xml HTTP/1.1" 200 1010 "-" "Mozilla/5.0 (Windows NT 10.0; Win64; x64) AppleWebKit/537.36 (KHTML, like Gecko) Chrome/80.0.3987.149 Safari/537.36"
159.203.96.120 - - [25/Nov/2025:08:28:27 -0500] "GET //wp/wp-includes/wlwmanifest.xml HTTP/1.1" 200 1010 "-" "Mozilla/5.0 (Windows NT 10.0; Win64; x64) AppleWebKit/537.36 (KHTML, like Gecko) Chrome/80.0.3987.149 Safari/537.36"
159.203.96.120 - - [25/Nov/2025:08:28:27 -0500] "GET //news/wp-includes/wlwmanifest.xml HTTP/1.1" 200 1010 "-" "Mozilla/5.0 (Windows NT 10.0; Win64; x64) AppleWebKit/537.36 (KHTML, like Gecko) Chrome/80.0.3987.149 Safari/537.36"
159.203.96.120 - - [25/Nov/2025:08:28:27 -0500] "GET //2018/wp-includes/wlwmanifest.xml HTTP/1.1" 200 1010 "-" "Mozilla/5.0 (Windows NT 10.0; Win64; x64) AppleWebKit/537.36 (KHTML, like Gecko) Chrome/80.0.3987.149 Safari/537.36"
159.203.96.120 - - [25/Nov/2025:08:28:27 -0500] "GET //2019/wp-includes/wlwmanifest.xml HTTP/1.1" 200 1010 "-" "Mozilla/5.0 (Windows NT 10.0; Win64; x64) AppleWebKit/537.36 (KHTML, like Gecko) Chrome/80.0.3987.149 Safari/537.36"
159.203.96.120 - - [25/Nov/2025:08:28:27 -0500] "GET //shop/wp-includes/wlwmanifest.xml HTTP/1.1" 200 1010 "-" "Mozilla/5.0 (Windows NT 10.0; Win64; x64) AppleWebKit/537.36 (KHTML, like Gecko) Chrome/80.0.3987.149 Safari/537.36"
159.203.96.120 - - [25/Nov/2025:08:28:27 -0500] "GET //wp1/wp-includes/wlwmanifest.xml HTTP/1.1" 200 1010 "-" "Mozilla/5.0 (Windows NT 10.0; Win64; x64) AppleWebKit/537.36 (KHTML, like Gecko) Chrome/80.0.3987.149 Safari/537.36"
159.203.96.120 - - [25/Nov/2025:08:28:27 -0500] "GET //test/wp-includes/wlwmanifest.xml HTTP/1.1" 200 1010 "-" "Mozilla/5.0 (Windows NT 10.0; Win64; x64) AppleWebKit/537.36 (KHTML, like Gecko) Chrome/80.0.3987.149 Safari/537.36"
159.203.96.120 - - [25/Nov/2025:08:28:28 -0500] "GET //media/wp-includes/wlwmanifest.xml HTTP/1.1" 200 1010 "-" "Mozilla/5.0 (Windows NT 10.0; Win64; x64) AppleWebKit/537.36 (KHTML, like Gecko) Chrome/80.0.3987.149 Safari/537.36"
159.203.96.120 - - [25/Nov/2025:08:28:28 -0500] "GET //wp2/wp-includes/wlwmanifest.xml HTTP/1.1" 200 1010 "-" "Mozilla/5.0 (Windows NT 10.0; Win64; x64) AppleWebKit/537.36 (KHTML, like Gecko) Chrome/80.0.3987.149 Safari/537.36"
159.203.96.120 - - [25/Nov/2025:08:28:28 -0500] "GET //site/wp-includes/wlwmanifest.xml HTTP/1.1" 200 1010 "-" "Mozilla/5.0 (Windows NT 10.0; Win64; x64) AppleWebKit/537.36 (KHTML, like Gecko) Chrome/80.0.3987.149 Safari/537.36"
159.203.96.120 - - [25/Nov/2025:08:28:28 -0500] "GET //cms/wp-includes/wlwmanifest.xml HTTP/1.1" 200 1010 "-" "Mozilla/5.0 (Windows NT 10.0; Win64; x64) AppleWebKit/537.36 (KHTML, like Gecko) Chrome/80.0.3987.149 Safari/537.36"
159.203.96.120 - - [25/Nov/2025:08:28:28 -0500] "GET //sito/wp-includes/wlwmanifest.xml HTTP/1.1" 200 1010 "-" "Mozilla/5.0 (Windows NT 10.0; Win64; x64) AppleWebKit/537.36 (KHTML, like Gecko) Chrome/80.0.3987.149 Safari/537.36"
114.119.147.246 - - [25/Nov/2025:08:28:58 -0500] "GET /product-tag/hair-care/?action=yith-woocompare-add-product&id=1073 HTTP/1.1" 200 549 "https://hc-cosmetics.com/product-tag/hair-care/?action=yith-woocompare-add-product&id=1103" "Mozilla/5.0 (Linux; Android 7.0;) AppleWebKit/537.36 (KHTML, like Gecko) Mobile Safari/537.36 (compatible; PetalBot;+https://webmaster.petalsearch.com/site/petalbot)"
114.119.143.1 - - [25/Nov/2025:08:31:46 -0500] "GET /?MD&action=yith-woocompare-add-product&id=1077 HTTP/1.1" 200 549 "https://hc-cosmetics.com/?MD&action=yith-woocompare-add-product&id=993" "Mozilla/5.0 (Linux; Android 7.0;) AppleWebKit/537.36 (KHTML, like Gecko) Mobile Safari/537.36 (compatible; PetalBot;+https://webmaster.petalsearch.com/site/petalbot)"
8.217.162.124 - - [25/Nov/2025:08:38:00 -0500] "GET /wp-content/plugins/yith-woocommerce-quick-view/assets/css/yith-quick-view.css?ver=2.7.2 HTTP/1.1" 200 1870 "-" "AliyunSecBot/Aliyun ([email protected])"
162.0.217.77 - - [25/Nov/2025:08:38:35 -0500] "POST /wp-cron.php?doing_wp_cron=1764077915.5754580497741699218750 HTTP/1.1" 403 1242 "-" "WordPress/6.8.3; https://hc-cosmetics.com"
128.24.70.128 - - [25/Nov/2025:08:38:29 -0500] "POST /wp-login.php HTTP/1.1" 200 6934 "-" "Mozilla/5.0"
8.217.213.165 - - [25/Nov/2025:08:49:13 -0500] "GET /wp-content/plugins/newsletter/style.css?ver=9.0.4 HTTP/1.1" 200 1431 "-" "AliyunSecBot/Aliyun ([email protected])"
34.206.193.60 - - [25/Nov/2025:08:49:49 -0500] "GET /product/iron-hair-bursh/ HTTP/1.1" 200 549 "-" "Mozilla/5.0 AppleWebKit/537.36 (KHTML, like Gecko; compatible; Amazonbot/0.1; +https://developer.amazon.com/support/amazonbot) Chrome/119.0.6045.214 Safari/537.36"
8.217.183.237 - - [25/Nov/2025:08:50:41 -0500] "GET /wp-content/plugins/woocommerce/assets/css/photoswipe/photoswipe.min.css?ver=10.2.2 HTTP/1.1" 200 857 "-" "AliyunSecBot/Aliyun ([email protected])"
162.0.217.77 - - [25/Nov/2025:08:54:29 -0500] "POST /wp-cron.php?doing_wp_cron=1764078868.9394741058349609375000 HTTP/1.1" 403 1242 "-" "WordPress/6.8.3; https://hc-cosmetics.com"
128.24.70.128 - - [25/Nov/2025:08:54:22 -0500] "POST /wp-login.php HTTP/1.1" 200 6934 "-" "Mozilla/5.0"
66.249.87.173 - - [25/Nov/2025:08:56:21 -0500] "GET /product/nouvelle-mousse-strong-hold/ HTTP/1.1" 200 497 "-" "Mozilla/5.0 (X11; Linux x86_64) AppleWebKit/537.36 (KHTML, like Gecko) Chrome/141.0.7390.122 Safari/537.36"
8.217.152.218 - - [25/Nov/2025:09:03:03 -0500] "GET /product-tag/hair-serums/feed/ HTTP/1.1" 200 497 "-" "AliyunSecBot/Aliyun ([email protected])"
8.217.191.23 - - [25/Nov/2025:09:08:15 -0500] "GET /wp-content/plugins/yith-woocommerce-ajax-navigation/assets/css/frontend.css?ver=5.15.0 HTTP/1.1" 200 2080 "-" "AliyunSecBot/Aliyun ([email protected])"
162.0.217.77 - - [25/Nov/2025:09:10:28 -0500] "POST /wp-cron.php?doing_wp_cron=1764079828.1099851131439208984375 HTTP/1.1" 403 1242 "-" "WordPress/6.8.3; https://hc-cosmetics.com"
128.24.70.128 - - [25/Nov/2025:09:10:18 -0500] "POST /wp-login.php HTTP/1.1" 200 6934 "-" "Mozilla/5.0"
114.119.158.217 - - [25/Nov/2025:09:11:07 -0500] "GET /?ND&action=yith-woocompare-add-product&id=1004 HTTP/1.1" 200 549 "https://hc-cosmetics.com/?ND&action=yith-woocompare-add-product&id=6439" "Mozilla/5.0 (Linux; Android 7.0;) AppleWebKit/537.36 (KHTML, like Gecko) Mobile Safari/537.36 (compatible; PetalBot;+https://webmaster.petalsearch.com/site/petalbot)"
114.119.158.217 - - [25/Nov/2025:09:12:30 -0500] "GET /?NA&action=yith-woocompare-add-product&id=178 HTTP/1.1" 200 549 "https://hc-cosmetics.com/?NA&action=yith-woocompare-add-product&id=54" "Mozilla/5.0 (Linux; Android 7.0;) AppleWebKit/537.36 (KHTML, like Gecko) Mobile Safari/537.36 (compatible; PetalBot;+https://webmaster.petalsearch.com/site/petalbot)"
162.0.217.77 - - [25/Nov/2025:09:26:12 -0500] "POST /wp-cron.php?doing_wp_cron=1764080772.2697830200195312500000 HTTP/1.1" 403 1242 "-" "WordPress/6.8.3; https://hc-cosmetics.com"
128.24.70.128 - - [25/Nov/2025:09:26:07 -0500] "POST /wp-login.php HTTP/1.1" 200 6934 "-" "Mozilla/5.0"
114.119.147.237 - - [25/Nov/2025:09:28:39 -0500] "GET /shop/page/2/?action=yith-woocompare-add-product&id=1075 HTTP/1.1" 200 549 "https://hc-cosmetics.com/shop/page/2/?action=yith-woocompare-add-product&id=1070" "Mozilla/5.0 (Linux; Android 7.0;) AppleWebKit/537.36 (KHTML, like Gecko) Mobile Safari/537.36 (compatible; PetalBot;+https://webmaster.petalsearch.com/site/petalbot)"
114.119.152.207 - - [25/Nov/2025:09:30:03 -0500] "GET /product-tag/hair-gel/ HTTP/1.1" 200 549 "https://hc-cosmetics.com/product/nouvelle-strong-hold-gel/?action=yith-woocompare-add-product&id=989" "Mozilla/5.0 (Linux; Android 7.0;) AppleWebKit/537.36 (KHTML, like Gecko) Mobile Safari/537.36 (compatible; PetalBot;+https://webmaster.petalsearch.com/site/petalbot)"
114.119.155.94 - - [25/Nov/2025:09:31:25 -0500] "GET /?MD&action=yith-woocompare-add-product&id=185 HTTP/1.1" 200 549 "https://hc-cosmetics.com/?MD&action=yith-woocompare-add-product&id=186" "Mozilla/5.0 (Linux; Android 7.0;) AppleWebKit/537.36 (KHTML, like Gecko) Mobile Safari/537.36 (compatible; PetalBot;+https://webmaster.petalsearch.com/site/petalbot)"
162.0.217.77 - - [25/Nov/2025:09:33:05 -0500] "POST /wp-cron.php?doing_wp_cron=1764081185.8960919380187988281250 HTTP/1.1" 403 1242 "-" "WordPress/6.8.3; https://hc-cosmetics.com"
34.124.147.91 - - [25/Nov/2025:09:33:03 -0500] "POST /xmlrpc.php HTTP/1.1" 200 210 "-" "Mozilla/5.0 (Windows NT 10.0; Win64; x64; rv:86.0) Gecko/20100101 Firefox/86.0"
162.0.217.77 - - [25/Nov/2025:09:41:48 -0500] "POST /wp-cron.php?doing_wp_cron=1764081708.4800179004669189453125 HTTP/1.1" 403 1242 "-" "WordPress/6.8.3; https://hc-cosmetics.com"
128.24.70.128 - - [25/Nov/2025:09:41:41 -0500] "POST /wp-login.php HTTP/1.1" 200 6934 "-" "Mozilla/5.0"
85.208.96.193 - - [25/Nov/2025:09:45:52 -0500] "GET /robots.txt HTTP/1.1" 403 1242 "-" "Mozilla/5.0 (compatible; SemrushBot/7~bl; +http://www.semrush.com/bot.html)"
85.208.96.206 - - [25/Nov/2025:09:45:53 -0500] "GET /type/link/ HTTP/1.1" 403 1242 "-" "Mozilla/5.0 (compatible; SemrushBot/7~bl; +http://www.semrush.com/bot.html)"
79.137.65.139 - - [25/Nov/2025:09:47:51 -0500] "GET /robots.txt HTTP/1.1" 403 1242 "-" "Mozilla/5.0 (compatible; MJ12bot/v1.4.8; http://mj12bot.com/)"
114.119.130.253 - - [25/Nov/2025:09:56:09 -0500] "GET /robots.txt HTTP/1.1" 200 15 "-" "Mozilla/5.0 (compatible;PetalBot;+https://webmaster.petalsearch.com/site/petalbot)"
162.0.217.77 - - [25/Nov/2025:09:57:09 -0500] "POST /wp-cron.php?doing_wp_cron=1764082629.2255690097808837890625 HTTP/1.1" 403 1242 "-" "WordPress/6.8.3; https://hc-cosmetics.com"
128.24.70.128 - - [25/Nov/2025:09:57:04 -0500] "POST /wp-login.php HTTP/1.1" 200 6934 "-" "Mozilla/5.0"
114.119.159.243 - - [25/Nov/2025:09:58:25 -0500] "GET /shop/page/2?action=yith-woocompare-add-product&id=6420 HTTP/1.1" 200 549 "-" "Mozilla/5.0 (Linux; Android 7.0;) AppleWebKit/537.36 (KHTML, like Gecko) Mobile Safari/537.36 (compatible; PetalBot;+https://webmaster.petalsearch.com/site/petalbot)"
196.251.100.176 - - [25/Nov/2025:09:59:14 -0500] "GET /components/com_sexycontactform/fileupload/index.php?file=tf2rghf.jpg HTTP/1.1" 200 1010 "-" "ALittle Client"
114.119.148.94 - - [25/Nov/2025:09:59:15 -0500] "GET /robots.txt HTTP/1.1" 200 15 "-" "Mozilla/5.0 (compatible;PetalBot;+https://webmaster.petalsearch.com/site/petalbot)"
114.119.152.207 - - [25/Nov/2025:09:59:48 -0500] "GET /?action=yith-woocompare-add-product&id=6443 HTTP/1.1" 200 549 "https://hc-cosmetics.com?action=yith-woocompare-remove-product&id=6417" "Mozilla/5.0 (Linux; Android 7.0;) AppleWebKit/537.36 (KHTML, like Gecko) Mobile Safari/537.36 (compatible; PetalBot;+https://webmaster.petalsearch.com/site/petalbot)"
114.119.155.94 - - [25/Nov/2025:10:01:12 -0500] "GET /product-tag/hair-spray/ HTTP/1.1" 200 549 "https://hc-cosmetics.com/product/castledew-hair-spray/?action=yith-woocompare-add-product&id=1103" "Mozilla/5.0 (Linux; Android 7.0;) AppleWebKit/537.36 (KHTML, like Gecko) Mobile Safari/537.36 (compatible; PetalBot;+https://webmaster.petalsearch.com/site/petalbot)"
8.217.165.237 - - [25/Nov/2025:10:09:39 -0500] "GET /wp-content/plugins/newsletter/style.css?ver=9.0.4 HTTP/1.1" 200 1431 "-" "AliyunSecBot/Aliyun ([email protected])"
162.0.217.77 - - [25/Nov/2025:10:13:20 -0500] "POST /wp-cron.php?doing_wp_cron=1764083600.2642920017242431640625 HTTP/1.1" 403 1242 "-" "WordPress/6.8.3; https://hc-cosmetics.com"
128.24.70.128 - - [25/Nov/2025:10:13:15 -0500] "POST /wp-login.php HTTP/1.1" 200 6934 "-" "Mozilla/5.0"
114.119.158.217 - - [25/Nov/2025:10:17:40 -0500] "GET /product-tag/silky?action=yith-woocompare-add-product&id=6436 HTTP/1.1" 200 549 "-" "Mozilla/5.0 (Linux; Android 7.0;) AppleWebKit/537.36 (KHTML, like Gecko) Mobile Safari/537.36 (compatible; PetalBot;+https://webmaster.petalsearch.com/site/petalbot)"
114.119.159.243 - - [25/Nov/2025:10:19:06 -0500] "GET /product-tag/hair-care HTTP/1.1" 200 549 "-" "Mozilla/5.0 (Linux; Android 7.0;) AppleWebKit/537.36 (KHTML, like Gecko) Mobile Safari/537.36 (compatible; PetalBot;+https://webmaster.petalsearch.com/site/petalbot)"
114.119.138.226 - - [25/Nov/2025:10:20:30 -0500] "GET /?action=yith-woocompare-add-product&id=1073 HTTP/1.1" 200 549 "https://hc-cosmetics.com?action=yith-woocompare-remove-product&id=6420" "Mozilla/5.0 (Linux; Android 7.0;) AppleWebKit/537.36 (KHTML, like Gecko) Mobile Safari/537.36 (compatible; PetalBot;+https://webmaster.petalsearch.com/site/petalbot)"
8.217.211.82 - - [25/Nov/2025:10:27:44 -0500] "GET /wp-content/plugins/yith-woocommerce-ajax-navigation/assets/css/frontend.css?ver=5.15.0 HTTP/1.1" 200 2080 "-" "AliyunSecBot/Aliyun ([email protected])"
162.0.217.77 - - [25/Nov/2025:10:28:54 -0500] "POST /wp-cron.php?doing_wp_cron=1764084534.6347360610961914062500 HTTP/1.1" 403 1242 "-" "WordPress/6.8.3; https://hc-cosmetics.com"
128.24.70.128 - - [25/Nov/2025:10:28:50 -0500] "POST /wp-login.php HTTP/1.1" 200 6934 "-" "Mozilla/5.0"
114.119.158.217 - - [25/Nov/2025:10:33:41 -0500] "GET /?action=yith-woocompare-remove-product&id=6439 HTTP/1.1" 200 549 "https://hc-cosmetics.com/product/silky-feel-good-serum/?action=yith-woocompare-add-product&id=6439" "Mozilla/5.0 (Linux; Android 7.0;) AppleWebKit/537.36 (KHTML, like Gecko) Mobile Safari/537.36 (compatible; PetalBot;+https://webmaster.petalsearch.com/site/petalbot)"
114.119.147.237 - - [25/Nov/2025:10:34:20 -0500] "GET /shop?action=yith-woocompare-add-product&id=1099 HTTP/1.1" 200 549 "-" "Mozilla/5.0 (Linux; Android 7.0;) AppleWebKit/537.36 (KHTML, like Gecko) Mobile Safari/537.36 (compatible; PetalBot;+https://webmaster.petalsearch.com/site/petalbot)"
66.249.75.109 - - [25/Nov/2025:10:35:00 -0500] "GET /product/silky-crystal-serum/ HTTP/1.1" 200 497 "-" "Mozilla/5.0 (Linux; Android 6.0.1; Nexus 5X Build/MMB29P) AppleWebKit/537.36 (KHTML, like Gecko) Chrome/141.0.7390.122 Mobile Safari/537.36 (compatible; Googlebot/2.1; +http://www.google.com/bot.html)"
114.119.152.207 - - [25/Nov/2025:10:35:01 -0500] "GET /?action=yith-woocompare-remove-product&id=6439 HTTP/1.1" 200 549 "https://hc-cosmetics.com/product/silky-feel-good-serum/?action=yith-woocompare-add-product&id=6439" "Mozilla/5.0 (Linux; Android 7.0;) AppleWebKit/537.36 (KHTML, like Gecko) Mobile Safari/537.36 (compatible; PetalBot;+https://webmaster.petalsearch.com/site/petalbot)"
114.119.147.246 - - [25/Nov/2025:10:35:47 -0500] "GET /shop/?action=yith-woocompare-add-product&id=1107 HTTP/1.1" 200 549 "https://hc-cosmetics.com/shop/page/1/" "Mozilla/5.0 (Linux; Android 7.0;) AppleWebKit/537.36 (KHTML, like Gecko) Mobile Safari/537.36 (compatible; PetalBot;+https://webmaster.petalsearch.com/site/petalbot)"
114.119.143.1 - - [25/Nov/2025:10:37:07 -0500] "GET /product-tag/silky/?action=yith-woocompare-add-product&id=997 HTTP/1.1" 200 549 "https://hc-cosmetics.com/product-tag/silky/?action=yith-woocompare-add-product&id=6432" "Mozilla/5.0 (Linux; Android 7.0;) AppleWebKit/537.36 (KHTML, like Gecko) Mobile Safari/537.36 (compatible; PetalBot;+https://webmaster.petalsearch.com/site/petalbot)"
162.0.217.77 - - [25/Nov/2025:10:37:50 -0500] "POST /wp-cron.php?doing_wp_cron=1764085070.1351881027221679687500 HTTP/1.1" 403 1242 "-" "WordPress/6.8.3; https://hc-cosmetics.com"
5.189.168.141 - - [25/Nov/2025:10:37:45 -0500] "POST /xmlrpc.php HTTP/1.1" 200 210 "-" "Mozilla/5.0 (Windows NT 10.0; Win64; x64; rv:91.0) Gecko/20100101 Firefox/91.0"
114.119.143.1 - - [25/Nov/2025:10:38:33 -0500] "GET /?MD&action=yith-woocompare-add-product&id=53 HTTP/1.1" 200 549 "https://hc-cosmetics.com/?MD&action=yith-woocompare-add-product&id=186" "Mozilla/5.0 (Linux; Android 7.0;) AppleWebKit/537.36 (KHTML, like Gecko) Mobile Safari/537.36 (compatible; PetalBot;+https://webmaster.petalsearch.com/site/petalbot)"
158.94.210.13 - - [25/Nov/2025:10:38:52 -0500] "GET /inputs.php HTTP/1.1" 200 497 "-" "Mozilla/5.0 (Linux; Android 7.0; SM-G892A Build/NRD90M; wv) AppleWebKit/537.36 (KHTML, Gecko) Version/4.0 Chrome/60.0.3112.107 Mobile Safari/537.36"
158.94.210.13 - - [25/Nov/2025:10:38:53 -0500] "GET /as.php HTTP/1.1" 200 497 "-" "Mozilla/5.0 (Linux; Android 7.0; SM-G892A Build/NRD90M; wv) AppleWebKit/537.36 (KHTML, Gecko) Version/4.0 Chrome/60.0.3112.107 Mobile Safari/537.36"
158.94.210.13 - - [25/Nov/2025:10:38:53 -0500] "GET /acp.php HTTP/1.1" 200 497 "-" "Mozilla/5.0 (Linux; Android 7.0; SM-G892A Build/NRD90M; wv) AppleWebKit/537.36 (KHTML, Gecko) Version/4.0 Chrome/60.0.3112.107 Mobile Safari/537.36"
158.94.210.13 - - [25/Nov/2025:10:38:54 -0500] "GET /wp-content/plugins/boot/boot.php HTTP/1.1" 200 497 "-" "Mozilla/5.0 (Linux; Android 7.0; SM-G892A Build/NRD90M; wv) AppleWebKit/537.36 (KHTML, Gecko) Version/4.0 Chrome/60.0.3112.107 Mobile Safari/537.36"
158.94.210.13 - - [25/Nov/2025:10:38:54 -0500] "GET /wp-content/plugins/fix/up.php HTTP/1.1" 200 497 "-" "Mozilla/5.0 (Linux; Android 7.0; SM-G892A Build/NRD90M; wv) AppleWebKit/537.36 (KHTML, Gecko) Version/4.0 Chrome/60.0.3112.107 Mobile Safari/537.36"
158.94.210.13 - - [25/Nov/2025:10:38:54 -0500] "GET /wp-content/plugins/pwnd/pwnd.php HTTP/1.1" 200 497 "-" "Mozilla/5.0 (Linux; Android 7.0; SM-G892A Build/NRD90M; wv) AppleWebKit/537.36 (KHTML, Gecko) Version/4.0 Chrome/60.0.3112.107 Mobile Safari/537.36"
158.94.210.13 - - [25/Nov/2025:10:38:55 -0500] "GET /wp-content/plugins/pwnd-1/pwnd.php HTTP/1.1" 200 497 "-" "Mozilla/5.0 (Linux; Android 7.0; SM-G892A Build/NRD90M; wv) AppleWebKit/537.36 (KHTML, Gecko) Version/4.0 Chrome/60.0.3112.107 Mobile Safari/537.36"
158.94.210.13 - - [25/Nov/2025:10:38:55 -0500] "GET /wp-content/index.php HTTP/1.1" 200 0 "-" "Mozilla/5.0 (Linux; Android 7.0; SM-G892A Build/NRD90M; wv) AppleWebKit/537.36 (KHTML, Gecko) Version/4.0 Chrome/60.0.3112.107 Mobile Safari/537.36"
114.119.138.226 - - [25/Nov/2025:10:39:56 -0500] "GET /product-category/eye-shadow?action=yith-woocompare-add-product&id=45 HTTP/1.1" 200 549 "-" "Mozilla/5.0 (Linux; Android 7.0;) AppleWebKit/537.36 (KHTML, like Gecko) Mobile Safari/537.36 (compatible; PetalBot;+https://webmaster.petalsearch.com/site/petalbot)"
114.119.159.243 - - [25/Nov/2025:10:41:18 -0500] "GET /?action=yith-woocompare-add-product&id=55 HTTP/1.1" 200 549 "https://hc-cosmetics.com/?SA&action=yith-woocompare-add-product&id=6445" "Mozilla/5.0 (Linux; Android 7.0;) AppleWebKit/537.36 (KHTML, like Gecko) Mobile Safari/537.36 (compatible; PetalBot;+https://webmaster.petalsearch.com/site/petalbot)"
104.244.75.37 - - [25/Nov/2025:10:41:47 -0500] "GET /wp-login.php HTTP/1.1" 200 2196 "-" "Mozilla/5.0 (Windows NT 6.1; WOW64) AppleWebKit/537.36 (KHTML, like Gecko) Chrome/36.0.1985.125 Safari/537.36"
162.0.217.77 - - [25/Nov/2025:10:45:04 -0500] "POST /wp-cron.php?doing_wp_cron=1764085504.3275139331817626953125 HTTP/1.1" 403 1242 "-" "WordPress/6.8.3; https://hc-cosmetics.com"
128.24.70.128 - - [25/Nov/2025:10:45:00 -0500] "POST /wp-login.php HTTP/1.1" 200 6934 "-" "Mozilla/5.0"
104.244.75.37 - - [25/Nov/2025:10:46:52 -0500] "GET /wp-login.php HTTP/1.1" 200 2196 "-" "Mozilla/5.0 (Windows NT 6.1; WOW64) AppleWebKit/537.36 (KHTML, like Gecko) Chrome/36.0.1985.125 Safari/537.36"
114.119.143.1 - - [25/Nov/2025:10:50:53 -0500] "GET /?SD&action=yith-woocompare-add-product&id=6441 HTTP/1.1" 200 549 "https://hc-cosmetics.com/?SD&action=yith-woocompare-add-product&id=6447" "Mozilla/5.0 (Linux; Android 7.0;) AppleWebKit/537.36 (KHTML, like Gecko) Mobile Safari/537.36 (compatible; PetalBot;+https://webmaster.petalsearch.com/site/petalbot)"
3.94.40.182 - - [25/Nov/2025:10:52:18 -0500] "GET /product-category/makeup/ HTTP/1.1" 200 549 "-" "Mozilla/5.0 AppleWebKit/537.36 (KHTML, like Gecko; compatible; Amazonbot/0.1; +https://developer.amazon.com/support/amazonbot) Chrome/119.0.6045.214 Safari/537.36"
43.157.46.118 - - [25/Nov/2025:10:55:41 -0500] "GET / HTTP/1.1" 200 549 "http://hc-cosmetics.com" "Mozilla/5.0 (iPhone; CPU iPhone OS 13_2_3 like Mac OS X) AppleWebKit/605.1.15 (KHTML, like Gecko) Version/13.0.3 Mobile/15E148 Safari/604.1"
162.19.145.34 - - [25/Nov/2025:10:56:02 -0500] "GET /product/silky-crystal-serum/?add-to-cart=993&action=yith-woocompare-add-product&id=989&_wpnonce=668ed96b0d HTTP/1.1" 200 549 "-" "Mozilla/5.0 (Macintosh; Intel Mac OS X 10_6_8) AppleWebKit/537.13+ (KHTML, like Gecko) Version/5.1.7 Safari/534.57.2"
162.19.145.34 - - [25/Nov/2025:10:56:02 -0500] "GET /product/silky-crystal-serum/?_wpnonce=668ed96b0d%27&action=yith-woocompare-add-product&add-to-cart=993&id=989 HTTP/1.1" 200 549 "-" "Mozilla/5.0 (Windows NT 6.0) AppleWebKit/537.36 (KHTML, like Gecko) Chrome/45.0.2454.93 Safari/537.36"
162.19.145.34 - - [25/Nov/2025:10:56:02 -0500] "GET /product/silky-crystal-serum/?_wpnonce=668ed96b0d&action=yith-woocompare-add-product&add-to-cart=993%27&id=989 HTTP/1.1" 200 549 "-" "Mozilla/5.0 (Macintosh; Intel Mac OS X 10.6; rv:2.0b6pre) Gecko/20100907 Firefox/4.0b6pre Camino/2.2a1pre"
162.19.145.34 - - [25/Nov/2025:10:56:02 -0500] "GET /product/silky-crystal-serum/?_wpnonce=668ed96b0d&action=yith-woocompare-add-product%27&add-to-cart=993&id=989 HTTP/1.1" 200 549 "-" "Mozilla/5.0 (Windows NT 10.0; Win64; x64) AppleWebKit/537.36 (KHTML, like Gecko) Chrome/91.0.4472.77 Safari/537.36"
162.19.145.34 - - [25/Nov/2025:10:56:02 -0500] "GET /product/silky-crystal-serum/?_wpnonce=668ed96b0d&action=yith-woocompare-add-product&add-to-cart=993&id=989%27 HTTP/1.1" 200 549 "-" "Mozilla/5.0 (Windows NT 10.0; Win64; x64) AppleWebKit/537.36 (KHTML, like Gecko) Chrome/91.0.4472.77 Safari/537.36"
162.0.217.77 - - [25/Nov/2025:11:01:25 -0500] "POST /wp-cron.php?doing_wp_cron=1764086485.9589629173278808593750 HTTP/1.1" 403 1242 "-" "WordPress/6.8.3; https://hc-cosmetics.com"
128.24.70.128 - - [25/Nov/2025:11:01:18 -0500] "POST /wp-login.php HTTP/1.1" 200 6933 "-" "Mozilla/5.0"
23.137.105.102 - - [25/Nov/2025:11:07:26 -0500] "GET /wp-admin/setup-config.php HTTP/1.1" 409 2665 "-" "Mozilla/5.0 (Windows NT 10.0; Win64; x64)"
4.206.153.235 - - [25/Nov/2025:11:08:17 -0500] "GET /wp-content/plugins/hellopress/wp_filemanager.php HTTP/1.1" 200 1010 "-" "-"
4.206.153.235 - - [25/Nov/2025:11:08:17 -0500] "GET /wp-includes/rest-api/alfa-rex.php7 HTTP/1.1" 200 1010 "-" "-"
4.206.153.235 - - [25/Nov/2025:11:08:17 -0500] "GET /wp-admin/css/about.php HTTP/1.1" 200 1010 "-" "-"
4.206.153.235 - - [25/Nov/2025:11:08:17 -0500] "GET /wp-admin/css/colors/coffee/about.php HTTP/1.1" 200 1010 "-" "-"
4.206.153.235 - - [25/Nov/2025:11:08:18 -0500] "GET /wp-includes/SimplePie/network.php HTTP/1.1" 200 1010 "-" "-"
4.206.153.235 - - [25/Nov/2025:11:08:18 -0500] "GET /wp-includes/theme-compat/chosen.php HTTP/1.1" 200 1010 "-" "-"
4.206.153.235 - - [25/Nov/2025:11:08:18 -0500] "GET /widgets.php HTTP/1.1" 200 1010 "-" "-"
4.206.153.235 - - [25/Nov/2025:11:08:18 -0500] "GET /b.php HTTP/1.1" 200 1010 "-" "-"
4.206.153.235 - - [25/Nov/2025:11:08:19 -0500] "GET /adds.php HTTP/1.1" 200 1010 "-" "-"
4.206.153.235 - - [25/Nov/2025:11:08:19 -0500] "GET /wp-includes/PHPMailer/admin.php HTTP/1.1" 200 1010 "-" "-"
4.206.153.235 - - [25/Nov/2025:11:08:19 -0500] "GET /admin.php HTTP/1.1" 200 1010 "-" "-"
4.206.153.235 - - [25/Nov/2025:11:08:19 -0500] "GET /autoload_classmap.php HTTP/1.1" 200 1010 "-" "-"
162.0.217.77 - - [25/Nov/2025:11:08:20 -0500] "POST /wp-cron.php?doing_wp_cron=1764086900.1718990802764892578125 HTTP/1.1" 403 1242 "-" "WordPress/6.8.3; https://hc-cosmetics.com"
4.206.153.235 - - [25/Nov/2025:11:08:20 -0500] "GET /wp-activate.php HTTP/1.1" 302 0 "-" "-"
162.0.217.77 - - [25/Nov/2025:11:08:23 -0500] "POST /wp-cron.php?doing_wp_cron=1764086903.2962560653686523437500 HTTP/1.1" 403 1242 "-" "WordPress/6.8.3; https://hc-cosmetics.com"
4.206.153.235 - - [25/Nov/2025:11:08:20 -0500] "GET /wp-login.php?action=register HTTP/1.1" 302 0 "-" "-"
4.206.153.235 - - [25/Nov/2025:11:08:23 -0500] "GET /wp-login.php?registration=disabled HTTP/1.1" 200 6928 "-" "-"
4.206.153.235 - - [25/Nov/2025:11:08:23 -0500] "GET /wp-content/themes/astra/inc/ki1k.php HTTP/1.1" 200 1010 "-" "-"
4.206.153.235 - - [25/Nov/2025:11:08:24 -0500] "GET /default.php HTTP/1.1" 200 1010 "-" "-"
4.206.153.235 - - [25/Nov/2025:11:08:24 -0500] "GET /db.php HTTP/1.1" 200 1010 "-" "-"
4.206.153.235 - - [25/Nov/2025:11:08:24 -0500] "GET /gecko.php HTTP/1.1" 200 1010 "-" "-"
4.206.153.235 - - [25/Nov/2025:11:08:24 -0500] "GET /abe.php HTTP/1.1" 200 1010 "-" "-"
4.206.153.235 - - [25/Nov/2025:11:08:25 -0500] "GET /bs1.php HTTP/1.1" 200 1010 "-" "-"
4.206.153.235 - - [25/Nov/2025:11:08:25 -0500] "GET /content.php HTTP/1.1" 200 1010 "-" "-"
4.206.153.235 - - [25/Nov/2025:11:08:25 -0500] "GET /cc.php HTTP/1.1" 200 1010 "-" "-"
4.206.153.235 - - [25/Nov/2025:11:08:25 -0500] "GET /wp-cron.php HTTP/1.1" 403 1242 "-" "-"
4.206.153.235 - - [25/Nov/2025:11:08:26 -0500] "GET /css.php HTTP/1.1" 200 1010 "-" "-"
4.206.153.235 - - [25/Nov/2025:11:08:26 -0500] "GET /cloud.php HTTP/1.1" 200 1010 "-" "-"
4.206.153.235 - - [25/Nov/2025:11:08:26 -0500] "GET /bless.php HTTP/1.1" 200 1010 "-" "-"
4.206.153.235 - - [25/Nov/2025:11:08:26 -0500] "GET /radio.php HTTP/1.1" 200 1010 "-" "-"
4.206.153.235 - - [25/Nov/2025:11:08:27 -0500] "GET /cong.php HTTP/1.1" 200 1010 "-" "-"
4.206.153.235 - - [25/Nov/2025:11:08:27 -0500] "GET /bak.php HTTP/1.1" 200 1010 "-" "-"
4.206.153.235 - - [25/Nov/2025:11:08:27 -0500] "GET /wp-trackback.php HTTP/1.1" 404 135 "-" "-"
4.206.153.235 - - [25/Nov/2025:11:08:28 -0500] "GET /text.php HTTP/1.1" 200 1010 "-" "-"
4.206.153.235 - - [25/Nov/2025:11:08:28 -0500] "GET /as.php HTTP/1.1" 200 1010 "-" "-"
4.206.153.235 - - [25/Nov/2025:11:08:28 -0500] "GET /404.php HTTP/1.1" 200 1010 "-" "-"
4.206.153.235 - - [25/Nov/2025:11:08:28 -0500] "GET /link.php HTTP/1.1" 200 1010 "-" "-"
4.206.153.235 - - [25/Nov/2025:11:08:29 -0500] "GET /makeasmtp.php HTTP/1.1" 200 1010 "-" "-"
162.0.217.77 - - [25/Nov/2025:11:08:30 -0500] "POST /wp-admin/admin-ajax.php?action=as_async_request_queue_runner&nonce=1124b0857f HTTP/1.1" 200 0 "-" "WordPress/6.8.3; https://hc-cosmetics.com"
4.206.153.235 - - [25/Nov/2025:11:08:29 -0500] "GET /wp-admin/network/plugins.php HTTP/1.1" 302 0 "-" "-"
4.206.153.235 - - [25/Nov/2025:11:08:31 -0500] "GET /wp-login.php?redirect_to=https%3A%2F%2Fhc-cosmetics.com%2Fwp-admin%2Fnetwork%2Fplugins.php&reauth=1 HTTP/1.1" 200 6755 "-" "-"
4.206.153.235 - - [25/Nov/2025:11:08:31 -0500] "GET /file.php HTTP/1.1" 200 1010 "-" "-"
4.206.153.235 - - [25/Nov/2025:11:08:32 -0500] "GET /test.php HTTP/1.1" 200 1010 "-" "-"
4.206.153.235 - - [25/Nov/2025:11:08:32 -0500] "GET /chosen.php HTTP/1.1" 200 1010 "-" "-"
4.206.153.235 - - [25/Nov/2025:11:08:32 -0500] "GET /files/css_compare.php HTTP/1.1" 200 1010 "-" "-"
4.206.153.235 - - [25/Nov/2025:11:08:33 -0500] "GET /wp.php HTTP/1.1" 200 1010 "-" "-"
4.206.153.235 - - [25/Nov/2025:11:08:33 -0500] "GET /uana.php HTTP/1.1" 200 1010 "-" "-"
4.206.153.235 - - [25/Nov/2025:11:08:33 -0500] "GET /duck.php HTTP/1.1" 200 1010 "-" "-"
4.206.153.235 - - [25/Nov/2025:11:08:33 -0500] "GET /lock360.php HTTP/1.1" 200 1010 "-" "-"
4.206.153.235 - - [25/Nov/2025:11:08:34 -0500] "GET /a.php HTTP/1.1" 200 1010 "-" "-"
4.206.153.235 - - [25/Nov/2025:11:08:34 -0500] "GET /api.php HTTP/1.1" 200 1010 "-" "-"
4.206.153.235 - - [25/Nov/2025:11:08:34 -0500] "GET /inc.php HTTP/1.1" 200 1010 "-" "-"
4.206.153.235 - - [25/Nov/2025:11:08:34 -0500] "GET /siteheads.php HTTP/1.1" 200 1010 "-" "-"
4.206.153.235 - - [25/Nov/2025:11:08:35 -0500] "GET /atomlib.php HTTP/1.1" 200 1010 "-" "-"
4.206.153.235 - - [25/Nov/2025:11:08:35 -0500] "GET /adminfuns.php HTTP/1.1" 200 1010 "-" "-"
4.206.153.235 - - [25/Nov/2025:11:08:35 -0500] "GET /ioxi-rex4.php7 HTTP/1.1" 200 1010 "-" "-"
4.206.153.235 - - [25/Nov/2025:11:08:35 -0500] "GET /moon.php HTTP/1.1" 200 1010 "-" "-"
4.206.153.235 - - [25/Nov/2025:11:08:36 -0500] "GET /wp-info.php HTTP/1.1" 200 1010 "-" "-"
4.206.153.235 - - [25/Nov/2025:11:08:36 -0500] "GET /warm.PhP7 HTTP/1.1" 200 1010 "-" "-"
4.206.153.235 - - [25/Nov/2025:11:08:36 -0500] "GET /ws.php7 HTTP/1.1" 200 1010 "-" "-"
4.206.153.235 - - [25/Nov/2025:11:08:36 -0500] "GET /rss.php HTTP/1.1" 200 1010 "-" "-"
4.206.153.235 - - [25/Nov/2025:11:08:37 -0500] "GET /pekok.php HTTP/1.1" 200 1010 "-" "-"
4.206.153.235 - - [25/Nov/2025:11:08:37 -0500] "GET /elp.php HTTP/1.1" 200 1010 "-" "-"
4.206.153.235 - - [25/Nov/2025:11:08:37 -0500] "GET /wp-aa.php HTTP/1.1" 200 1010 "-" "-"
4.206.153.235 - - [25/Nov/2025:11:08:38 -0500] "GET /cart.php HTTP/1.1" 200 1010 "-" "-"
4.206.153.235 - - [25/Nov/2025:11:08:38 -0500] "GET /categories.php HTTP/1.1" 200 1010 "-" "-"
4.206.153.235 - - [25/Nov/2025:11:08:38 -0500] "GET /compare.php HTTP/1.1" 200 1010 "-" "-"
4.206.153.235 - - [25/Nov/2025:11:08:38 -0500] "GET /refund.php HTTP/1.1" 200 1010 "-" "-"
4.206.153.235 - - [25/Nov/2025:11:08:38 -0500] "GET /shop.php HTTP/1.1" 200 1010 "-" "-"
4.206.153.235 - - [25/Nov/2025:11:08:39 -0500] "GET /wishlist.php HTTP/1.1" 200 1010 "-" "-"
4.206.153.235 - - [25/Nov/2025:11:08:39 -0500] "GET /results.php HTTP/1.1" 200 1010 "-" "-"
4.206.153.235 - - [25/Nov/2025:11:08:39 -0500] "GET /api.php HTTP/1.1" 200 1010 "-" "-"
4.206.153.235 - - [25/Nov/2025:11:08:39 -0500] "GET /222.php?p= HTTP/1.1" 200 1010 "-" "-"
4.206.153.235 - - [25/Nov/2025:11:08:40 -0500] "GET /atom.php HTTP/1.1" 200 1010 "-" "-"
4.206.153.235 - - [25/Nov/2025:11:08:40 -0500] "GET /case.php HTTP/1.1" 200 1010 "-" "-"
4.206.153.235 - - [25/Nov/2025:11:08:40 -0500] "GET /docs.php HTTP/1.1" 200 1010 "-" "-"
4.206.153.235 - - [25/Nov/2025:11:08:40 -0500] "GET /ios.php HTTP/1.1" 200 1010 "-" "-"
4.206.153.235 - - [25/Nov/2025:11:08:41 -0500] "GET /click.php HTTP/1.1" 200 1010 "-" "-"
4.206.153.235 - - [25/Nov/2025:11:08:41 -0500] "GET /lv.php HTTP/1.1" 200 1010 "-" "-"
4.206.153.235 - - [25/Nov/2025:11:08:41 -0500] "GET /inputs.php HTTP/1.1" 200 1010 "-" "-"
4.206.153.235 - - [25/Nov/2025:11:08:42 -0500] "GET /alfa.php HTTP/1.1" 200 1010 "-" "-"
4.206.153.235 - - [25/Nov/2025:11:08:42 -0500] "GET /byp.php HTTP/1.1" 200 1010 "-" "-"
4.206.153.235 - - [25/Nov/2025:11:08:42 -0500] "GET /goat1.php HTTP/1.1" 200 1010 "-" "-"
4.206.153.235 - - [25/Nov/2025:11:08:42 -0500] "GET /f.php HTTP/1.1" 200 1010 "-" "-"
4.206.153.235 - - [25/Nov/2025:11:08:43 -0500] "GET /max.php HTTP/1.1" 200 1010 "-" "-"
4.206.153.235 - - [25/Nov/2025:11:08:43 -0500] "GET /m.php HTTP/1.1" 200 1010 "-" "-"
4.206.153.235 - - [25/Nov/2025:11:08:43 -0500] "GET /as.php HTTP/1.1" 200 1010 "-" "-"
4.206.153.235 - - [25/Nov/2025:11:08:44 -0500] "GET /v.php HTTP/1.1" 200 1010 "-" "-"
4.206.153.235 - - [25/Nov/2025:11:08:44 -0500] "GET /bless.php HTTP/1.1" 200 1010 "-" "-"
4.206.153.235 - - [25/Nov/2025:11:08:44 -0500] "GET /vv.php HTTP/1.1" 200 1010 "-" "-"
4.206.153.235 - - [25/Nov/2025:11:08:44 -0500] "GET /0.php HTTP/1.1" 200 1010 "-" "-"
4.206.153.235 - - [25/Nov/2025:11:08:45 -0500] "GET /jp.php HTTP/1.1" 200 1010 "-" "-"
4.206.153.235 - - [25/Nov/2025:11:08:45 -0500] "GET /2.php HTTP/1.1" 200 1010 "-" "-"
4.206.153.235 - - [25/Nov/2025:11:08:45 -0500] "GET /goods.php HTTP/1.1" 200 1010 "-" "-"
4.206.153.235 - - [25/Nov/2025:11:08:45 -0500] "GET /manager.php?p= HTTP/1.1" 200 1010 "-" "-"
4.206.153.235 - - [25/Nov/2025:11:08:45 -0500] "GET /new.php HTTP/1.1" 200 1010 "-" "-"
4.206.153.235 - - [25/Nov/2025:11:08:46 -0500] "GET /info.php HTTP/1.1" 200 1010 "-" "-"
4.206.153.235 - - [25/Nov/2025:11:08:46 -0500] "GET /doc.php HTTP/1.1" 200 1010 "-" "-"
4.206.153.235 - - [25/Nov/2025:11:08:46 -0500] "GET /go.php HTTP/1.1" 200 1010 "-" "-"
4.206.153.235 - - [25/Nov/2025:11:08:46 -0500] "GET /el.php HTTP/1.1" 200 1010 "-" "-"
4.206.153.235 - - [25/Nov/2025:11:08:47 -0500] "GET /mail.php HTTP/1.1" 200 1010 "-" "-"
4.206.153.235 - - [25/Nov/2025:11:08:47 -0500] "GET /11.php HTTP/1.1" 200 1010 "-" "-"
4.206.153.235 - - [25/Nov/2025:11:08:47 -0500] "GET /conflg.php?p= HTTP/1.1" 200 1010 "-" "-"
4.206.153.235 - - [25/Nov/2025:11:08:48 -0500] "GET /xmrlpc.php?p= HTTP/1.1" 200 1010 "-" "-"
54.37.252.118 - - [25/Nov/2025:11:09:16 -0500] "GET /robots.txt HTTP/1.1" 403 1242 "-" "Mozilla/5.0 (compatible; MJ12bot/v1.4.8; http://mj12bot.com/)"
114.119.159.243 - - [25/Nov/2025:11:15:00 -0500] "GET /product-tag/hair-spray/?action=yith-woocompare-add-product&id=1125 HTTP/1.1" 200 549 "https://hc-cosmetics.com/product-tag/hair-spray/?action=yith-woocompare-add-product&id=1091" "Mozilla/5.0 (Linux; Android 7.0;) AppleWebKit/537.36 (KHTML, like Gecko) Mobile Safari/537.36 (compatible; PetalBot;+https://webmaster.petalsearch.com/site/petalbot)"
162.0.217.77 - - [25/Nov/2025:11:17:06 -0500] "POST /wp-cron.php?doing_wp_cron=1764087426.7526030540466308593750 HTTP/1.1" 403 1242 "-" "WordPress/6.8.3; https://hc-cosmetics.com"
128.24.70.128 - - [25/Nov/2025:11:17:04 -0500] "POST /wp-login.php HTTP/1.1" 200 6933 "-" "Mozilla/5.0"
57.141.6.7 - - [25/Nov/2025:11:17:11 -0500] "GET /product-tag/hair-care/?_wpnonce=15d48be8a1&add-to-cart=1004&action=yith-woocompare-add-product&id=1103 HTTP/1.1" 200 1010 "-" "meta-externalagent/1.1 (+https://developers.facebook.com/docs/sharing/webmasters/crawler)"
57.141.6.18 - - [25/Nov/2025:11:18:00 -0500] "GET /product-tag/hair-care/?_wpnonce=395a7cfbed&add-to-cart=1068&action=yith-woocompare-add-product&id=1091 HTTP/1.1" 200 1010 "-" "meta-externalagent/1.1 (+https://developers.facebook.com/docs/sharing/webmasters/crawler)"
114.119.158.217 - - [25/Nov/2025:11:18:19 -0500] "GET /product-category/lipsticks/?action=yith-woocompare-add-product&id=41 HTTP/1.1" 200 549 "https://hc-cosmetics.com/product-category/lipsticks/?action=yith-woocompare-add-product&id=45" "Mozilla/5.0 (Linux; Android 7.0;) AppleWebKit/537.36 (KHTML, like Gecko) Mobile Safari/537.36 (compatible; PetalBot;+https://webmaster.petalsearch.com/site/petalbot)"
114.119.159.243 - - [25/Nov/2025:11:19:42 -0500] "GET /?SD&action=yith-woocompare-add-product&id=1070 HTTP/1.1" 200 549 "https://hc-cosmetics.com/?SD&action=yith-woocompare-add-product&id=1107" "Mozilla/5.0 (Linux; Android 7.0;) AppleWebKit/537.36 (KHTML, like Gecko) Mobile Safari/537.36 (compatible; PetalBot;+https://webmaster.petalsearch.com/site/petalbot)"
185.204.218.140 - - [25/Nov/2025:11:25:00 -0500] "GET /page.php?cat=10' HTTP/1.1" 200 1010 "-" "-"
107.189.10.79 - - [25/Nov/2025:11:28:00 -0500] "GET /wp-login.php HTTP/1.1" 200 6736 "-" "Mozilla/5.0 (Macintosh; Intel Mac OS X 10_8_5) AppleWebKit/537.77.4 (KHTML, like Gecko) Version/6.1.5 Safari/537.77.4"
162.0.217.77 - - [25/Nov/2025:11:28:07 -0500] "POST /wp-cron.php?doing_wp_cron=1764088087.0762500762939453125000 HTTP/1.1" 403 1242 "-" "WordPress/6.8.3; https://hc-cosmetics.com"
107.189.10.79 - - [25/Nov/2025:11:28:00 -0500] "POST /wp-login.php HTTP/1.1" 200 6992 "-" "Mozilla/5.0 (Macintosh; Intel Mac OS X 10_8_5) AppleWebKit/537.77.4 (KHTML, like Gecko) Version/6.1.5 Safari/537.77.4"
114.119.159.243 - - [25/Nov/2025:11:29:05 -0500] "GET /?action=yith-woocompare-remove-product&id=1125 HTTP/1.1" 200 549 "https://hc-cosmetics.com?action=yith-woocompare-view-table&iframe=yes" "Mozilla/5.0 (Linux; Android 7.0;) AppleWebKit/537.36 (KHTML, like Gecko) Mobile Safari/537.36 (compatible; PetalBot;+https://webmaster.petalsearch.com/site/petalbot)"
162.0.217.77 - - [25/Nov/2025:11:33:10 -0500] "POST /wp-cron.php?doing_wp_cron=1764088390.6043078899383544921875 HTTP/1.1" 403 1242 "-" "WordPress/6.8.3; https://hc-cosmetics.com"
128.24.70.128 - - [25/Nov/2025:11:33:06 -0500] "POST /wp-login.php HTTP/1.1" 200 6933 "-" "Mozilla/5.0"
114.119.155.94 - - [25/Nov/2025:11:34:53 -0500] "GET /product/silky-trivix-ampule-hair-loss-treatment HTTP/1.1" 200 549 "-" "Mozilla/5.0 (Linux; Android 7.0;) AppleWebKit/537.36 (KHTML, like Gecko) Mobile Safari/537.36 (compatible; PetalBot;+https://webmaster.petalsearch.com/site/petalbot)"
114.119.138.226 - - [25/Nov/2025:11:36:19 -0500] "GET /product-tag/butterfly?action=yith-woocompare-add-product&id=1091 HTTP/1.1" 200 549 "-" "Mozilla/5.0 (Linux; Android 7.0;) AppleWebKit/537.36 (KHTML, like Gecko) Mobile Safari/537.36 (compatible; PetalBot;+https://webmaster.petalsearch.com/site/petalbot)"
114.119.147.246 - - [25/Nov/2025:11:37:41 -0500] "GET /product-category/skincare/ HTTP/1.1" 200 549 "https://hc-cosmetics.com/product-category/skincare/face-skincare/" "Mozilla/5.0 (Linux; Android 7.0;) AppleWebKit/537.36 (KHTML, like Gecko) Mobile Safari/537.36 (compatible; PetalBot;+https://webmaster.petalsearch.com/site/petalbot)"
114.119.159.243 - - [25/Nov/2025:11:39:04 -0500] "GET /shop/?action=yith-woocompare-add-product&id=186 HTTP/1.1" 200 549 "https://hc-cosmetics.com/shop/?action=yith-woocompare-add-product&id=6434" "Mozilla/5.0 (Linux; Android 7.0;) AppleWebKit/537.36 (KHTML, like Gecko) Mobile Safari/537.36 (compatible; PetalBot;+https://webmaster.petalsearch.com/site/petalbot)"
114.119.147.237 - - [25/Nov/2025:11:40:29 -0500] "GET /product-category/hair-care/page/2/?action=yith-woocompare-add-product&id=989 HTTP/1.1" 200 549 "https://hc-cosmetics.com/product-category/hair-care/page/2/?action=yith-woocompare-add-product&id=1080" "Mozilla/5.0 (Linux; Android 7.0;) AppleWebKit/537.36 (KHTML, like Gecko) Mobile Safari/537.36 (compatible; PetalBot;+https://webmaster.petalsearch.com/site/petalbot)"
114.119.138.226 - - [25/Nov/2025:11:41:50 -0500] "GET /?SD&action=yith-woocompare-add-product&id=182 HTTP/1.1" 200 549 "https://hc-cosmetics.com/?SD" "Mozilla/5.0 (Linux; Android 7.0;) AppleWebKit/537.36 (KHTML, like Gecko) Mobile Safari/537.36 (compatible; PetalBot;+https://webmaster.petalsearch.com/site/petalbot)"
162.0.217.77 - - [25/Nov/2025:11:44:12 -0500] "POST /wp-cron.php?doing_wp_cron=1764089052.6140758991241455078125 HTTP/1.1" 403 1242 "-" "WordPress/6.8.3; https://hc-cosmetics.com"
156.67.105.115 - - [25/Nov/2025:11:44:03 -0500] "POST /xmlrpc.php HTTP/1.1" 200 210 "-" "Mozilla/5.0 (Windows NT 10.0; Win64; x64; rv:73.0) Gecko/20100101 Firefox/73.0"
114.119.147.237 - - [25/Nov/2025:11:49:06 -0500] "GET /product-tag/hair-serums HTTP/1.1" 200 549 "-" "Mozilla/5.0 (Linux; Android 7.0;) AppleWebKit/537.36 (KHTML, like Gecko) Mobile Safari/537.36 (compatible; PetalBot;+https://webmaster.petalsearch.com/site/petalbot)"
162.0.217.77 - - [25/Nov/2025:11:49:25 -0500] "POST /wp-cron.php?doing_wp_cron=1764089365.8091249465942382812500 HTTP/1.1" 403 1242 "-" "WordPress/6.8.3; https://hc-cosmetics.com"
128.24.70.128 - - [25/Nov/2025:11:49:17 -0500] "POST /wp-login.php HTTP/1.1" 200 6933 "-" "Mozilla/5.0"
114.119.155.94 - - [25/Nov/2025:11:50:28 -0500] "GET /product-tag/hair-conditioners?action=yith-woocompare-add-product&id=1070 HTTP/1.1" 200 549 "-" "Mozilla/5.0 (Linux; Android 7.0;) AppleWebKit/537.36 (KHTML, like Gecko) Mobile Safari/537.36 (compatible; PetalBot;+https://webmaster.petalsearch.com/site/petalbot)"
114.119.147.237 - - [25/Nov/2025:11:51:52 -0500] "GET /?action=yith-woocompare-add-product&id=186 HTTP/1.1" 200 549 "https://hc-cosmetics.com/?action=yith-woocompare-add-product&id=182" "Mozilla/5.0 (Linux; Android 7.0;) AppleWebKit/537.36 (KHTML, like Gecko) Mobile Safari/537.36 (compatible; PetalBot;+https://webmaster.petalsearch.com/site/petalbot)"
114.119.147.246 - - [25/Nov/2025:11:53:15 -0500] "GET /?action=yith-woocompare-add-product&id=1121 HTTP/1.1" 200 549 "https://hc-cosmetics.com?action=yith-woocompare-remove-product&id=6420" "Mozilla/5.0 (Linux; Android 7.0;) AppleWebKit/537.36 (KHTML, like Gecko) Mobile Safari/537.36 (compatible; PetalBot;+https://webmaster.petalsearch.com/site/petalbot)"
52.3.102.51 - - [25/Nov/2025:11:54:31 -0500] "GET /product-category/hair-care/hair-spray/ HTTP/1.1" 200 549 "-" "Mozilla/5.0 AppleWebKit/537.36 (KHTML, like Gecko; compatible; Amazonbot/0.1; +https://developer.amazon.com/support/amazonbot) Chrome/119.0.6045.214 Safari/537.36"
