74.176.51.199 - - [25/Nov/2025:03:33:36 -0500] "GET /wp-includes/html-api/ HTTP/1.1" 403 1242 "https://duckduckgo.com/" "Mozilla/5.0 (Linux; Android 12; V2134) AppleWebKit/537.36 (KHTML, like Gecko) Chrome/116.0.0.0 Mobile Safari/537.36"
74.176.51.199 - - [25/Nov/2025:03:33:36 -0500] "GET /wp-includes/php-compat/ HTTP/1.1" 403 1242 "https://www.google.com/" "Mozilla/5.0 (Linux; Android 13; SM-G991U) AppleWebKit/537.36 (KHTML, like Gecko) Chrome/117.0.0.0 Mobile Safari/537.36"
74.176.51.199 - - [25/Nov/2025:03:33:37 -0500] "GET /wp-includes/PHPMailer/ HTTP/1.1" 403 1242 "https://www.google.de/" "Mozilla/5.0 (iPhone; CPU iPhone OS 15_7_9 like Mac OS X) AppleWebKit/605.1.15 (KHTML, like Gecko) Version/15.6.5 Mobile/15E148 Safari/604.1"
74.176.51.199 - - [25/Nov/2025:03:33:37 -0500] "GET /wp-includes/random_compat/ HTTP/1.1" 404 16282 "https://www.google.com/" "Mozilla/5.0 (Linux; Android 13; SM-S908E) AppleWebKit/537.36 (KHTML, like Gecko) Chrome/116.0.0.0 Mobile Safari/537.36"
74.176.51.199 - - [25/Nov/2025:03:33:37 -0500] "GET /wp-includes/sitemaps/ HTTP/1.1" 403 1242 "https://www.google.com/" "Mozilla/5.0 (Linux; Android 13; M2101K6G) AppleWebKit/537.36 (KHTML, like Gecko) Chrome/116.0.0.0 Mobile Safari/537.36"
74.176.51.199 - - [25/Nov/2025:03:33:38 -0500] "GET /wp-includes/sodium_compat/ HTTP/1.1" 403 1242 "https://duckduckgo.com/" "Mozilla/5.0 (Linux; Android 10; LM-Q720) AppleWebKit/537.36 (KHTML, like Gecko) Chrome/116.0.0.0 Mobile Safari/537.36"
74.176.51.199 - - [25/Nov/2025:03:33:38 -0500] "GET /wp-includes/style-engine/ HTTP/1.1" 403 1242 "https://www.google.com/" "Mozilla/5.0 (iPhone; CPU iPhone OS 16_6_1 like Mac OS X) AppleWebKit/605.1.15 (KHTML, like Gecko) Version/16.6 Mobile/15E148 Safari/604.1"
74.176.51.199 - - [25/Nov/2025:03:33:39 -0500] "GET /wp-includes/theme-compat/ HTTP/1.1" 403 1242 "https://www.google.de/" "Mozilla/5.g (Linux; Android 13; Pixel 7) AppleWebKit/537.36 (KHTML, like Gecko) Chrome/116.0.0.0 Mobile Safari/537.36"
74.176.51.199 - - [25/Nov/2025:03:33:39 -0500] "GET /wp-admin/css/colors/ectoplasm/ HTTP/1.1" 403 1242 "https://www.yahoo.com/" "Mozilla/5.0 (iPhone; CPU iPhone OS 16_0 like Mac OS X) AppleWebKit/605.1.15 (KHTML, like Gecko) FxiOS/118.0 Mobile/15E148 Safari/605.1.15"
74.176.51.199 - - [25/Nov/2025:03:33:40 -0500] "GET /wp-admin/css/colors/ HTTP/1.1" 403 1242 "https://duckduckgo.com/" "Mozilla/5.0 (iPhone; CPU iPhone OS 15_7_9 like Mac OS X) AppleWebKit/605.1.15 (KHTML, like Gecko) Version/15.6.5 Mobile/15E148 Safari/604.1"
74.176.51.199 - - [25/Nov/2025:03:33:40 -0500] "GET /admin/images/slider/ HTTP/1.1" 404 16282 "https://duckduckgo.com/" "Mozilla/5.0 (iPhone; CPU iPhone OS 16_6_1 like Mac OS X) AppleWebKit/605.1.15 (KHTML, like Gecko) Version/16.6 Mobile/15E148 Safari/604.1"
74.176.51.199 - - [25/Nov/2025:03:33:41 -0500] "GET /admin/fckeditor/editor/filemanager/ HTTP/1.1" 404 16282 "https://www.google.de/" "Mozilla/5.0 (Linux; Android 13; M2101K6G) AppleWebKit/537.36 (KHTML, like Gecko) Chrome/116.0.0.0 Mobile Safari/537.36"
74.176.51.199 - - [25/Nov/2025:03:33:42 -0500] "GET /sites/default/files/ HTTP/1.1" 404 16282 "https://www.google.fr/" "Mozilla/5.0 (Linux; Android 13; SM-G991U) AppleWebKit/537.36 (KHTML, like Gecko) Chrome/117.0.0.0 Mobile Safari/537.36"
74.176.51.199 - - [25/Nov/2025:03:33:43 -0500] "GET /admin/controller/extension/extension/ HTTP/1.1" 404 16282 "https://www.google.de/" "Mozilla/5.0 (iPhone; CPU iPhone OS 16_6_1 like Mac OS X) AppleWebKit/605.1.15 (KHTML, like Gecko) Version/16.6 Mobile/15E148 Safari/604.1"
74.176.51.199 - - [25/Nov/2025:03:33:43 -0500] "GET /modules/mod_simplefileuploadv1.3/elements/ HTTP/1.1" 404 16282 "https://www.google.com/" "Mozilla/5.g (Linux; Android 13; Pixel 7) AppleWebKit/537.36 (KHTML, like Gecko) Chrome/116.0.0.0 Mobile Safari/537.36"
74.176.51.199 - - [25/Nov/2025:03:33:44 -0500] "GET /components/ HTTP/1.1" 404 16282 "https://www.google.fr/" "Mozilla/5.0 (Linux; Android 13; M2101K6G) AppleWebKit/537.36 (KHTML, like Gecko) Chrome/116.0.0.0 Mobile Safari/537.36"
74.176.51.199 - - [25/Nov/2025:03:33:45 -0500] "GET /admin/uploads/images/ HTTP/1.1" 404 16282 "https://duckduckgo.com/" "Mozilla/5.0 (iPhone; CPU iPhone OS 17_1 like Mac OS X) AppleWebKit/605.1.15 (KHTML, like Gecko) CriOS/119.0.6045.109 Mobile/15E148 Safari/604.1"
176.9.20.13 - - [25/Nov/2025:03:34:53 -0500] "GET /wp-login.php HTTP/1.1" 200 2275 "-" "Mozilla/5.0 (Windows NT 6.3; Win64; x64) AppleWebKit/537.36 (KHTML, like Gecko) Chrome/67.0.3396.62 Safari/537.36"
162.0.217.77 - - [25/Nov/2025:03:34:55 -0500] "POST /wp-cron.php?doing_wp_cron=1764059695.3370900154113769531250 HTTP/1.1" 200 0 "-" "WordPress/6.8.3; https://madeinbranded.com"
176.9.20.13 - - [25/Nov/2025:03:34:55 -0500] "POST /wp-login.php HTTP/1.1" 200 2374 "https://madeinbranded.com/wp-login.php" "Mozilla/5.0 (Windows NT 6.3; Win64; x64) AppleWebKit/537.36 (KHTML, like Gecko) Chrome/67.0.3396.62 Safari/537.36"
162.0.217.77 - - [25/Nov/2025:03:36:38 -0500] "POST /wp-cron.php?doing_wp_cron=1764059798.5825240612030029296875 HTTP/1.1" 200 0 "-" "WordPress/6.8.3; https://madeinbranded.com"
128.24.70.128 - - [25/Nov/2025:03:36:37 -0500] "POST /wp-login.php HTTP/1.1" 200 2346 "-" "Mozilla/5.0"
47.128.115.20 - - [25/Nov/2025:03:41:58 -0500] "GET /robots.txt HTTP/1.1" 304 0 "-" "Mozilla/5.0 (Linux; Android 5.0) AppleWebKit/537.36 (KHTML, like Gecko) Mobile Safari/537.36 (compatible; Bytespider; [email protected])"
162.0.217.77 - - [25/Nov/2025:03:48:03 -0500] "POST /wp-cron.php?doing_wp_cron=1764060483.1844310760498046875000 HTTP/1.1" 200 0 "-" "WordPress/6.8.3; https://madeinbranded.com"
128.24.70.128 - - [25/Nov/2025:03:48:00 -0500] "POST /wp-login.php HTTP/1.1" 200 2346 "-" "Mozilla/5.0"
108.179.200.149 - - [25/Nov/2025:03:51:49 -0500] "GET /wp-login.php HTTP/1.1" 200 2275 "-" "Mozilla/4.0 (compatible; MSIE 7.0; Windows NT 6.1; WOW64; Trident/7.0; SLCC2; .NET CLR 2.0.50727; .NET CLR 3.5.30729; .NET CLR 3.0.30729; Media Center PC 6.0; .NET4.0C; .NET4.0E; GWX:RESERVED)"
162.0.217.77 - - [25/Nov/2025:03:51:55 -0500] "POST /wp-cron.php?doing_wp_cron=1764060715.0218389034271240234375 HTTP/1.1" 200 0 "-" "WordPress/6.8.3; https://madeinbranded.com"
108.179.200.149 - - [25/Nov/2025:03:51:53 -0500] "POST /wp-login.php HTTP/1.1" 200 2374 "https://madeinbranded.com/wp-login.php" "Mozilla/4.0 (compatible; MSIE 7.0; Windows NT 6.1; WOW64; Trident/7.0; SLCC2; .NET CLR 2.0.50727; .NET CLR 3.5.30729; .NET CLR 3.0.30729; Media Center PC 6.0; .NET4.0C; .NET4.0E; GWX:RESERVED)"
162.241.216.65 - - [25/Nov/2025:03:55:46 -0500] "GET /wp-login.php HTTP/1.1" 200 2275 "-" "Mozilla/5.0 (Macintosh; Intel Mac OS X 10_13_5) AppleWebKit/537.36 (KHTML, like Gecko) Chrome/67.0.3396.62 Safari/537.36"
162.0.217.77 - - [25/Nov/2025:03:55:48 -0500] "POST /wp-cron.php?doing_wp_cron=1764060948.0189790725708007812500 HTTP/1.1" 200 0 "-" "WordPress/6.8.3; https://madeinbranded.com"
162.241.216.65 - - [25/Nov/2025:03:55:46 -0500] "POST /wp-login.php HTTP/1.1" 200 2374 "https://madeinbranded.com/wp-login.php" "Mozilla/5.0 (Macintosh; Intel Mac OS X 10_13_5) AppleWebKit/537.36 (KHTML, like Gecko) Chrome/67.0.3396.62 Safari/537.36"
162.0.217.77 - - [25/Nov/2025:03:59:26 -0500] "POST /wp-cron.php?doing_wp_cron=1764061166.5918149948120117187500 HTTP/1.1" 200 0 "-" "WordPress/6.8.3; https://madeinbranded.com"
128.24.70.128 - - [25/Nov/2025:03:59:25 -0500] "POST /wp-login.php HTTP/1.1" 200 2346 "-" "Mozilla/5.0"
49.51.252.146 - - [25/Nov/2025:04:00:54 -0500] "GET / HTTP/1.1" 200 22220 "http://madeinbranded.com" "Mozilla/5.0 (iPhone; CPU iPhone OS 13_2_3 like Mac OS X) AppleWebKit/605.1.15 (KHTML, like Gecko) Version/13.0.3 Mobile/15E148 Safari/604.1"
209.59.129.99 - - [25/Nov/2025:04:03:20 -0500] "GET /wp-login.php HTTP/1.1" 200 2275 "-" "Mozilla/5.0 (Windows NT 10.0) AppleWebKit/537.36 (KHTML, like Gecko) Chrome/66.0.3359.117 Safari/537.36"
162.0.217.77 - - [25/Nov/2025:04:03:24 -0500] "POST /wp-cron.php?doing_wp_cron=1764061404.6415839195251464843750 HTTP/1.1" 200 0 "-" "WordPress/6.8.3; https://madeinbranded.com"
209.59.129.99 - - [25/Nov/2025:04:03:23 -0500] "POST /wp-login.php HTTP/1.1" 200 2374 "https://madeinbranded.com/wp-login.php" "Mozilla/5.0 (Windows NT 10.0) AppleWebKit/537.36 (KHTML, like Gecko) Chrome/66.0.3359.117 Safari/537.36"
67.205.41.55 - - [25/Nov/2025:04:05:55 -0500] "POST /xmlrpc.php HTTP/1.1" 403 1242 "-" "Mozilla/5.0 (Windows NT 5.1; WOW64; Trident/7.0; rv:11.0) like Gecko"
67.205.41.55 - - [25/Nov/2025:04:06:01 -0500] "POST /xmlrpc.php HTTP/1.1" 403 1242 "-" "Mozilla/5.0 (Windows NT 5.1; WOW64; Trident/7.0; rv:11.0) like Gecko"
67.205.41.55 - - [25/Nov/2025:04:06:06 -0500] "POST /xmlrpc.php HTTP/1.1" 403 1242 "-" "Mozilla/5.0 (Windows NT 5.1; WOW64; Trident/7.0; rv:11.0) like Gecko"
67.205.41.55 - - [25/Nov/2025:04:06:10 -0500] "POST /xmlrpc.php HTTP/1.1" 403 1242 "-" "Mozilla/5.0 (Windows NT 5.1; WOW64; Trident/7.0; rv:11.0) like Gecko"
162.0.217.77 - - [25/Nov/2025:04:10:58 -0500] "POST /wp-cron.php?doing_wp_cron=1764061858.7823669910430908203125 HTTP/1.1" 200 0 "-" "WordPress/6.8.3; https://madeinbranded.com"
128.24.70.128 - - [25/Nov/2025:04:10:56 -0500] "POST /wp-login.php HTTP/1.1" 200 2346 "-" "Mozilla/5.0"
162.0.217.77 - - [25/Nov/2025:04:12:12 -0500] "POST /wp-cron.php?doing_wp_cron=1764061932.3521800041198730468750 HTTP/1.1" 200 0 "-" "WordPress/6.8.3; https://madeinbranded.com"
193.37.33.82 - - [25/Nov/2025:04:12:12 -0500] "POST /wp-login.php HTTP/1.1" 200 2360 "-" "Mozilla/5.0"
138.68.132.43 - - [25/Nov/2025:04:13:21 -0500] "GET /wp-login.php HTTP/1.1" 200 2275 "-" "Mozilla/5.0 (Windows NT 10.0; Win64; x64) AppleWebKit/537.36 (KHTML, like Gecko) Chrome/52.0.2743.116 Safari/537.36 Edge/15.15063"
162.0.217.77 - - [25/Nov/2025:04:13:21 -0500] "POST /wp-cron.php?doing_wp_cron=1764062001.3856790065765380859375 HTTP/1.1" 200 0 "-" "WordPress/6.8.3; https://madeinbranded.com"
138.68.132.43 - - [25/Nov/2025:04:13:21 -0500] "POST /wp-login.php HTTP/1.1" 200 2374 "https://madeinbranded.com/wp-login.php" "Mozilla/5.0 (Windows NT 10.0; Win64; x64) AppleWebKit/537.36 (KHTML, like Gecko) Chrome/52.0.2743.116 Safari/537.36 Edge/15.15063"
185.39.19.97 - - [25/Nov/2025:04:15:18 -0500] "GET / HTTP/1.1" 200 22220 "https://madeinbranded.com/" "Mozilla/5.0 (Windows NT 10.0; Win64; x64) AppleWebKit/537.36 (KHTML, like Gecko) Chrome/130.0.0.0 Safari/537.36 CCleaner/130.0.0.0"
185.39.19.97 - - [25/Nov/2025:04:15:18 -0500] "GET /contact-us/ HTTP/1.1" 200 17577 "https://madeinbranded.com/contact-us/" "Mozilla/5.0 (Windows NT 10.0; Win64; x64) AppleWebKit/537.36 (KHTML, like Gecko) Chrome/130.0.0.0 Safari/537.36 CCleaner/130.0.0.0"
194.164.126.55 - - [25/Nov/2025:04:16:01 -0500] "POST /xmlrpc.php HTTP/1.1" 403 1242 "-" "Mozilla/5.0 (Windows NT 10.0; Win64; x64; rv:60.0) Gecko/20100101 Firefox/60.0"
194.164.126.55 - - [25/Nov/2025:04:16:02 -0500] "POST /xmlrpc.php HTTP/1.1" 403 1242 "-" "Mozilla/5.0 (Windows NT 10.0; Win64; x64; rv:60.0) Gecko/20100101 Firefox/60.0"
194.164.126.55 - - [25/Nov/2025:04:16:04 -0500] "POST /xmlrpc.php HTTP/1.1" 403 1242 "-" "Mozilla/5.0 (Windows NT 10.0; Win64; x64; rv:60.0) Gecko/20100101 Firefox/60.0"
194.164.126.55 - - [25/Nov/2025:04:16:04 -0500] "POST /xmlrpc.php HTTP/1.1" 403 1242 "-" "Mozilla/5.0 (Windows NT 10.0; Win64; x64; rv:60.0) Gecko/20100101 Firefox/60.0"
194.164.126.55 - - [25/Nov/2025:04:16:05 -0500] "POST /xmlrpc.php HTTP/1.1" 403 1242 "-" "Mozilla/5.0 (Windows NT 10.0; Win64; x64; rv:60.0) Gecko/20100101 Firefox/60.0"
194.164.126.55 - - [25/Nov/2025:04:16:05 -0500] "POST /xmlrpc.php HTTP/1.1" 403 1242 "-" "Mozilla/5.0 (Windows NT 10.0; Win64; x64; rv:60.0) Gecko/20100101 Firefox/60.0"
157.230.24.207 - - [25/Nov/2025:04:20:22 -0500] "POST /xmlrpc.php HTTP/1.1" 403 1242 "-" "Mozilla/5.0 (Macintosh; Intel Mac OS X 10_13_6) AppleWebKit/605.1.15 (KHTML, like Gecko) Version/11.1.2 Safari/605.1.15"
162.0.217.77 - - [25/Nov/2025:04:22:34 -0500] "POST /wp-cron.php?doing_wp_cron=1764062554.1790099143981933593750 HTTP/1.1" 200 0 "-" "WordPress/6.8.3; https://madeinbranded.com"
128.24.70.128 - - [25/Nov/2025:04:22:31 -0500] "POST /wp-login.php HTTP/1.1" 200 2346 "-" "Mozilla/5.0"
91.92.243.249 - - [25/Nov/2025:04:23:37 -0500] "POST /wp-login.php HTTP/1.1" 200 2351 "-" "Mozilla/5.0"
162.0.217.77 - - [25/Nov/2025:04:23:37 -0500] "POST /wp-cron.php?doing_wp_cron=1764062617.6179809570312500000000 HTTP/1.1" 200 0 "-" "WordPress/6.8.3; https://madeinbranded.com"
91.92.243.249 - - [25/Nov/2025:04:23:37 -0500] "POST /wp-login.php HTTP/1.1" 200 2351 "-" "Mozilla/5.0"
103.20.213.171 - - [25/Nov/2025:04:29:45 -0500] "GET /wp-login.php HTTP/1.1" 200 2275 "-" "Mozilla/5.0 (Macintosh; Intel Mac OS X 10_10_5) AppleWebKit/537.36 (KHTML, like Gecko) Chrome/67.0.3396.87 Safari/537.36"
162.0.217.77 - - [25/Nov/2025:04:29:49 -0500] "POST /wp-cron.php?doing_wp_cron=1764062989.2757298946380615234375 HTTP/1.1" 200 0 "-" "WordPress/6.8.3; https://madeinbranded.com"
103.20.213.171 - - [25/Nov/2025:04:29:47 -0500] "POST /wp-login.php HTTP/1.1" 200 2374 "https://madeinbranded.com/wp-login.php" "Mozilla/5.0 (Macintosh; Intel Mac OS X 10_10_5) AppleWebKit/537.36 (KHTML, like Gecko) Chrome/67.0.3396.87 Safari/537.36"
162.241.218.136 - - [25/Nov/2025:04:32:39 -0500] "GET /wp-login.php HTTP/1.1" 200 2275 "-" "Mozilla/5.0 (Windows NT 10.0; Win64; x64; WebView/3.0) AppleWebKit/537.36 (KHTML, like Gecko) Chrome/58.0.3029.110 Safari/537.36 Edge/16.16299"
162.0.217.77 - - [25/Nov/2025:04:32:43 -0500] "POST /wp-cron.php?doing_wp_cron=1764063163.9097249507904052734375 HTTP/1.1" 200 0 "-" "WordPress/6.8.3; https://madeinbranded.com"
162.241.218.136 - - [25/Nov/2025:04:32:42 -0500] "POST /wp-login.php HTTP/1.1" 200 2374 "https://madeinbranded.com/wp-login.php" "Mozilla/5.0 (Windows NT 10.0; Win64; x64; WebView/3.0) AppleWebKit/537.36 (KHTML, like Gecko) Chrome/58.0.3029.110 Safari/537.36 Edge/16.16299"
162.0.217.77 - - [25/Nov/2025:04:34:08 -0500] "POST /wp-cron.php?doing_wp_cron=1764063247.9357171058654785156250 HTTP/1.1" 200 0 "-" "WordPress/6.8.3; https://madeinbranded.com"
128.24.70.128 - - [25/Nov/2025:04:34:06 -0500] "POST /wp-login.php HTTP/1.1" 200 2346 "-" "Mozilla/5.0"
20.52.225.35 - - [25/Nov/2025:04:37:52 -0500] "POST /xmlrpc.php HTTP/1.1" 403 1242 "-" "Mozilla/5.0 (compatible; MSIE 9.0; Windows NT 6.1; WOW64; Trident/7.0; Swinburne)"
20.52.225.35 - - [25/Nov/2025:04:37:53 -0500] "POST /xmlrpc.php HTTP/1.1" 403 1242 "-" "Mozilla/5.0 (compatible; MSIE 9.0; Windows NT 6.1; WOW64; Trident/7.0; Swinburne)"
20.52.225.35 - - [25/Nov/2025:04:37:54 -0500] "POST /xmlrpc.php HTTP/1.1" 403 1242 "-" "Mozilla/5.0 (compatible; MSIE 9.0; Windows NT 6.1; WOW64; Trident/7.0; Swinburne)"
20.52.225.35 - - [25/Nov/2025:04:37:54 -0500] "POST /xmlrpc.php HTTP/1.1" 403 1242 "-" "Mozilla/5.0 (compatible; MSIE 9.0; Windows NT 6.1; WOW64; Trident/7.0; Swinburne)"
20.52.225.35 - - [25/Nov/2025:04:37:55 -0500] "POST /xmlrpc.php HTTP/1.1" 403 1242 "-" "Mozilla/5.0 (compatible; MSIE 9.0; Windows NT 6.1; WOW64; Trident/7.0; Swinburne)"
20.52.225.35 - - [25/Nov/2025:04:37:55 -0500] "POST /xmlrpc.php HTTP/1.1" 403 1242 "-" "Mozilla/5.0 (compatible; MSIE 9.0; Windows NT 6.1; WOW64; Trident/7.0; Swinburne)"
4.210.246.247 - - [25/Nov/2025:04:42:10 -0500] "GET /wp-login.php HTTP/1.1" 200 2275 "-" "GRequests/0.10"
162.0.217.77 - - [25/Nov/2025:04:42:13 -0500] "POST /wp-cron.php?doing_wp_cron=1764063732.9185769557952880859375 HTTP/1.1" 200 0 "-" "WordPress/6.8.3; https://madeinbranded.com"
4.210.246.247 - - [25/Nov/2025:04:42:10 -0500] "POST /wp-login.php HTTP/1.1" 200 2374 "-" "GRequests/0.10"
170.39.213.43 - - [25/Nov/2025:04:43:31 -0500] "POST /xmlrpc.php HTTP/1.1" 403 1242 "-" "Mozilla/5.0 (Macintosh; Intel Mac OS X 10_10_5) AppleWebKit/602.2.14 (KHTML, like Gecko) Version/10.0.1 Safari/602.2.14"
162.0.217.77 - - [25/Nov/2025:04:46:00 -0500] "POST /wp-cron.php?doing_wp_cron=1764063960.0666270256042480468750 HTTP/1.1" 200 0 "-" "WordPress/6.8.3; https://madeinbranded.com"
128.24.70.128 - - [25/Nov/2025:04:45:58 -0500] "POST /wp-login.php HTTP/1.1" 200 2346 "-" "Mozilla/5.0"
162.0.217.77 - - [25/Nov/2025:04:49:09 -0500] "POST /wp-cron.php?doing_wp_cron=1764064149.5578589439392089843750 HTTP/1.1" 200 0 "-" "WordPress/6.8.3; https://madeinbranded.com"
103.163.161.30 - - [25/Nov/2025:04:49:08 -0500] "GET /style.php HTTP/1.1" 404 16282 "http://madeinbranded.com/style.php" "Go-http-client/2.0"
103.163.161.30 - - [25/Nov/2025:04:49:12 -0500] "GET /wp-content/style.php HTTP/1.1" 404 16282 "http://madeinbranded.com/wp-content/style.php" "Go-http-client/2.0"
103.163.161.30 - - [25/Nov/2025:04:49:14 -0500] "GET /wp-content/themes/style.php HTTP/1.1" 404 16282 "http://madeinbranded.com/wp-content/themes/style.php" "Go-http-client/2.0"
103.163.161.30 - - [25/Nov/2025:04:49:16 -0500] "GET /wp-admin/style.php HTTP/1.1" 404 16282 "http://madeinbranded.com/wp-admin/style.php" "Go-http-client/2.0"
103.163.161.30 - - [25/Nov/2025:04:49:16 -0500] "GET /wp-includes/style.php HTTP/1.1" 403 1242 "http://madeinbranded.com/wp-includes/style.php" "Go-http-client/2.0"
162.0.217.77 - - [25/Nov/2025:04:49:18 -0500] "POST /wp-cron.php?doing_wp_cron=1764064158.6095449924468994140625 HTTP/1.1" 200 0 "-" "WordPress/6.8.3; https://madeinbranded.com"
103.163.161.30 - - [25/Nov/2025:04:49:18 -0500] "GET /chosen.php?p= HTTP/1.1" 301 0 "http://madeinbranded.com/chosen.php?p=" "Go-http-client/2.0"
103.163.161.30 - - [25/Nov/2025:04:49:18 -0500] "GET /chosen.php HTTP/1.1" 404 16282 "https://madeinbranded.com/chosen.php?p=" "Go-http-client/2.0"
103.163.161.30 - - [25/Nov/2025:04:49:19 -0500] "GET /file.php HTTP/1.1" 404 16282 "http://madeinbranded.com/file.php" "Go-http-client/2.0"
103.163.161.30 - - [25/Nov/2025:04:49:21 -0500] "GET /flower.php HTTP/1.1" 404 16282 "http://madeinbranded.com/flower.php" "Go-http-client/2.0"
103.163.161.30 - - [25/Nov/2025:04:49:23 -0500] "GET /gifclass.php HTTP/1.1" 404 16282 "http://madeinbranded.com/gifclass.php#888xyz999" "Go-http-client/2.0"
162.0.217.77 - - [25/Nov/2025:04:49:25 -0500] "POST /wp-cron.php?doing_wp_cron=1764064165.7966349124908447265625 HTTP/1.1" 200 0 "-" "WordPress/6.8.3; https://madeinbranded.com"
103.163.161.30 - - [25/Nov/2025:04:49:25 -0500] "GET /bless.php HTTP/1.1" 404 16282 "http://madeinbranded.com/bless.php#888xyz999" "Go-http-client/2.0"
103.163.161.30 - - [25/Nov/2025:04:49:26 -0500] "GET /class-t.api.php HTTP/1.1" 404 16282 "http://madeinbranded.com/class-t.api.php#888xyz999" "Go-http-client/2.0"
103.163.161.30 - - [25/Nov/2025:04:49:28 -0500] "GET /blurbs.php HTTP/1.1" 404 16282 "http://madeinbranded.com/blurbs.php#888xyz999" "Go-http-client/2.0"
103.163.161.30 - - [25/Nov/2025:04:49:29 -0500] "GET /akcc.php HTTP/1.1" 404 16282 "http://madeinbranded.com/akcc.php" "Go-http-client/2.0"
103.163.161.30 - - [25/Nov/2025:04:49:31 -0500] "GET /abcd.php HTTP/1.1" 404 16282 "http://madeinbranded.com/abcd.php" "Go-http-client/2.0"
103.163.161.30 - - [25/Nov/2025:04:49:33 -0500] "GET /shelp.php HTTP/1.1" 404 16282 "http://madeinbranded.com/shelp.php" "Go-http-client/2.0"
103.163.161.30 - - [25/Nov/2025:04:49:35 -0500] "GET /cord.php HTTP/1.1" 404 16282 "http://madeinbranded.com/cord.php" "Go-http-client/2.0"
103.163.161.30 - - [25/Nov/2025:04:49:37 -0500] "GET /dex.php HTTP/1.1" 404 16282 "http://madeinbranded.com/dex.php" "Go-http-client/2.0"
103.163.161.30 - - [25/Nov/2025:04:49:38 -0500] "GET /wp-admin/admin-ajax.php HTTP/1.1" 400 5 "http://madeinbranded.com/wp-admin/admin-ajax.php" "Go-http-client/2.0"
103.163.161.30 - - [25/Nov/2025:04:49:39 -0500] "GET /file2.php HTTP/1.1" 404 16282 "http://madeinbranded.com/file2.php#tabFM" "Go-http-client/2.0"
103.163.161.30 - - [25/Nov/2025:04:49:40 -0500] "GET //zwso.php HTTP/1.1" 301 0 "http://madeinbranded.com//zwso.php" "Go-http-client/2.0"
103.163.161.30 - - [25/Nov/2025:04:49:41 -0500] "GET /zwso.php HTTP/1.1" 404 16282 "https://madeinbranded.com//zwso.php" "Go-http-client/2.0"
103.163.161.30 - - [25/Nov/2025:04:49:42 -0500] "GET /wp-admin/zwso.php HTTP/1.1" 404 16282 "http://madeinbranded.com/wp-admin/zwso.php" "Go-http-client/2.0"
103.163.161.30 - - [25/Nov/2025:04:49:43 -0500] "GET /wp-content/plugins/hellopress/wp_mna.php HTTP/1.1" 404 16282 "http://madeinbranded.com/wp-content/plugins/hellopress/wp_mna.php" "Go-http-client/2.0"
103.163.161.30 - - [25/Nov/2025:04:49:45 -0500] "GET /bolt.php HTTP/1.1" 404 16282 "http://madeinbranded.com/bolt.php" "Go-http-client/2.0"
103.163.161.30 - - [25/Nov/2025:04:49:46 -0500] "GET /shlo.php HTTP/1.1" 404 16282 "http://madeinbranded.com/shlo.php#lufix" "Go-http-client/2.0"
103.163.161.30 - - [25/Nov/2025:04:49:48 -0500] "GET /133.php HTTP/1.1" 404 16282 "http://madeinbranded.com/133.php" "Go-http-client/2.0"
103.163.161.30 - - [25/Nov/2025:04:49:49 -0500] "GET /ahax.php HTTP/1.1" 404 16282 "http://madeinbranded.com/ahax.php" "Go-http-client/2.0"
103.163.161.30 - - [25/Nov/2025:04:49:52 -0500] "GET /php8.php HTTP/1.1" 404 16282 "http://madeinbranded.com/php8.php#xleet" "Go-http-client/2.0"
103.163.161.30 - - [25/Nov/2025:04:49:54 -0500] "GET /lufix1.php HTTP/1.1" 404 16282 "http://madeinbranded.com/lufix1.php#lufix" "Go-http-client/2.0"
103.163.161.30 - - [25/Nov/2025:04:49:57 -0500] "GET /witmm.php HTTP/1.1" 404 16282 "http://madeinbranded.com/witmm.php#lufix" "Go-http-client/2.0"
103.163.161.30 - - [25/Nov/2025:04:49:58 -0500] "GET /wp-admin/css/index.php HTTP/1.1" 301 0 "http://madeinbranded.com/wp-admin/css/index.php" "Go-http-client/2.0"
103.163.161.30 - - [25/Nov/2025:04:49:58 -0500] "GET /wp-admin/css/ HTTP/1.1" 403 1242 "https://madeinbranded.com/wp-admin/css/index.php" "Go-http-client/2.0"
103.163.161.30 - - [25/Nov/2025:04:50:00 -0500] "GET /wp-content/plugins/index.php HTTP/1.1" 200 0 "http://madeinbranded.com/wp-content/plugins/index.php" "Go-http-client/2.0"
103.163.161.30 - - [25/Nov/2025:04:50:02 -0500] "GET /wp-content/index.php HTTP/1.1" 200 0 "http://madeinbranded.com/wp-content/index.php" "Go-http-client/2.0"
103.163.161.30 - - [25/Nov/2025:04:50:03 -0500] "GET /ioxi-o.php HTTP/1.1" 404 16282 "http://madeinbranded.com/ioxi-o.php" "Go-http-client/2.0"
103.163.161.30 - - [25/Nov/2025:04:50:05 -0500] "GET /222.php HTTP/1.1" 404 16282 "http://madeinbranded.com/222.php" "Go-http-client/2.0"
103.163.161.30 - - [25/Nov/2025:04:50:07 -0500] "GET /files.php HTTP/1.1" 404 16282 "http://madeinbranded.com/files.php#admin@3tu/T?TJ8v?N" "Go-http-client/2.0"
103.163.161.30 - - [25/Nov/2025:04:50:09 -0500] "GET /wp-editor.php HTTP/1.1" 404 16282 "http://madeinbranded.com/wp-editor.php#lufix" "Go-http-client/2.0"
103.90.233.71 - - [25/Nov/2025:04:52:27 -0500] "GET /wp-login.php HTTP/1.1" 200 2275 "-" "Mozilla/4.0 (compatible; MSIE 7.0; Windows NT 6.2; WOW64; Trident/7.0; .NET4.0E; .NET4.0C; .NET CLR 3.5.30729; .NET CLR 2.0.50727; .NET CLR 3.0.30729; InfoPath.3; MANMJS)"
162.0.217.77 - - [25/Nov/2025:04:52:29 -0500] "POST /wp-cron.php?doing_wp_cron=1764064349.5300700664520263671875 HTTP/1.1" 200 0 "-" "WordPress/6.8.3; https://madeinbranded.com"
103.90.233.71 - - [25/Nov/2025:04:52:28 -0500] "POST /wp-login.php HTTP/1.1" 200 2374 "https://madeinbranded.com/wp-login.php" "Mozilla/4.0 (compatible; MSIE 7.0; Windows NT 6.2; WOW64; Trident/7.0; .NET4.0E; .NET4.0C; .NET CLR 3.5.30729; .NET CLR 2.0.50727; .NET CLR 3.0.30729; InfoPath.3; MANMJS)"
52.173.9.238 - - [25/Nov/2025:04:53:23 -0500] "GET /wp-login.php HTTP/1.1" 200 2275 "-" "Mozilla/5.0 (Windows NT 6.3; Win64; x64; Trident/7.0; Touch; MDDCJS; rv:11.0) like Gecko"
162.0.217.77 - - [25/Nov/2025:04:53:24 -0500] "POST /wp-cron.php?doing_wp_cron=1764064404.5969099998474121093750 HTTP/1.1" 200 0 "-" "WordPress/6.8.3; https://madeinbranded.com"
52.173.9.238 - - [25/Nov/2025:04:53:24 -0500] "POST /wp-login.php HTTP/1.1" 200 2374 "https://madeinbranded.com/wp-login.php" "Mozilla/5.0 (Windows NT 6.3; Win64; x64; Trident/7.0; Touch; MDDCJS; rv:11.0) like Gecko"
162.0.217.77 - - [25/Nov/2025:04:58:05 -0500] "POST /wp-cron.php?doing_wp_cron=1764064685.4156339168548583984375 HTTP/1.1" 200 0 "-" "WordPress/6.8.3; https://madeinbranded.com"
128.24.70.128 - - [25/Nov/2025:04:58:02 -0500] "POST /wp-login.php HTTP/1.1" 200 2345 "-" "Mozilla/5.0"
133.167.69.42 - - [25/Nov/2025:04:59:09 -0500] "POST /xmlrpc.php HTTP/1.1" 403 1242 "-" "Mozilla/5.0 (Windows NT 6.3; Win64, x64; Trident/7.0; rv:11.0) like Gecko"
133.167.69.42 - - [25/Nov/2025:04:59:26 -0500] "POST /xmlrpc.php HTTP/1.1" 403 1242 "-" "Mozilla/5.0 (Windows NT 6.3; Win64, x64; Trident/7.0; rv:11.0) like Gecko"
133.167.69.42 - - [25/Nov/2025:04:59:40 -0500] "POST /xmlrpc.php HTTP/1.1" 403 1242 "-" "Mozilla/5.0 (Windows NT 6.3; Win64, x64; Trident/7.0; rv:11.0) like Gecko"
133.167.69.42 - - [25/Nov/2025:04:59:56 -0500] "POST /xmlrpc.php HTTP/1.1" 403 1242 "-" "Mozilla/5.0 (Windows NT 6.3; Win64, x64; Trident/7.0; rv:11.0) like Gecko"
188.166.178.247 - - [25/Nov/2025:05:04:12 -0500] "POST /xmlrpc.php HTTP/1.1" 403 1242 "-" "Mozilla/5.0 (Windows NT 10.0; Win64; x64) AppleWebKit/537.36 (KHTML, like Gecko) Chrome/65.0.3325.181 Safari/537.36 OPR/52.0.2871.64"
162.0.217.77 - - [25/Nov/2025:05:10:12 -0500] "POST /wp-cron.php?doing_wp_cron=1764065412.7660799026489257812500 HTTP/1.1" 200 0 "-" "WordPress/6.8.3; https://madeinbranded.com"
128.24.70.128 - - [25/Nov/2025:05:10:09 -0500] "POST /wp-login.php HTTP/1.1" 200 2345 "-" "Mozilla/5.0"
43.159.152.187 - - [25/Nov/2025:05:10:58 -0500] "GET / HTTP/1.1" 200 22220 "http://madeinbranded.com" "Mozilla/5.0 (iPhone; CPU iPhone OS 13_2_3 like Mac OS X) AppleWebKit/605.1.15 (KHTML, like Gecko) Version/13.0.3 Mobile/15E148 Safari/604.1"
173.249.17.27 - - [25/Nov/2025:05:11:11 -0500] "GET /wp-login.php HTTP/1.1" 200 2275 "-" "Mozilla/4.0 (compatible; MSIE 7.0; Windows NT 10.0; WOW64; Trident/7.0; .NET4.0C; .NET4.0E; .NET CLR 2.0.50727; .NET CLR 3.0.30729; .NET CLR 3.5.30729; ms-office)"
162.0.217.77 - - [25/Nov/2025:05:11:16 -0500] "POST /wp-cron.php?doing_wp_cron=1764065475.9169530868530273437500 HTTP/1.1" 200 0 "-" "WordPress/6.8.3; https://madeinbranded.com"
173.249.17.27 - - [25/Nov/2025:05:11:15 -0500] "POST /wp-login.php HTTP/1.1" 200 2374 "https://madeinbranded.com/wp-login.php" "Mozilla/4.0 (compatible; MSIE 7.0; Windows NT 10.0; WOW64; Trident/7.0; .NET4.0C; .NET4.0E; .NET CLR 2.0.50727; .NET CLR 3.0.30729; .NET CLR 3.5.30729; ms-office)"
104.37.84.5 - - [25/Nov/2025:05:12:07 -0500] "GET /wp-login.php HTTP/1.1" 200 2275 "-" "Mozilla/5.0 (Macintosh; Intel Mac OS X 10_13_1) AppleWebKit/537.36 (KHTML, like Gecko) Chrome/65.0.3325.162 Safari/537.36"
162.0.217.77 - - [25/Nov/2025:05:12:08 -0500] "POST /wp-cron.php?doing_wp_cron=1764065527.9823749065399169921875 HTTP/1.1" 200 0 "-" "WordPress/6.8.3; https://madeinbranded.com"
104.37.84.5 - - [25/Nov/2025:05:12:07 -0500] "POST /wp-login.php HTTP/1.1" 200 2374 "https://madeinbranded.com/wp-login.php" "Mozilla/5.0 (Macintosh; Intel Mac OS X 10_13_1) AppleWebKit/537.36 (KHTML, like Gecko) Chrome/65.0.3325.162 Safari/537.36"
162.241.224.104 - - [25/Nov/2025:05:13:37 -0500] "GET /wp-login.php HTTP/1.1" 200 2275 "-" "Mozilla/4.0 (compatible; MSIE 7.0; Windows NT 6.2; WOW64; Trident/7.0; .NET4.0C; .NET4.0E; InfoPath.3; .NET CLR 2.0.50727; .NET CLR 3.0.30729; .NET CLR 3.5.30729)"
162.0.217.77 - - [25/Nov/2025:05:13:40 -0500] "POST /wp-cron.php?doing_wp_cron=1764065620.0393629074096679687500 HTTP/1.1" 200 0 "-" "WordPress/6.8.3; https://madeinbranded.com"
162.241.224.104 - - [25/Nov/2025:05:13:38 -0500] "POST /wp-login.php HTTP/1.1" 200 2374 "https://madeinbranded.com/wp-login.php" "Mozilla/4.0 (compatible; MSIE 7.0; Windows NT 6.2; WOW64; Trident/7.0; .NET4.0C; .NET4.0E; InfoPath.3; .NET CLR 2.0.50727; .NET CLR 3.0.30729; .NET CLR 3.5.30729)"
134.122.133.12 - - [25/Nov/2025:05:15:00 -0500] "GET / HTTP/1.1" 200 22220 "http://madeinbranded.com" "msnbot/1.0 (+http://search.msn.com/msnbot.htm\\xa1\\xb1)"
46.105.42.135 - - [25/Nov/2025:05:17:33 -0500] "GET /robots.txt HTTP/1.1" 304 0 "-" "Mozilla/5.0 (compatible; MJ12bot/v2.0.4; http://mj12bot.com/)"
31.220.6.242 - - [25/Nov/2025:05:19:06 -0500] "POST /xmlrpc.php HTTP/1.1" 403 1242 "-" "Mozilla/5.0 (X11; Linux x86_64; rv:61.0) Gecko/20100101 Firefox/61.0"
31.220.6.242 - - [25/Nov/2025:05:19:09 -0500] "POST /xmlrpc.php HTTP/1.1" 403 1242 "-" "Mozilla/5.0 (X11; Linux x86_64; rv:61.0) Gecko/20100101 Firefox/61.0"
31.220.6.242 - - [25/Nov/2025:05:19:13 -0500] "POST /xmlrpc.php HTTP/1.1" 403 1242 "-" "Mozilla/5.0 (X11; Linux x86_64; rv:61.0) Gecko/20100101 Firefox/61.0"
162.0.217.77 - - [25/Nov/2025:05:22:27 -0500] "POST /wp-cron.php?doing_wp_cron=1764066147.5170218944549560546875 HTTP/1.1" 200 0 "-" "WordPress/6.8.3; https://madeinbranded.com"
128.24.70.128 - - [25/Nov/2025:05:22:25 -0500] "POST /wp-login.php HTTP/1.1" 200 2345 "-" "Mozilla/5.0"
162.241.218.136 - - [25/Nov/2025:05:24:30 -0500] "POST /xmlrpc.php HTTP/1.1" 403 1242 "-" "Mozilla/5.0 (Windows NT 6.1; Win64; x64) AppleWebKit/537.36 (KHTML, like Gecko) Chrome/66.0.3359.139 Safari/537.36"
162.241.218.136 - - [25/Nov/2025:05:24:47 -0500] "POST /xmlrpc.php HTTP/1.1" 403 1242 "-" "Mozilla/5.0 (Windows NT 6.1; Win64; x64) AppleWebKit/537.36 (KHTML, like Gecko) Chrome/66.0.3359.139 Safari/537.36"
162.241.218.136 - - [25/Nov/2025:05:25:03 -0500] "POST /xmlrpc.php HTTP/1.1" 403 1242 "-" "Mozilla/5.0 (Windows NT 6.1; Win64; x64) AppleWebKit/537.36 (KHTML, like Gecko) Chrome/66.0.3359.139 Safari/537.36"
162.241.218.136 - - [25/Nov/2025:05:25:24 -0500] "POST /xmlrpc.php HTTP/1.1" 403 1242 "-" "Mozilla/5.0 (Windows NT 6.1; Win64; x64) AppleWebKit/537.36 (KHTML, like Gecko) Chrome/66.0.3359.139 Safari/537.36"
213.252.231.21 - - [25/Nov/2025:05:27:50 -0500] "GET /wp-login.php HTTP/1.1" 200 2275 "-" "Mozilla/5.0 (Windows NT 6.1; WOW64; Trident/7.0; MASN; rv:11.0) like Gecko"
162.0.217.77 - - [25/Nov/2025:05:27:53 -0500] "POST /wp-cron.php?doing_wp_cron=1764066472.9974699020385742187500 HTTP/1.1" 200 0 "-" "WordPress/6.8.3; https://madeinbranded.com"
213.252.231.21 - - [25/Nov/2025:05:27:51 -0500] "POST /wp-login.php HTTP/1.1" 200 2374 "https://madeinbranded.com/wp-login.php" "Mozilla/5.0 (Windows NT 6.1; WOW64; Trident/7.0; MASN; rv:11.0) like Gecko"
195.24.207.137 - - [25/Nov/2025:05:31:20 -0500] "GET /wp-login.php HTTP/1.1" 200 2275 "-" "Mozilla/4.0 (compatible; MSIE 7.0; Windows NT 6.1; Win64; x64; Trident/7.0; .NET CLR 2.0.50727; SLCC2; .NET4.0C; .NET4.0E; .NET CLR 3.5.30729; .NET CLR 3.0.30729)"
162.0.217.77 - - [25/Nov/2025:05:31:26 -0500] "POST /wp-cron.php?doing_wp_cron=1764066686.4899010658264160156250 HTTP/1.1" 200 0 "-" "WordPress/6.8.3; https://madeinbranded.com"
195.24.207.137 - - [25/Nov/2025:05:31:25 -0500] "POST /wp-login.php HTTP/1.1" 200 2374 "https://madeinbranded.com/wp-login.php" "Mozilla/4.0 (compatible; MSIE 7.0; Windows NT 6.1; Win64; x64; Trident/7.0; .NET CLR 2.0.50727; SLCC2; .NET4.0C; .NET4.0E; .NET CLR 3.5.30729; .NET CLR 3.0.30729)"
168.119.36.223 - - [25/Nov/2025:05:33:07 -0500] "GET /wp-login.php HTTP/1.1" 200 2275 "-" "Mozilla/5.0 (Windows NT 5.1; WOW64; Trident/7.0; rv:11.0) like Gecko"
162.0.217.77 - - [25/Nov/2025:05:33:09 -0500] "POST /wp-cron.php?doing_wp_cron=1764066789.7040259838104248046875 HTTP/1.1" 200 0 "-" "WordPress/6.8.3; https://madeinbranded.com"
168.119.36.223 - - [25/Nov/2025:05:33:08 -0500] "POST /wp-login.php HTTP/1.1" 200 2374 "https://madeinbranded.com/wp-login.php" "Mozilla/5.0 (Windows NT 5.1; WOW64; Trident/7.0; rv:11.0) like Gecko"
162.0.217.77 - - [25/Nov/2025:05:34:58 -0500] "POST /wp-cron.php?doing_wp_cron=1764066898.0134630203247070312500 HTTP/1.1" 200 0 "-" "WordPress/6.8.3; https://madeinbranded.com"
128.24.70.128 - - [25/Nov/2025:05:34:56 -0500] "POST /wp-login.php HTTP/1.1" 200 2345 "-" "Mozilla/5.0"