File: //proc/self/root/proc/self/root/home/madepabj/access-logs/madeinbranded.com-ssl_log
162.0.217.77 - - [26/Nov/2025:07:18:01 -0500] "POST /wp-cron.php?doing_wp_cron=1764159481.4256129264831542968750 HTTP/1.1" 200 0 "-" "WordPress/6.8.3; https://madeinbranded.com"
2406:da1c:8ee:a000:ada5:cae5:4b8:a76b - - [26/Nov/2025:07:17:58 -0500] "POST /wp-admin/admin-ajax.php HTTP/1.1" 400 5 "-" "Mozilla/5.0 (Macintosh; Intel Mac OS X 10_15_7) AppleWebKit/537.36 (KHTML, like Gecko) Chrome/135.0.0.0 Safari/537.36"
103.42.58.162 - - [26/Nov/2025:07:21:40 -0500] "GET /wp-login.php HTTP/1.1" 200 2276 "-" "Mozilla/5.0 (Windows NT 6.1; rv:61.0) Gecko/20100101 Firefox/61.0"
162.0.217.77 - - [26/Nov/2025:07:21:42 -0500] "POST /wp-cron.php?doing_wp_cron=1764159702.8944420814514160156250 HTTP/1.1" 200 0 "-" "WordPress/6.8.3; https://madeinbranded.com"
103.42.58.162 - - [26/Nov/2025:07:21:40 -0500] "POST /wp-login.php HTTP/1.1" 200 2374 "https://madeinbranded.com/wp-login.php" "Mozilla/5.0 (Windows NT 6.1; rv:61.0) Gecko/20100101 Firefox/61.0"
132.148.182.32 - - [26/Nov/2025:07:41:53 -0500] "GET /wp-login.php HTTP/1.1" 200 2276 "-" "Mozilla/5.0 (X11; Ubuntu; Linux x86_64; rv:61.0) Gecko/20100101 Firefox/61.0"
162.0.217.77 - - [26/Nov/2025:07:41:56 -0500] "POST /wp-cron.php?doing_wp_cron=1764160916.4312090873718261718750 HTTP/1.1" 200 0 "-" "WordPress/6.8.3; https://madeinbranded.com"
132.148.182.32 - - [26/Nov/2025:07:41:54 -0500] "POST /wp-login.php HTTP/1.1" 200 2374 "https://madeinbranded.com/wp-login.php" "Mozilla/5.0 (X11; Ubuntu; Linux x86_64; rv:61.0) Gecko/20100101 Firefox/61.0"
157.245.212.146 - - [26/Nov/2025:07:44:16 -0500] "GET / HTTP/1.1" 200 22252 "-" "Mozilla/5.0 (Windows NT 10.0; Win64; x64) AppleWebKit/537.36 (KHTML, like Gecko) Chrome/80.0.3987.149 Safari/537.36"
162.0.217.77 - - [26/Nov/2025:07:44:19 -0500] "POST /wp-cron.php?doing_wp_cron=1764161059.6425259113311767578125 HTTP/1.1" 200 0 "-" "WordPress/6.8.3; https://madeinbranded.com"
157.245.212.146 - - [26/Nov/2025:07:44:18 -0500] "GET //wp-includes/wlwmanifest.xml HTTP/1.1" 301 0 "-" "Mozilla/5.0 (Windows NT 10.0; Win64; x64) AppleWebKit/537.36 (KHTML, like Gecko) Chrome/80.0.3987.149 Safari/537.36"
157.245.212.146 - - [26/Nov/2025:07:44:20 -0500] "GET / HTTP/1.1" 200 22252 "-" "Mozilla/5.0 (Windows NT 10.0; Win64; x64) AppleWebKit/537.36 (KHTML, like Gecko) Chrome/80.0.3987.149 Safari/537.36"
157.245.212.146 - - [26/Nov/2025:07:44:22 -0500] "GET //?author=1 HTTP/1.1" 403 1242 "-" "Mozilla/5.0 (Windows NT 10.0; Win64; x64) AppleWebKit/537.36 (KHTML, like Gecko) Chrome/80.0.3987.149 Safari/537.36"
157.245.212.146 - - [26/Nov/2025:07:44:22 -0500] "GET //?author=2 HTTP/1.1" 403 1242 "-" "Mozilla/5.0 (Windows NT 10.0; Win64; x64) AppleWebKit/537.36 (KHTML, like Gecko) Chrome/80.0.3987.149 Safari/537.36"
157.245.212.146 - - [26/Nov/2025:07:44:22 -0500] "GET //wp-json/wp/v2/users/ HTTP/1.1" 200 1507 "-" "Mozilla/5.0 (Windows NT 10.0; Win64; x64) AppleWebKit/537.36 (KHTML, like Gecko) Chrome/80.0.3987.149 Safari/537.36"
162.214.80.115 - - [26/Nov/2025:07:46:08 -0500] "POST /xmlrpc.php HTTP/1.1" 403 1242 "-" "Mozilla/5.0 (Windows NT 6.1) AppleWebKit/537.36 (KHTML, like Gecko) Chrome/67.0.3396.79 Safari/537.36"
162.214.80.115 - - [26/Nov/2025:07:46:18 -0500] "POST /xmlrpc.php HTTP/1.1" 403 1242 "-" "Mozilla/5.0 (Windows NT 6.1) AppleWebKit/537.36 (KHTML, like Gecko) Chrome/67.0.3396.79 Safari/537.36"
162.214.80.115 - - [26/Nov/2025:07:46:26 -0500] "POST /xmlrpc.php HTTP/1.1" 403 1242 "-" "Mozilla/5.0 (Windows NT 6.1) AppleWebKit/537.36 (KHTML, like Gecko) Chrome/67.0.3396.79 Safari/537.36"
162.214.80.115 - - [26/Nov/2025:07:46:37 -0500] "POST /xmlrpc.php HTTP/1.1" 403 1242 "-" "Mozilla/5.0 (Windows NT 6.1) AppleWebKit/537.36 (KHTML, like Gecko) Chrome/67.0.3396.79 Safari/537.36"
162.214.80.115 - - [26/Nov/2025:07:46:49 -0500] "POST /xmlrpc.php HTTP/1.1" 403 1242 "-" "Mozilla/5.0 (Windows NT 6.1) AppleWebKit/537.36 (KHTML, like Gecko) Chrome/67.0.3396.79 Safari/537.36"
192.241.135.45 - - [26/Nov/2025:07:48:12 -0500] "GET /wp-login.php HTTP/1.1" 200 2276 "-" "Mozilla/5.0 (Windows NT 6.1; WOW64; Trident/7.0; rv:11.0) like Gecko,gzip(gfe)"
162.0.217.77 - - [26/Nov/2025:07:48:16 -0500] "POST /wp-cron.php?doing_wp_cron=1764161296.5528099536895751953125 HTTP/1.1" 200 0 "-" "WordPress/6.8.3; https://madeinbranded.com"
192.241.135.45 - - [26/Nov/2025:07:48:15 -0500] "POST /wp-login.php HTTP/1.1" 200 2374 "https://madeinbranded.com/wp-login.php" "Mozilla/5.0 (Windows NT 6.1; WOW64; Trident/7.0; rv:11.0) like Gecko,gzip(gfe)"
20.191.45.212 - - [26/Nov/2025:07:53:14 -0500] "GET / HTTP/1.1" 200 22252 "https://madeinbranded.com/" "DuckDuckBot/1.1; (+http://duckduckgo.com/duckduckbot.html)"
20.191.45.212 - - [26/Nov/2025:07:53:15 -0500] "GET /wp-content/uploads/2023/04/MIB-Logo-png-180x180-favicon-100x100.png HTTP/1.1" 200 6192 "https://madeinbranded.com/wp-content/uploads/2023/04/MIB-Logo-png-180x180-favicon-100x100.png" "DuckDuckBot/1.1; (+http://duckduckgo.com/duckduckbot.html)"
68.178.226.19 - - [26/Nov/2025:07:56:33 -0500] "GET /wp-login.php HTTP/1.1" 200 2276 "-" "Mozilla/5.0 (MSIE 9.0; Windows NT 6.1; WOW64; Trident/7.0; rv:11.0) like Gecko"
162.0.217.77 - - [26/Nov/2025:07:56:37 -0500] "POST /wp-cron.php?doing_wp_cron=1764161797.3160800933837890625000 HTTP/1.1" 200 0 "-" "WordPress/6.8.3; https://madeinbranded.com"
68.178.226.19 - - [26/Nov/2025:07:56:34 -0500] "POST /wp-login.php HTTP/1.1" 200 2374 "https://madeinbranded.com/wp-login.php" "Mozilla/5.0 (MSIE 9.0; Windows NT 6.1; WOW64; Trident/7.0; rv:11.0) like Gecko"
103.106.105.218 - - [26/Nov/2025:08:04:03 -0500] "GET /wp-login.php HTTP/1.1" 200 2276 "-" "Mozilla/5.0 (Windows NT 6.1; WOW64; Trident/7.0; NP08; NP08; MAAU; rv:11.0) like Gecko"
162.0.217.77 - - [26/Nov/2025:08:04:08 -0500] "POST /wp-cron.php?doing_wp_cron=1764162248.1524639129638671875000 HTTP/1.1" 200 0 "-" "WordPress/6.8.3; https://madeinbranded.com"
103.106.105.218 - - [26/Nov/2025:08:04:05 -0500] "POST /wp-login.php HTTP/1.1" 200 2374 "https://madeinbranded.com/wp-login.php" "Mozilla/5.0 (Windows NT 6.1; WOW64; Trident/7.0; NP08; NP08; MAAU; rv:11.0) like Gecko"
162.0.217.77 - - [26/Nov/2025:08:10:17 -0500] "POST /wp-cron.php?doing_wp_cron=1764162616.9128119945526123046875 HTTP/1.1" 200 0 "-" "WordPress/6.8.3; https://madeinbranded.com"
35.196.208.200 - - [26/Nov/2025:08:10:13 -0500] "GET /media/system/js/core.js HTTP/1.1" 404 16283 "http://madeinbranded.com/media/system/js/core.js" "Mozilla/5.0 (Macintosh; Intel Mac OS X 10_10_1) AppleWebKit/537.36 (KHTML, like Gecko) Chrome/39.0.2171.95 Safari/537.36"
35.196.208.200 - - [26/Nov/2025:08:10:20 -0500] "GET /wp-includes/js/jquery/jquery.js HTTP/1.1" 200 81316 "http://madeinbranded.com/wp-includes/js/jquery/jquery.js" "Mozilla/5.0 (Macintosh; Intel Mac OS X 10_10_1) AppleWebKit/537.36 (KHTML, like Gecko) Chrome/39.0.2171.95 Safari/537.36"
162.0.217.77 - - [26/Nov/2025:08:11:50 -0500] "POST /wp-cron.php?doing_wp_cron=1764162710.0126531124114990234375 HTTP/1.1" 200 0 "-" "WordPress/6.8.3; https://madeinbranded.com"
52.169.206.229 - - [26/Nov/2025:08:11:48 -0500] "GET /wp-content/plugins/hellopress/wp_filemanager.php HTTP/1.1" 404 16283 "-" "-"
52.169.206.229 - - [26/Nov/2025:08:11:50 -0500] "GET /atomlib.php HTTP/1.1" 404 16283 "-" "-"
52.169.206.229 - - [26/Nov/2025:08:11:50 -0500] "GET /a.php HTTP/1.1" 404 16283 "-" "-"
52.169.206.229 - - [26/Nov/2025:08:11:50 -0500] "GET /v.php HTTP/1.1" 404 16283 "-" "-"
52.169.206.229 - - [26/Nov/2025:08:11:51 -0500] "GET /d2.php HTTP/1.1" 404 16283 "-" "-"
52.169.206.229 - - [26/Nov/2025:08:11:51 -0500] "GET /xc.php HTTP/1.1" 404 16283 "-" "-"
52.169.206.229 - - [26/Nov/2025:08:11:51 -0500] "GET /g.php HTTP/1.1" 404 16283 "-" "-"
52.169.206.229 - - [26/Nov/2025:08:11:52 -0500] "GET /gmo.php HTTP/1.1" 404 16283 "-" "-"
52.169.206.229 - - [26/Nov/2025:08:11:52 -0500] "GET /11.php HTTP/1.1" 404 16283 "-" "-"
52.169.206.229 - - [26/Nov/2025:08:11:52 -0500] "GET /20.php HTTP/1.1" 404 16283 "-" "-"
52.169.206.229 - - [26/Nov/2025:08:11:52 -0500] "GET /f35.php HTTP/1.1" 404 16283 "-" "-"
52.169.206.229 - - [26/Nov/2025:08:11:53 -0500] "GET /1.php HTTP/1.1" 404 16283 "-" "-"
52.169.206.229 - - [26/Nov/2025:08:11:53 -0500] "GET /c.php HTTP/1.1" 404 16283 "-" "-"
52.169.206.229 - - [26/Nov/2025:08:11:53 -0500] "GET /build.php HTTP/1.1" 404 16283 "-" "-"
52.169.206.229 - - [26/Nov/2025:08:11:54 -0500] "GET /bless.php HTTP/1.1" 404 16283 "-" "-"
52.169.206.229 - - [26/Nov/2025:08:11:54 -0500] "GET /admin/upload/css.php HTTP/1.1" 404 16283 "-" "-"
52.169.206.229 - - [26/Nov/2025:08:11:55 -0500] "GET /lock360.php HTTP/1.1" 404 16283 "-" "-"
52.169.206.229 - - [26/Nov/2025:08:11:55 -0500] "GET /4.php?p= HTTP/1.1" 301 0 "-" "-"
52.169.206.229 - - [26/Nov/2025:08:11:55 -0500] "GET /4.php HTTP/1.1" 404 16283 "-" "-"
52.169.206.229 - - [26/Nov/2025:08:11:55 -0500] "GET /about.php HTTP/1.1" 404 16283 "-" "-"
52.169.206.229 - - [26/Nov/2025:08:11:55 -0500] "GET /r.php HTTP/1.1" 404 16283 "-" "-"
52.169.206.229 - - [26/Nov/2025:08:11:56 -0500] "GET /v4.php HTTP/1.1" 404 16283 "-" "-"
52.169.206.229 - - [26/Nov/2025:08:11:56 -0500] "GET /wp-22.php HTTP/1.1" 404 16283 "-" "-"
52.169.206.229 - - [26/Nov/2025:08:11:56 -0500] "GET /makeasmtp.php?p= HTTP/1.1" 301 0 "-" "-"
52.169.206.229 - - [26/Nov/2025:08:11:56 -0500] "GET /makeasmtp.php HTTP/1.1" 404 16283 "-" "-"
52.169.206.229 - - [26/Nov/2025:08:11:57 -0500] "GET /system_log.php HTTP/1.1" 404 16283 "-" "-"
52.169.206.229 - - [26/Nov/2025:08:11:57 -0500] "GET /NewFile.php HTTP/1.1" 404 16283 "-" "-"
52.169.206.229 - - [26/Nov/2025:08:11:57 -0500] "GET /t.php?p= HTTP/1.1" 301 0 "-" "-"
52.169.206.229 - - [26/Nov/2025:08:11:57 -0500] "GET /t.php HTTP/1.1" 404 16283 "-" "-"
52.169.206.229 - - [26/Nov/2025:08:11:57 -0500] "GET /ee.php HTTP/1.1" 404 16283 "-" "-"
52.169.206.229 - - [26/Nov/2025:08:11:58 -0500] "GET /2.php HTTP/1.1" 404 16283 "-" "-"
52.169.206.229 - - [26/Nov/2025:08:11:58 -0500] "GET //gmo.php HTTP/1.1" 301 0 "-" "-"
52.169.206.229 - - [26/Nov/2025:08:11:58 -0500] "GET /gmo.php HTTP/1.1" 404 16283 "-" "-"
52.169.206.229 - - [26/Nov/2025:08:11:58 -0500] "GET /6.php HTTP/1.1" 404 16283 "-" "-"
52.169.206.229 - - [26/Nov/2025:08:11:58 -0500] "GET /12.php HTTP/1.1" 404 16283 "-" "-"
52.169.206.229 - - [26/Nov/2025:08:11:59 -0500] "GET /0.php HTTP/1.1" 404 16283 "-" "-"
52.169.206.229 - - [26/Nov/2025:08:11:59 -0500] "GET /wp-admin/css/wp-conflg.php?p= HTTP/1.1" 301 0 "-" "-"
52.169.206.229 - - [26/Nov/2025:08:11:59 -0500] "GET /wp-admin/css/wp-conflg.php HTTP/1.1" 404 16283 "-" "-"
52.169.206.229 - - [26/Nov/2025:08:11:59 -0500] "GET /wp-includes/js/codemirror/index.php HTTP/1.1" 301 0 "-" "-"
52.169.206.229 - - [26/Nov/2025:08:12:00 -0500] "GET /wp-includes/js/codemirror/ HTTP/1.1" 403 1242 "-" "-"
52.169.206.229 - - [26/Nov/2025:08:12:00 -0500] "GET /02.php HTTP/1.1" 404 16282 "-" "-"
52.169.206.229 - - [26/Nov/2025:08:12:00 -0500] "GET /w.php HTTP/1.1" 404 16282 "-" "-"
52.169.206.229 - - [26/Nov/2025:08:12:00 -0500] "GET /go.php?p= HTTP/1.1" 301 0 "-" "-"
52.169.206.229 - - [26/Nov/2025:08:12:00 -0500] "GET /go.php HTTP/1.1" 404 16283 "-" "-"
52.169.206.229 - - [26/Nov/2025:08:12:01 -0500] "GET /ee.php HTTP/1.1" 404 16283 "-" "-"
52.169.206.229 - - [26/Nov/2025:08:12:01 -0500] "GET /an.php HTTP/1.1" 404 16283 "-" "-"
52.169.206.229 - - [26/Nov/2025:08:12:01 -0500] "GET /wp.php HTTP/1.1" 404 16283 "-" "-"
52.169.206.229 - - [26/Nov/2025:08:12:01 -0500] "GET /wp-content/plugins/TOPXOH/wDR.php HTTP/1.1" 404 16283 "-" "-"
52.169.206.229 - - [26/Nov/2025:08:12:02 -0500] "GET /admin.php HTTP/1.1" 404 16283 "-" "-"
52.169.206.229 - - [26/Nov/2025:08:12:02 -0500] "GET /admin.php?p= HTTP/1.1" 301 0 "-" "-"
52.169.206.229 - - [26/Nov/2025:08:12:02 -0500] "GET /admin.php HTTP/1.1" 404 16283 "-" "-"
52.169.206.229 - - [26/Nov/2025:08:12:02 -0500] "GET /wp-includes/Text/Diff/Engine/about.php HTTP/1.1" 404 16283 "-" "-"
52.169.206.229 - - [26/Nov/2025:08:12:02 -0500] "GET /index/function.php HTTP/1.1" 404 16283 "-" "-"
52.169.206.229 - - [26/Nov/2025:08:12:03 -0500] "GET /wp-includes/ID3/rk2.php HTTP/1.1" 404 16283 "-" "-"
52.169.206.229 - - [26/Nov/2025:08:12:03 -0500] "GET /license.php HTTP/1.1" 404 16283 "-" "-"
52.169.206.229 - - [26/Nov/2025:08:12:03 -0500] "GET /radio.php HTTP/1.1" 404 16283 "-" "-"
52.169.206.229 - - [26/Nov/2025:08:12:03 -0500] "GET /info.php HTTP/1.1" 404 16283 "-" "-"
52.169.206.229 - - [26/Nov/2025:08:12:04 -0500] "GET /alfanew.php HTTP/1.1" 404 16283 "-" "-"
52.169.206.229 - - [26/Nov/2025:08:12:05 -0500] "GET /inputs.php?p= HTTP/1.1" 301 0 "-" "-"
52.169.206.229 - - [26/Nov/2025:08:12:05 -0500] "GET /inputs.php HTTP/1.1" 404 16283 "-" "-"
52.169.206.229 - - [26/Nov/2025:08:12:05 -0500] "GET /admin/function.php HTTP/1.1" 404 16283 "-" "-"
52.169.206.229 - - [26/Nov/2025:08:12:06 -0500] "GET /wp-includes/assets/index.php HTTP/1.1" 301 0 "-" "-"
52.169.206.229 - - [26/Nov/2025:08:12:06 -0500] "GET /wp-includes/assets/ HTTP/1.1" 403 1242 "-" "-"
52.169.206.229 - - [26/Nov/2025:08:12:06 -0500] "GET /wp-admin/images/index.php HTTP/1.1" 301 0 "-" "-"
52.169.206.229 - - [26/Nov/2025:08:12:06 -0500] "GET /wp-admin/images/ HTTP/1.1" 403 1242 "-" "-"
52.169.206.229 - - [26/Nov/2025:08:12:06 -0500] "GET /default.php HTTP/1.1" 404 16283 "-" "-"
52.169.206.229 - - [26/Nov/2025:08:12:06 -0500] "GET /lv.php HTTP/1.1" 404 16283 "-" "-"
52.169.206.229 - - [26/Nov/2025:08:12:07 -0500] "GET /wp-content/themes/wp-pridmag/init.php HTTP/1.1" 404 16283 "-" "-"
52.169.206.229 - - [26/Nov/2025:08:12:07 -0500] "GET /marijuana.php HTTP/1.1" 404 16283 "-" "-"
52.169.206.229 - - [26/Nov/2025:08:12:07 -0500] "GET /wp-includes/autoload_classmap.php HTTP/1.1" 403 1242 "-" "-"
52.169.206.229 - - [26/Nov/2025:08:12:07 -0500] "GET /wp-content/403.php HTTP/1.1" 404 16283 "-" "-"
52.169.206.229 - - [26/Nov/2025:08:12:08 -0500] "GET /css/colors/coffee/index.php HTTP/1.1" 301 0 "-" "-"
52.169.206.229 - - [26/Nov/2025:08:12:08 -0500] "GET /css/colors/coffee/ HTTP/1.1" 404 16283 "-" "-"
52.169.206.229 - - [26/Nov/2025:08:12:08 -0500] "GET /css.php HTTP/1.1" 404 16283 "-" "-"
52.169.206.229 - - [26/Nov/2025:08:12:08 -0500] "GET /wp-admin/user/about.php HTTP/1.1" 302 0 "-" "-"
52.169.206.229 - - [26/Nov/2025:08:12:09 -0500] "GET /wp-login.php?redirect_to=https%3A%2F%2Fmadeinbranded.com%2Fwp-admin%2Fuser%2Fabout.php&reauth=1 HTTP/1.1" 200 2280 "-" "-"
52.169.206.229 - - [26/Nov/2025:08:12:09 -0500] "GET /about.php HTTP/1.1" 404 16283 "-" "-"
52.169.206.229 - - [26/Nov/2025:08:12:09 -0500] "GET /1.php? HTTP/1.1" 404 16283 "-" "-"
52.169.206.229 - - [26/Nov/2025:08:12:09 -0500] "GET /marijuana.php? HTTP/1.1" 404 16283 "-" "-"
52.169.206.229 - - [26/Nov/2025:08:12:09 -0500] "GET /about/function.php? HTTP/1.1" 404 16283 "-" "-"
52.169.206.229 - - [26/Nov/2025:08:12:10 -0500] "GET /simple.php HTTP/1.1" 404 16283 "-" "-"
52.169.206.229 - - [26/Nov/2025:08:12:10 -0500] "GET /goat1.php HTTP/1.1" 404 16283 "-" "-"
52.169.206.229 - - [26/Nov/2025:08:12:10 -0500] "GET /chosen.php? HTTP/1.1" 404 16283 "-" "-"
52.169.206.229 - - [26/Nov/2025:08:12:10 -0500] "GET /wp-cron.php? HTTP/1.1" 200 0 "-" "-"
52.169.206.229 - - [26/Nov/2025:08:12:10 -0500] "GET /yanz.php HTTP/1.1" 404 16283 "-" "-"
52.169.206.229 - - [26/Nov/2025:08:12:11 -0500] "GET /config.php? HTTP/1.1" 404 16283 "-" "-"
52.169.206.229 - - [26/Nov/2025:08:12:11 -0500] "GET /network.php HTTP/1.1" 404 16283 "-" "-"
52.169.206.229 - - [26/Nov/2025:08:12:11 -0500] "GET /wp-2019.php? HTTP/1.1" 404 16283 "-" "-"
52.169.206.229 - - [26/Nov/2025:08:12:11 -0500] "GET /bypass.php HTTP/1.1" 404 16283 "-" "-"
52.169.206.229 - - [26/Nov/2025:08:12:11 -0500] "GET /wp-includes/IXR/admin.php HTTP/1.1" 404 16283 "-" "-"
52.169.206.229 - - [26/Nov/2025:08:12:12 -0500] "GET /wp-includes/theme-compat/wp-login.php HTTP/1.1" 403 1242 "-" "-"
52.169.206.229 - - [26/Nov/2025:08:12:12 -0500] "GET /tiny.php?p= HTTP/1.1" 301 0 "-" "-"
52.169.206.229 - - [26/Nov/2025:08:12:12 -0500] "GET /tiny.php HTTP/1.1" 404 16283 "-" "-"
52.169.206.229 - - [26/Nov/2025:08:12:13 -0500] "GET /lock.php HTTP/1.1" 404 16283 "-" "-"
52.169.206.229 - - [26/Nov/2025:08:12:13 -0500] "GET /mail.php? HTTP/1.1" 404 16283 "-" "-"
52.169.206.229 - - [26/Nov/2025:08:12:13 -0500] "GET /wp-includes/system_log.php? HTTP/1.1" 403 1242 "-" "-"
52.169.206.229 - - [26/Nov/2025:08:12:13 -0500] "GET /file.php? HTTP/1.1" 404 16283 "-" "-"
52.169.206.229 - - [26/Nov/2025:08:12:13 -0500] "GET /as.php HTTP/1.1" 404 16283 "-" "-"
52.169.206.229 - - [26/Nov/2025:08:12:13 -0500] "GET /.well-known/acme-challenge/index.php HTTP/1.1" 301 0 "-" "-"
52.169.206.229 - - [26/Nov/2025:08:12:14 -0500] "GET /.well-known/acme-challenge/ HTTP/1.1" 404 16283 "-" "-"
52.169.206.229 - - [26/Nov/2025:08:12:14 -0500] "GET /wp-content/themes/wp-pridmag/init.php? HTTP/1.1" 404 16283 "-" "-"
52.169.206.229 - - [26/Nov/2025:08:12:14 -0500] "GET /manager.php?p= HTTP/1.1" 301 0 "-" "-"
52.169.206.229 - - [26/Nov/2025:08:12:14 -0500] "GET /manager.php HTTP/1.1" 404 16283 "-" "-"
52.169.206.229 - - [26/Nov/2025:08:12:14 -0500] "GET /plugins/pwnd/as.php HTTP/1.1" 404 16283 "-" "-"
52.169.206.229 - - [26/Nov/2025:08:12:14 -0500] "GET /wp-configs.php? HTTP/1.1" 404 16283 "-" "-"
52.169.206.229 - - [26/Nov/2025:08:12:15 -0500] "GET /wp-includes/html-api/wp-conflg.php?p= HTTP/1.1" 301 0 "-" "-"
52.169.206.229 - - [26/Nov/2025:08:12:15 -0500] "GET /wp-includes/html-api/wp-conflg.php HTTP/1.1" 404 16283 "-" "-"
52.169.206.229 - - [26/Nov/2025:08:12:15 -0500] "GET /wp-includes/js/crop/zmFM.php HTTP/1.1" 404 16283 "-" "-"
52.169.206.229 - - [26/Nov/2025:08:12:16 -0500] "GET /wp-includes/rest-api/fields/index.php? HTTP/1.1" 301 0 "-" "-"
52.169.206.229 - - [26/Nov/2025:08:12:16 -0500] "GET /wp-includes/rest-api/fields/ HTTP/1.1" 403 1242 "-" "-"
52.169.206.229 - - [26/Nov/2025:08:12:16 -0500] "GET /index/fucku.php HTTP/1.1" 404 16283 "-" "-"
52.169.206.229 - - [26/Nov/2025:08:12:16 -0500] "GET /upload/wp-info.php HTTP/1.1" 404 16283 "-" "-"
52.169.206.229 - - [26/Nov/2025:08:12:16 -0500] "GET /post.php HTTP/1.1" 404 16283 "-" "-"
52.169.206.229 - - [26/Nov/2025:08:12:17 -0500] "GET /.well-known/acme-challenge/admin.php HTTP/1.1" 404 16283 "-" "-"
222.112.27.113 - - [26/Nov/2025:08:12:51 -0500] "GET /wp-login.php HTTP/1.1" 200 2276 "-" "Mozilla/4.0 (compatible; MSIE 7.0; Windows NT 6.1; WOW64; Trident/7.0; SLCC2; .NET CLR 2.0.50727; .NET CLR 3.5.30729; .NET CLR 3.0.30729; InfoPath.2; .NET4.0C; .NET4.0E)"
162.0.217.77 - - [26/Nov/2025:08:12:55 -0500] "POST /wp-cron.php?doing_wp_cron=1764162775.5004479885101318359375 HTTP/1.1" 200 0 "-" "WordPress/6.8.3; https://madeinbranded.com"
222.112.27.113 - - [26/Nov/2025:08:12:55 -0500] "POST /wp-login.php HTTP/1.1" 200 2374 "https://madeinbranded.com/wp-login.php" "Mozilla/4.0 (compatible; MSIE 7.0; Windows NT 6.1; WOW64; Trident/7.0; SLCC2; .NET CLR 2.0.50727; .NET CLR 3.5.30729; .NET CLR 3.0.30729; InfoPath.2; .NET4.0C; .NET4.0E)"
47.74.19.210 - - [26/Nov/2025:08:17:20 -0500] "POST /xmlrpc.php HTTP/1.1" 403 1242 "-" "Mozilla/5.0 (Macintosh; Intel Mac OS X 10_11_6) AppleWebKit/537.36 (KHTML, like Gecko) Chrome/66.0.3359.117 Safari/537.36"
92.205.224.57 - - [26/Nov/2025:08:26:11 -0500] "GET /wp-login.php HTTP/1.1" 200 2276 "-" "Mozilla/5.0 (X11; Ubuntu; Linux x86_64; rv:85.0) Gecko/20100101 Firefox/91.0"
162.0.217.77 - - [26/Nov/2025:08:26:12 -0500] "POST /wp-cron.php?doing_wp_cron=1764163572.8198730945587158203125 HTTP/1.1" 200 0 "-" "WordPress/6.8.3; https://madeinbranded.com"
2a00:1169:11c:8220:: - - [26/Nov/2025:08:26:11 -0500] "POST /wp-login.php HTTP/1.1" 200 2361 "-" "Mozilla/5.0 (X11; Ubuntu; Linux x86_64; rv:85.0) Gecko/20100101 Firefox/91.0"
2a03:2880:16ff:47:: - - [26/Nov/2025:08:18:35 -0500] "GET /robots.txt HTTP/1.1" 200 199 "-" "facebookexternalhit/1.1 (+http://www.facebook.com/externalhit_uatext.php)"
216.126.239.203 - - [26/Nov/2025:08:19:20 -0500] "GET /.git/config HTTP/1.1" 403 1242 "-" "Mozilla/5.0 (Macintosh; Intel Mac OS X 10_13_6) AppleWebKit/537.36 (KHTML, like Gecko) Chrome/76.0.3809.87 Safari/537.36"
162.241.216.71 - - [26/Nov/2025:08:24:33 -0500] "GET /wp-login.php HTTP/1.1" 200 2276 "-" "Mozilla/5.0 (Windows NT 6.1; WOW64; Trident/7.0; NP08; rv:11.0) like Gecko"
162.0.217.77 - - [26/Nov/2025:08:24:36 -0500] "POST /wp-cron.php?doing_wp_cron=1764163476.4010219573974609375000 HTTP/1.1" 200 0 "-" "WordPress/6.8.3; https://madeinbranded.com"
162.241.216.71 - - [26/Nov/2025:08:24:33 -0500] "POST /wp-login.php HTTP/1.1" 200 2374 "https://madeinbranded.com/wp-login.php" "Mozilla/5.0 (Windows NT 6.1; WOW64; Trident/7.0; NP08; rv:11.0) like Gecko"
170.106.192.208 - - [26/Nov/2025:08:42:52 -0500] "GET / HTTP/1.1" 200 22252 "http://madeinbranded.com" "Mozilla/5.0 (iPhone; CPU iPhone OS 13_2_3 like Mac OS X) AppleWebKit/605.1.15 (KHTML, like Gecko) Version/13.0.3 Mobile/15E148 Safari/604.1"
192.185.81.108 - - [26/Nov/2025:08:35:00 -0500] "GET /wp-login.php HTTP/1.1" 200 2276 "-" "Mozilla/5.0 (Windows NT 6.1; Win64; x64) AppleWebKit/537.36 (KHTML, like Gecko) Chrome/65.0.3325.181 Safari/537.36 OPR/52.0.2871.99"
162.0.217.77 - - [26/Nov/2025:08:35:11 -0500] "POST /wp-cron.php?doing_wp_cron=1764164111.0098729133605957031250 HTTP/1.1" 200 0 "-" "WordPress/6.8.3; https://madeinbranded.com"
192.185.81.108 - - [26/Nov/2025:08:35:06 -0500] "POST /wp-login.php HTTP/1.1" 200 2374 "https://madeinbranded.com/wp-login.php" "Mozilla/5.0 (Windows NT 6.1; Win64; x64) AppleWebKit/537.36 (KHTML, like Gecko) Chrome/65.0.3325.181 Safari/537.36 OPR/52.0.2871.99"
35.196.208.200 - - [26/Nov/2025:08:39:10 -0500] "GET / HTTP/1.1" 200 22252 "-" "Mozilla/5.0 (Windows NT 10.0; Win64; x64) AppleWebKit/537.36 (KHTML, like Gecko) Chrome/78.0.3904.108 Safari/537.36"
162.0.217.77 - - [26/Nov/2025:08:39:13 -0500] "POST /wp-cron.php?doing_wp_cron=1764164353.7781240940093994140625 HTTP/1.1" 200 0 "-" "WordPress/6.8.3; https://madeinbranded.com"
35.196.208.200 - - [26/Nov/2025:08:39:11 -0500] "GET //wp-includes/wlwmanifest.xml HTTP/1.1" 301 0 "-" "Mozilla/5.0 (Windows NT 10.0; Win64; x64) AppleWebKit/537.36 (KHTML, like Gecko) Chrome/78.0.3904.108 Safari/537.36"
35.196.208.200 - - [26/Nov/2025:08:39:14 -0500] "GET / HTTP/1.1" 200 22252 "-" "Mozilla/5.0 (Windows NT 10.0; Win64; x64) AppleWebKit/537.36 (KHTML, like Gecko) Chrome/78.0.3904.108 Safari/537.36"
35.196.208.200 - - [26/Nov/2025:08:39:14 -0500] "GET //?author=1 HTTP/1.1" 403 1242 "-" "Mozilla/5.0 (Windows NT 10.0; Win64; x64) AppleWebKit/537.36 (KHTML, like Gecko) Chrome/78.0.3904.108 Safari/537.36"
35.196.208.200 - - [26/Nov/2025:08:39:15 -0500] "GET //?author=2 HTTP/1.1" 403 1242 "-" "Mozilla/5.0 (Windows NT 10.0; Win64; x64) AppleWebKit/537.36 (KHTML, like Gecko) Chrome/78.0.3904.108 Safari/537.36"
35.196.208.200 - - [26/Nov/2025:08:39:15 -0500] "GET //wp-json/wp/v2/users/ HTTP/1.1" 200 1507 "-" "Mozilla/5.0 (Windows NT 10.0; Win64; x64) AppleWebKit/537.36 (KHTML, like Gecko) Chrome/78.0.3904.108 Safari/537.36"
217.154.198.74 - - [26/Nov/2025:08:39:15 -0500] "GET /wp-login.php HTTP/1.1" 200 2276 "-" "Mozilla/5.0 (Windows NT 6.3; Win64; x64; Trident/7.0; Touch; MASMJS; rv:11.0) like Gecko"
217.154.198.74 - - [26/Nov/2025:08:39:16 -0500] "POST /wp-login.php HTTP/1.1" 200 2374 "https://madeinbranded.com/wp-login.php" "Mozilla/5.0 (Windows NT 6.3; Win64; x64; Trident/7.0; Touch; MASMJS; rv:11.0) like Gecko"
161.97.143.134 - - [26/Nov/2025:08:48:37 -0500] "GET /wp-login.php HTTP/1.1" 200 2276 "-" "Mozilla/5.0 (Windows NT 5.1; Win64; x64) AppleWebKit/537.36 (KHTML, like Gecko) Chrome/52.0.2743.116 Safari/537.36 Edge/15.15063"
162.0.217.77 - - [26/Nov/2025:08:48:41 -0500] "POST /wp-cron.php?doing_wp_cron=1764164921.0578300952911376953125 HTTP/1.1" 200 0 "-" "WordPress/6.8.3; https://madeinbranded.com"
161.97.143.134 - - [26/Nov/2025:08:48:38 -0500] "POST /wp-login.php HTTP/1.1" 200 2374 "https://madeinbranded.com/wp-login.php" "Mozilla/5.0 (Windows NT 5.1; Win64; x64) AppleWebKit/537.36 (KHTML, like Gecko) Chrome/52.0.2743.116 Safari/537.36 Edge/15.15063"
162.0.217.77 - - [26/Nov/2025:08:51:11 -0500] "POST /wp-cron.php?doing_wp_cron=1764165071.1542088985443115234375 HTTP/1.1" 200 0 "-" "WordPress/6.8.3; https://madeinbranded.com"
182.44.10.67 - - [26/Nov/2025:08:51:10 -0500] "GET / HTTP/1.1" 301 0 "http://www.madeinbranded.com" "Mozilla/5.0 (iPhone; CPU iPhone OS 13_2_3 like Mac OS X) AppleWebKit/605.1.15 (KHTML, like Gecko) Version/13.0.3 Mobile/15E148 Safari/604.1"
182.44.10.67 - - [26/Nov/2025:08:51:12 -0500] "GET / HTTP/1.1" 200 22252 "https://www.madeinbranded.com/" "Mozilla/5.0 (iPhone; CPU iPhone OS 13_2_3 like Mac OS X) AppleWebKit/605.1.15 (KHTML, like Gecko) Version/13.0.3 Mobile/15E148 Safari/604.1"
194.233.93.96 - - [26/Nov/2025:08:55:43 -0500] "GET /wp-login.php HTTP/1.1" 200 2276 "-" "Mozilla/5.0 (Windows NT 10.0; WOW64; Trident/7.0; TAJB; rv:11.0) like Gecko"
162.0.217.77 - - [26/Nov/2025:08:55:47 -0500] "POST /wp-cron.php?doing_wp_cron=1764165347.0529379844665527343750 HTTP/1.1" 200 0 "-" "WordPress/6.8.3; https://madeinbranded.com"
194.233.93.96 - - [26/Nov/2025:08:55:45 -0500] "POST /wp-login.php HTTP/1.1" 200 2374 "https://madeinbranded.com/wp-login.php" "Mozilla/5.0 (Windows NT 10.0; WOW64; Trident/7.0; TAJB; rv:11.0) like Gecko"
142.111.146.31 - - [26/Nov/2025:09:03:18 -0500] "GET /.env HTTP/1.1" 403 1242 "http://madeinbranded.com/.env" "Mozilla/5.0 (Windows NT 10.0; Win64; x64) AppleWebKit/537.36 (KHTML, like Gecko) Chrome/120.0.0.0 Safari/537.36"
74.208.210.248 - - [26/Nov/2025:09:06:35 -0500] "GET /wp-login.php HTTP/1.1" 200 2276 "-" "Mozilla/4.0 (compatible; MSIE 7.0; Windows NT 6.2; Trident/7.0; .NET4.0C; .NET4.0E; .NET CLR 2.0.50727; .NET CLR 3.0.30729; .NET CLR 3.5.30729; SLCC2; Media Center PC 6.0)"
162.0.217.77 - - [26/Nov/2025:09:06:41 -0500] "POST /wp-cron.php?doing_wp_cron=1764166001.3400518894195556640625 HTTP/1.1" 200 0 "-" "WordPress/6.8.3; https://madeinbranded.com"
74.208.210.248 - - [26/Nov/2025:09:06:39 -0500] "POST /wp-login.php HTTP/1.1" 200 2374 "https://madeinbranded.com/wp-login.php" "Mozilla/4.0 (compatible; MSIE 7.0; Windows NT 6.2; Trident/7.0; .NET4.0C; .NET4.0E; .NET CLR 2.0.50727; .NET CLR 3.0.30729; .NET CLR 3.5.30729; SLCC2; Media Center PC 6.0)"
162.43.120.17 - - [26/Nov/2025:09:06:48 -0500] "GET /wp-login.php HTTP/1.1" 200 2276 "-" "Mozilla/5.0 (Windows NT 6.3; WOW64; Trident/7.0; Touch; MDDCJS; rv:11.0) like Gecko"
162.43.120.17 - - [26/Nov/2025:09:06:51 -0500] "POST /wp-login.php HTTP/1.1" 200 2374 "https://madeinbranded.com/wp-login.php" "Mozilla/5.0 (Windows NT 6.3; WOW64; Trident/7.0; Touch; MDDCJS; rv:11.0) like Gecko"
162.62.213.165 - - [26/Nov/2025:09:13:58 -0500] "GET / HTTP/1.1" 200 22252 "http://madeinbranded.com" "Mozilla/5.0 (iPhone; CPU iPhone OS 13_2_3 like Mac OS X) AppleWebKit/605.1.15 (KHTML, like Gecko) Version/13.0.3 Mobile/15E148 Safari/604.1"
162.241.218.247 - - [26/Nov/2025:09:19:08 -0500] "GET /wp-login.php HTTP/1.1" 200 2276 "-" "Mozilla/5.0 (Windows NT 10.0; WOW64; rv:61.0) Gecko/20100101 Firefox/61.0"
162.0.217.77 - - [26/Nov/2025:09:19:16 -0500] "POST /wp-cron.php?doing_wp_cron=1764166756.1742949485778808593750 HTTP/1.1" 200 0 "-" "WordPress/6.8.3; https://madeinbranded.com"
162.241.218.247 - - [26/Nov/2025:09:19:13 -0500] "POST /wp-login.php HTTP/1.1" 200 2374 "https://madeinbranded.com/wp-login.php" "Mozilla/5.0 (Windows NT 10.0; WOW64; rv:61.0) Gecko/20100101 Firefox/61.0"
220.158.232.162 - - [26/Nov/2025:09:19:16 -0500] "GET /wp-login.php HTTP/1.1" 200 2276 "-" "Mozilla/5.0 (Windows NT 6.1; Win64; x64) AppleWebKit/537.36 (KHTML, like Gecko) Chrome/66.0.3359.170 Safari/537.36 OPR/53.0.2907.99"
220.158.232.162 - - [26/Nov/2025:09:19:16 -0500] "POST /wp-login.php HTTP/1.1" 200 2374 "https://madeinbranded.com/wp-login.php" "Mozilla/5.0 (Windows NT 6.1; Win64; x64) AppleWebKit/537.36 (KHTML, like Gecko) Chrome/66.0.3359.170 Safari/537.36 OPR/53.0.2907.99"
78.153.140.218 - - [26/Nov/2025:09:25:22 -0500] "GET /.env HTTP/1.1" 403 1242 "-" "Mozilla/5.0 (X11; Linux x86_64; rv:2.0.1) Gecko/20110506 Firefox/4.0.1"
162.0.217.77 - - [26/Nov/2025:09:25:26 -0500] "POST /wp-cron.php?doing_wp_cron=1764167126.8988850116729736328125 HTTP/1.1" 200 0 "-" "WordPress/6.8.3; https://madeinbranded.com"
78.153.140.218 - - [26/Nov/2025:09:25:23 -0500] "GET / HTTP/1.1" 301 0 "-" "Mozilla/5.0 (Windows; U; Windows NT 6.1; en-US) AppleWebKit/532.0 (KHTML, like Gecko) Chrome/4.0.208.0 Safari/532.0"
78.153.140.218 - - [26/Nov/2025:09:25:27 -0500] "GET /sendgrid.env HTTP/1.1" 301 0 "-" "Mozilla/5.0 (Macintosh; Intel Mac OS X 10_13_1) AppleWebKit/537.36 (KHTML, like Gecko) Version/11.0.1 Safari/602.4.8"
78.153.140.218 - - [26/Nov/2025:09:25:29 -0500] "GET /twilio.env HTTP/1.1" 301 0 "-" "Mozilla/5.0 (Windows NT 10.0; WOW64) AppleWebKit/537.36 (KHTML, like Gecko) Chrome/72.0.3626.121 Safari/537.36"
78.153.140.218 - - [26/Nov/2025:09:25:30 -0500] "GET /api/.env HTTP/1.1" 403 1242 "-" "Mozilla/5.0 (Windows NT 6.2; Win64; x64) AppleWebKit/537.36 (KHTML, like Gecko) Chrome/54.0.2840.99 Safari/537.36"
78.153.140.218 - - [26/Nov/2025:09:25:31 -0500] "GET /phpinfo/ HTTP/1.1" 301 0 "-" "Mozilla/5.0 (Macintosh; Intel Mac OS X 10_11_1) AppleWebKit/600.1.4 (KHTML, like Gecko) Safari/600.1.4"
78.153.140.218 - - [26/Nov/2025:09:25:32 -0500] "GET /dev/.env HTTP/1.1" 403 1242 "-" "Mozilla/5.0 (iPad; CPU OS 7_1_1 like Mac OS X) AppleWebKit/537.51.2 (KHTML, like Gecko) Version/7.0 Mobile/11D201 Safari/9537.53 MxBrowser/4.3.5.2000"
78.153.140.218 - - [26/Nov/2025:09:25:33 -0500] "GET /app_dev.php/_profiler/phpinfo HTTP/1.1" 301 0 "-" "Opera/9.80 (Android 2.3.3; Linux; Opera Mobi/ADR-1103311355; U; en) Presto/2.7.81 Version/11.00"
78.153.140.218 - - [26/Nov/2025:09:25:34 -0500] "GET /admin/.env HTTP/1.1" 403 1242 "-" "Mozilla/5.0 (Windows; U; WinNT4.0; de-DE; rv:1.7.6) Gecko/20050226 Firefox/1.0.1"
78.153.140.218 - - [26/Nov/2025:09:25:35 -0500] "GET /laravel/.env HTTP/1.1" 403 1242 "-" "Mozilla/5.0 (Linux; U; Android 2.1-update1; de-de; HTC Desire 1.19.161.5 Build/ERE27) AppleWebKit/530.17 (KHTML, like Gecko) Version/4.0 Mobile Safari/530.17"
78.153.140.218 - - [26/Nov/2025:09:25:36 -0500] "GET /.config.yaml HTTP/1.1" 301 0 "-" "Mozilla/5.0 (Windows NT 6.1; rv:16.0) Gecko/20100101 Firefox/16.0"
78.153.140.218 - - [26/Nov/2025:09:25:37 -0500] "GET /backend/.env HTTP/1.1" 403 1242 "-" "Mozilla/5.0 (Windows NT 6.1; Win64; x64) AppleWebKit/537.36 (KHTML, like Gecko) Chrome/57.0.2987.98 Safari/537.36"
78.153.140.218 - - [26/Nov/2025:09:25:38 -0500] "GET /secrets.env HTTP/1.1" 301 0 "-" "Mozilla/5.0 (X11; U; Linux i686; en-US; rv:1.8.1.2) Gecko/20061201 Firefox/2.0.0.2 (Ubuntu-feisty)"
78.153.140.218 - - [26/Nov/2025:09:25:38 -0500] "GET /.env.example HTTP/1.1" 403 1242 "-" "Mozilla/5.0 (Windows NT 6.3; WOW64) AppleWebKit/537.36 (KHTML, like Gecko) Chrome/48.0.2564.82 Safari/537.36 OPR/35.0.2066.37"
78.153.140.218 - - [26/Nov/2025:09:25:40 -0500] "GET /web/.env HTTP/1.1" 301 0 "-" "Mozilla/5.0 (Windows NT 10.0; WOW64; Trident/7.0; MASAJS; rv:11.0) like Gecko"
78.153.140.218 - - [26/Nov/2025:09:25:41 -0500] "GET /.env.bak HTTP/1.1" 403 1242 "-" "Mozilla/5.0 (X11; U; Linux x86_64; en-US; rv:1.9.2.13) Gecko/20101219 Gentoo Firefox/3.6.13"
78.153.140.218 - - [26/Nov/2025:09:25:42 -0500] "GET /staging/.env HTTP/1.1" 403 1242 "-" "Mozilla/5.0 (Linux; U; Android 2.3.6; en-us; C5120 Build/GRK39F) AppleWebKit/533.1 (KHTML, like Gecko) Version/4.0 Mobile Safari/533.1"
78.153.140.218 - - [26/Nov/2025:09:25:43 -0500] "GET /debug/default/view?panel=config HTTP/1.1" 301 0 "-" "Mozilla/5.0 (Linux; U; Android 4.1.2; en-ca; SGH-I317M Build/JZO54K) AppleWebKit/534.30 (KHTML, like Gecko) Version/4.0 Mobile Safari/534.30"
78.153.140.218 - - [26/Nov/2025:09:25:44 -0500] "GET /core/.env HTTP/1.1" 403 1242 "-" "Mozilla/5.0 (Windows; U; Windows NT 5.2; en-US; rv:1.8.0.9) Gecko/20061206 Firefox/1.5.0.9"
78.153.140.218 - - [26/Nov/2025:09:25:45 -0500] "GET /phpinfo.php HTTP/1.1" 301 0 "-" "Opera/7.0 (Windows NT 4.0; U) [de]"
78.153.140.218 - - [26/Nov/2025:09:25:46 -0500] "GET /info/ HTTP/1.1" 301 0 "-" "Mozilla/5.0 (Macintosh; Intel Mac OS X 10_13_3) AppleWebKit/537.36 (KHTML, like Gecko) Chrome/64.0.3282.186 Safari/537.36"
78.153.140.218 - - [26/Nov/2025:09:25:48 -0500] "GET /images/.env HTTP/1.1" 403 1242 "-" "Mozilla/5.0 (Macintosh; U; PPC Mac OS X 10_4_11; fr) AppleWebKit/533.16 (KHTML, like Gecko) Version/5.0 Safari/533.16"
78.153.140.218 - - [26/Nov/2025:09:25:49 -0500] "GET /.env.save.1 HTTP/1.1" 403 1242 "-" "Mozilla/5.0 (Linux; U; Android 4.2.1; ar-eg; HUAWEI G610-U20 Build/HuaweiG610-U20) AppleWebKit/534.30 (KHTML, like Gecko) Version/4.0 Mobile Safari/534.30"
78.153.140.218 - - [26/Nov/2025:09:25:49 -0500] "GET /.env.save HTTP/1.1" 403 1242 "-" "Mozilla/5.0 (Windows NT 6.1) AppleWebKit/537.36 (KHTML, like Gecko) Chrome/48.0.2564.109 Safari/537.36"
78.153.140.218 - - [26/Nov/2025:09:25:51 -0500] "GET /API/.env HTTP/1.1" 403 1242 "-" "Mozilla/5.0 (X11; U; Linux i686; en-US) AppleWebKit/534.15 (KHTML, like Gecko) Ubuntu/10.10 Chromium/10.0.611.0 Chrome/10.0.611.0 Safari/534.15"
78.153.140.218 - - [26/Nov/2025:09:25:51 -0500] "GET /app/.env HTTP/1.1" 403 1242 "-" "Mozilla/5.0 (Macintosh; Intel Mac OS X 10_7_5) AppleWebKit/536.26.17 (KHTML like Gecko) Version/6.0.2 Safari/536.26.17"
78.153.140.218 - - [26/Nov/2025:09:25:52 -0500] "GET /test HTTP/1.1" 301 0 "-" "Mozilla/5.0 (Linux 2.4.18-ltsp-1 i686; U) Opera 6.1 [en]"
24.199.123.177 - - [26/Nov/2025:09:31:37 -0500] "GET /wp-login.php HTTP/1.1" 200 2276 "-" "Mozilla/4.0 (compatible; MSIE 8.0; Windows NT 6.2; WOW64; Trident/7.0; .NET4.0C; .NET4.0E; .NET CLR 2.0.50727; .NET CLR 3.0.30729; .NET CLR 3.5.30729)"
162.0.217.77 - - [26/Nov/2025:09:31:43 -0500] "POST /wp-cron.php?doing_wp_cron=1764167503.0026381015777587890625 HTTP/1.1" 200 0 "-" "WordPress/6.8.3; https://madeinbranded.com"
24.199.123.177 - - [26/Nov/2025:09:31:40 -0500] "POST /wp-login.php HTTP/1.1" 200 2374 "https://madeinbranded.com/wp-login.php" "Mozilla/4.0 (compatible; MSIE 8.0; Windows NT 6.2; WOW64; Trident/7.0; .NET4.0C; .NET4.0E; .NET CLR 2.0.50727; .NET CLR 3.0.30729; .NET CLR 3.5.30729)"
66.175.237.45 - - [26/Nov/2025:09:52:25 -0500] "POST /xmlrpc.php HTTP/1.1" 403 1242 "-" "Mozilla/5.0 (Windows NT 6.1) AppleWebKit/537.36 (KHTML, like Gecko) Chrome/66.0.3359.170 Safari/537.36"
213.136.76.87 - - [26/Nov/2025:09:53:56 -0500] "GET /wp-login.php HTTP/1.1" 200 2276 "-" "Mozilla/5.0 (Windows NT 10.0; WOW64) AppleWebKit/537.36 (KHTML, like Gecko) Chrome/67.0.3396.87 Safari/537.36"
162.0.217.77 - - [26/Nov/2025:09:54:02 -0500] "POST /wp-cron.php?doing_wp_cron=1764168841.9636700153350830078125 HTTP/1.1" 200 0 "-" "WordPress/6.8.3; https://madeinbranded.com"
213.136.76.87 - - [26/Nov/2025:09:53:59 -0500] "POST /wp-login.php HTTP/1.1" 200 2374 "https://madeinbranded.com/wp-login.php" "Mozilla/5.0 (Windows NT 10.0; WOW64) AppleWebKit/537.36 (KHTML, like Gecko) Chrome/67.0.3396.87 Safari/537.36"
103.82.22.235 - - [26/Nov/2025:09:56:44 -0500] "GET /wp-login.php HTTP/1.1" 200 2276 "-" "Mozilla/5.0 (Windows NT 6.3; Win64; x64; Trident/7.0; MAGWJS; rv:11.0) like Gecko"
162.0.217.77 - - [26/Nov/2025:09:56:47 -0500] "POST /wp-cron.php?doing_wp_cron=1764169007.4341070652008056640625 HTTP/1.1" 200 0 "-" "WordPress/6.8.3; https://madeinbranded.com"
103.82.22.235 - - [26/Nov/2025:09:56:46 -0500] "POST /wp-login.php HTTP/1.1" 200 2374 "https://madeinbranded.com/wp-login.php" "Mozilla/5.0 (Windows NT 6.3; Win64; x64; Trident/7.0; MAGWJS; rv:11.0) like Gecko"
23.146.184.173 - - [26/Nov/2025:10:02:52 -0500] "GET / HTTP/1.1" 200 22252 "-" "Mozilla/5.0 (Macintosh; Intel Mac OS X 10_9_2) AppleWebKit/537.36 (KHTML, like Gecko) Chrome/44.0.2403.157 Safari/537.36"
162.0.217.77 - - [26/Nov/2025:10:02:54 -0500] "POST /wp-cron.php?doing_wp_cron=1764169374.1598820686340332031250 HTTP/1.1" 200 0 "-" "WordPress/6.8.3; https://madeinbranded.com"
23.146.184.173 - - [26/Nov/2025:10:02:52 -0500] "GET /privacy-policy/ HTTP/1.1" 200 22774 "-" "Mozilla/5.0 (Macintosh; Intel Mac OS X 10_9_2) AppleWebKit/537.36 (KHTML, like Gecko) Chrome/44.0.2403.157 Safari/537.36"
23.146.184.173 - - [26/Nov/2025:10:02:55 -0500] "GET /disclaimer/ HTTP/1.1" 200 18002 "-" "Mozilla/5.0 (Macintosh; Intel Mac OS X 10_9_2) AppleWebKit/537.36 (KHTML, like Gecko) Chrome/44.0.2403.157 Safari/537.36"
23.146.184.173 - - [26/Nov/2025:10:02:55 -0500] "GET /contact-us/ HTTP/1.1" 200 17579 "-" "Mozilla/5.0 (Macintosh; Intel Mac OS X 10_9_2) AppleWebKit/537.36 (KHTML, like Gecko) Chrome/44.0.2403.157 Safari/537.36"
23.146.184.173 - - [26/Nov/2025:10:02:56 -0500] "GET /wishlist/ HTTP/1.1" 200 16895 "-" "Mozilla/5.0 (Macintosh; Intel Mac OS X 10_9_2) AppleWebKit/537.36 (KHTML, like Gecko) Chrome/44.0.2403.157 Safari/537.36"
23.146.184.173 - - [26/Nov/2025:10:02:56 -0500] "GET /top-11-fitness-accessories-for-2023/ HTTP/1.1" 200 30990 "-" "Mozilla/5.0 (Macintosh; Intel Mac OS X 10_9_2) AppleWebKit/537.36 (KHTML, like Gecko) Chrome/44.0.2403.157 Safari/537.36"
23.146.184.173 - - [26/Nov/2025:10:02:57 -0500] "GET /fathers-day-2023-gifts-for-your-sporty-dad/ HTTP/1.1" 200 26728 "-" "Mozilla/5.0 (Macintosh; Intel Mac OS X 10_9_2) AppleWebKit/537.36 (KHTML, like Gecko) Chrome/44.0.2403.157 Safari/537.36"
23.146.184.173 - - [26/Nov/2025:10:02:57 -0500] "GET /best-7-cute-office-supplies-for-women-desk/ HTTP/1.1" 200 26060 "-" "Mozilla/5.0 (Macintosh; Intel Mac OS X 10_9_2) AppleWebKit/537.36 (KHTML, like Gecko) Chrome/44.0.2403.157 Safari/537.36"
172.245.92.92 - - [26/Nov/2025:10:02:59 -0500] "GET /fathers-day-2023-gifts-for-your-sporty-dad/ HTTP/1.1" 200 26728 "-" "Mozilla/5.0 (Windows NT 6.0; rv:38.0) Gecko/20100101 Firefox/38.0"
192.3.255.181 - - [26/Nov/2025:10:03:00 -0500] "GET /top-11-fitness-accessories-for-2023/ HTTP/1.1" 200 30990 "-" "Mozilla/5.0 (Windows NT 6.0; WOW64) AppleWebKit/537.36 (KHTML, like Gecko) Chrome/45.0.2454.85 Safari/537.36"
198.12.69.93 - - [26/Nov/2025:10:03:00 -0500] "GET /best-7-cute-office-supplies-for-women-desk/ HTTP/1.1" 200 26060 "-" "Mozilla/5.0 (iPad; CPU OS 7_0 like Mac OS X) AppleWebKit/537.51.1 (KHTML, like Gecko) Version/7.0 Mobile/11A465 Safari/9537.53"
172.245.92.92 - - [26/Nov/2025:10:03:01 -0500] "POST /wp-comments-post.php HTTP/1.1" 302 0 "https://madeinbranded.com/fathers-day-2023-gifts-for-your-sporty-dad/" "Mozilla/5.0 (Windows NT 6.0; rv:38.0) Gecko/20100101 Firefox/38.0"
192.3.255.181 - - [26/Nov/2025:10:03:02 -0500] "POST /wp-comments-post.php HTTP/1.1" 302 0 "https://madeinbranded.com/top-11-fitness-accessories-for-2023/" "Mozilla/5.0 (Windows NT 6.0; WOW64) AppleWebKit/537.36 (KHTML, like Gecko) Chrome/45.0.2454.85 Safari/537.36"
172.245.92.92 - - [26/Nov/2025:10:03:03 -0500] "POST /fathers-day-2023-gifts-for-your-sporty-dad/ HTTP/1.1" 200 26680 "https://madeinbranded.com/fathers-day-2023-gifts-for-your-sporty-dad/" "Mozilla/5.0 (Windows NT 6.0; rv:38.0) Gecko/20100101 Firefox/38.0"
192.3.255.181 - - [26/Nov/2025:10:03:04 -0500] "POST /top-11-fitness-accessories-for-2023/ HTTP/1.1" 200 30942 "https://madeinbranded.com/top-11-fitness-accessories-for-2023/" "Mozilla/5.0 (Windows NT 6.0; WOW64) AppleWebKit/537.36 (KHTML, like Gecko) Chrome/45.0.2454.85 Safari/537.36"
198.12.69.93 - - [26/Nov/2025:10:03:04 -0500] "POST /wp-comments-post.php HTTP/1.1" 302 0 "https://madeinbranded.com/best-7-cute-office-supplies-for-women-desk/" "Mozilla/5.0 (iPad; CPU OS 7_0 like Mac OS X) AppleWebKit/537.51.1 (KHTML, like Gecko) Version/7.0 Mobile/11A465 Safari/9537.53"
198.12.69.93 - - [26/Nov/2025:10:03:05 -0500] "POST /best-7-cute-office-supplies-for-women-desk/ HTTP/1.1" 200 26011 "https://madeinbranded.com/best-7-cute-office-supplies-for-women-desk/" "Mozilla/5.0 (iPad; CPU OS 7_0 like Mac OS X) AppleWebKit/537.51.1 (KHTML, like Gecko) Version/7.0 Mobile/11A465 Safari/9537.53"
162.0.217.77 - - [26/Nov/2025:10:07:08 -0500] "POST /wp-cron.php?doing_wp_cron=1764169628.8222649097442626953125 HTTP/1.1" 200 0 "-" "WordPress/6.8.3; https://madeinbranded.com"
162.0.217.77 - - [26/Nov/2025:10:07:08 -0500] "POST /wp-cron.php?doing_wp_cron=1764169628.8225009441375732421875 HTTP/1.1" 200 0 "-" "WordPress/6.8.3; https://madeinbranded.com"
2a03:2880:2ff:45:: - - [26/Nov/2025:10:07:06 -0500] "GET /robots.txt HTTP/1.1" 301 0 "-" "facebookexternalhit/1.1 (+http://www.facebook.com/externalhit_uatext.php)"
2a03:2880:13ff:55:: - - [26/Nov/2025:10:07:07 -0500] "GET /robots.txt HTTP/1.1" 301 0 "-" "facebookexternalhit/1.1 (+http://www.facebook.com/externalhit_uatext.php)"
2a03:2880:13ff:55:: - - [26/Nov/2025:10:07:09 -0500] "GET /robots.txt HTTP/1.1" 200 199 "-" "facebookexternalhit/1.1 (+http://www.facebook.com/externalhit_uatext.php)"
2a03:2880:2ff:45:: - - [26/Nov/2025:10:07:10 -0500] "GET /robots.txt HTTP/1.1" 304 0 "-" "facebookexternalhit/1.1 (+http://www.facebook.com/externalhit_uatext.php)"
194.163.170.220 - - [26/Nov/2025:10:08:09 -0500] "POST /xmlrpc.php HTTP/1.1" 403 1242 "-" "Mozilla/4.0 (compatible; MSIE 7.0; Windows NT 6.2; WOW64; Trident/7.0; .NET4.0E; .NET4.0C; .NET CLR 3.5.30729; .NET CLR 2.0.50727; .NET CLR 3.0.30729; Tablet PC 2.0)"
162.241.244.34 - - [26/Nov/2025:10:21:31 -0500] "POST /xmlrpc.php HTTP/1.1" 403 1242 "-" "Mozilla/5.0 (MSIE 10.0; Windows NT 6.1; WOW64; Trident/7.0; rv:11.0) like Gecko"
162.241.244.34 - - [26/Nov/2025:10:21:44 -0500] "POST /xmlrpc.php HTTP/1.1" 403 1242 "-" "Mozilla/5.0 (MSIE 10.0; Windows NT 6.1; WOW64; Trident/7.0; rv:11.0) like Gecko"
162.241.244.34 - - [26/Nov/2025:10:21:57 -0500] "POST /xmlrpc.php HTTP/1.1" 403 1242 "-" "Mozilla/5.0 (MSIE 10.0; Windows NT 6.1; WOW64; Trident/7.0; rv:11.0) like Gecko"
162.241.244.34 - - [26/Nov/2025:10:22:09 -0500] "POST /xmlrpc.php HTTP/1.1" 403 1242 "-" "Mozilla/5.0 (MSIE 10.0; Windows NT 6.1; WOW64; Trident/7.0; rv:11.0) like Gecko"
162.241.244.34 - - [26/Nov/2025:10:22:23 -0500] "POST /xmlrpc.php HTTP/1.1" 403 1242 "-" "Mozilla/5.0 (MSIE 10.0; Windows NT 6.1; WOW64; Trident/7.0; rv:11.0) like Gecko"
162.241.244.34 - - [26/Nov/2025:10:22:34 -0500] "POST /xmlrpc.php HTTP/1.1" 403 1242 "-" "Mozilla/5.0 (MSIE 10.0; Windows NT 6.1; WOW64; Trident/7.0; rv:11.0) like Gecko"
162.241.244.34 - - [26/Nov/2025:10:22:45 -0500] "POST /xmlrpc.php HTTP/1.1" 403 1242 "-" "Mozilla/5.0 (MSIE 10.0; Windows NT 6.1; WOW64; Trident/7.0; rv:11.0) like Gecko"
162.241.244.34 - - [26/Nov/2025:10:22:57 -0500] "POST /xmlrpc.php HTTP/1.1" 403 1242 "-" "Mozilla/5.0 (MSIE 10.0; Windows NT 6.1; WOW64; Trident/7.0; rv:11.0) like Gecko"
34.207.90.211 - - [26/Nov/2025:10:33:10 -0500] "GET / HTTP/1.1" 200 22252 "-" "Mozilla/5.0 (Windows NT 6.3; WOW64) AppleWebKit/537.36 (KHTML, like Gecko) Chrome/31.0.1650.57 Safari/537.36 OPR/18.0.1284.49"
103.231.202.90 - - [26/Nov/2025:10:37:20 -0500] "POST /xmlrpc.php HTTP/1.1" 403 1242 "-" "Mozilla/5.0 (Windows NT 6.0; WOW64; Trident/7.0; rv:11.0) like Gecko"
103.231.202.90 - - [26/Nov/2025:10:37:37 -0500] "POST /xmlrpc.php HTTP/1.1" 403 1242 "-" "Mozilla/5.0 (Windows NT 6.0; WOW64; Trident/7.0; rv:11.0) like Gecko"
103.231.202.90 - - [26/Nov/2025:10:37:52 -0500] "POST /xmlrpc.php HTTP/1.1" 403 1242 "-" "Mozilla/5.0 (Windows NT 6.0; WOW64; Trident/7.0; rv:11.0) like Gecko"
103.231.202.90 - - [26/Nov/2025:10:38:12 -0500] "POST /xmlrpc.php HTTP/1.1" 403 1242 "-" "Mozilla/5.0 (Windows NT 6.0; WOW64; Trident/7.0; rv:11.0) like Gecko"
103.231.202.90 - - [26/Nov/2025:10:38:26 -0500] "POST /xmlrpc.php HTTP/1.1" 403 1242 "-" "Mozilla/5.0 (Windows NT 6.0; WOW64; Trident/7.0; rv:11.0) like Gecko"
103.231.202.90 - - [26/Nov/2025:10:38:40 -0500] "POST /xmlrpc.php HTTP/1.1" 403 1242 "-" "Mozilla/5.0 (Windows NT 6.0; WOW64; Trident/7.0; rv:11.0) like Gecko"
103.231.202.90 - - [26/Nov/2025:10:38:52 -0500] "POST /xmlrpc.php HTTP/1.1" 403 1242 "-" "Mozilla/5.0 (Windows NT 6.0; WOW64; Trident/7.0; rv:11.0) like Gecko"
154.12.240.245 - - [26/Nov/2025:10:46:04 -0500] "GET /wp-login.php HTTP/1.1" 200 2276 "-" "Mozilla/4.0 (compatible; MSIE 7.0; Windows NT 6.2; WOW64; Trident/7.0; .NET4.0C; .NET4.0E; .NET CLR 2.0.50727; .NET CLR 3.0.30729; .NET CLR 3.5.30729; LCTE)"
162.0.217.77 - - [26/Nov/2025:10:46:10 -0500] "POST /wp-cron.php?doing_wp_cron=1764171970.5858950614929199218750 HTTP/1.1" 200 0 "-" "WordPress/6.8.3; https://madeinbranded.com"
154.12.240.245 - - [26/Nov/2025:10:46:08 -0500] "POST /wp-login.php HTTP/1.1" 200 2374 "https://madeinbranded.com/wp-login.php" "Mozilla/4.0 (compatible; MSIE 7.0; Windows NT 6.2; WOW64; Trident/7.0; .NET4.0C; .NET4.0E; .NET CLR 2.0.50727; .NET CLR 3.0.30729; .NET CLR 3.5.30729; LCTE)"
52.254.81.73 - - [26/Nov/2025:10:49:23 -0500] "GET /cgi-bin/ HTTP/1.1" 403 1242 "https://www.google.com/" "Mozilla/5.0 (Linux; Android 10; K) AppleWebKit/537.36 (KHTML, like Gecko) Chrome/117.0.0.0 Mobile Safari/537.36"
162.0.217.77 - - [26/Nov/2025:10:49:24 -0500] "POST /wp-cron.php?doing_wp_cron=1764172164.8987090587615966796875 HTTP/1.1" 200 0 "-" "WordPress/6.8.3; https://madeinbranded.com"
52.254.81.73 - - [26/Nov/2025:10:49:23 -0500] "GET /cgi-bin/bypass.php HTTP/1.1" 404 16282 "https://www.google.co.uk/" "Mozilla/5.g (Linux; Android 13; Pixel 7) AppleWebKit/537.36 (KHTML, like Gecko) Chrome/116.0.0.0 Mobile Safari/537.36"
52.254.81.73 - - [26/Nov/2025:10:49:25 -0500] "GET /filemanager/dialog.php HTTP/1.1" 404 16282 "https://www.bing.com/" "Mozilla/5.0 (Linux; Android 13; SM-S908E) AppleWebKit/537.36 (KHTML, like Gecko) Chrome/116.0.0.0 Mobile Safari/537.36"
52.254.81.73 - - [26/Nov/2025:10:49:25 -0500] "GET /wp-admin/css/ HTTP/1.1" 403 1242 "https://duckduckgo.com/" "Mozilla/5.0 (Linux; Android 13; SM-G991U) AppleWebKit/537.36 (KHTML, like Gecko) Chrome/117.0.0.0 Mobile Safari/537.36"
52.254.81.73 - - [26/Nov/2025:10:49:26 -0500] "GET /xmlrpc.php HTTP/1.1" 403 1242 "https://www.google.fr/" "Mozilla/5.0 (Linux; Android 12; SM-A525F) AppleWebKit/537.36 (KHTML, like Gecko) Chrome/117.0.0.0 Mobile Safari/537.36"
52.254.81.73 - - [26/Nov/2025:10:49:26 -0500] "GET /index1.php HTTP/1.1" 404 16282 "https://www.google.com/" "Mozilla/5.g (Linux; Android 13; Pixel 7) AppleWebKit/537.36 (KHTML, like Gecko) Chrome/116.0.0.0 Mobile Safari/537.36"
52.254.81.73 - - [26/Nov/2025:10:49:27 -0500] "GET /wp-content/ HTTP/1.1" 200 0 "https://www.yahoo.com/" "Mozilla/5.0 (Linux; Android 11; CPH2251) AppleWebKit/537.36 (KHTML, like Gecko) Chrome/116.0.0.0 Mobile Safari/537.36"
52.254.81.73 - - [26/Nov/2025:10:49:27 -0500] "GET /radio.php HTTP/1.1" 404 16282 "https://duckduckgo.com/" "Mozilla/5.0 (Linux; Android 12; V2134) AppleWebKit/537.36 (KHTML, like Gecko) Chrome/116.0.0.0 Mobile Safari/537.36"
52.254.81.73 - - [26/Nov/2025:10:49:27 -0500] "GET /1index.php HTTP/1.1" 404 16282 "https://www.google.com/" "Mozilla/5.0 (Linux; Android 12; V2134) AppleWebKit/537.36 (KHTML, like Gecko) Chrome/116.0.0.0 Mobile Safari/537.36"
52.254.81.73 - - [26/Nov/2025:10:49:28 -0500] "GET /wp-admin/admin-ajax.php HTTP/1.1" 400 5 "https://www.google.co.uk/" "Mozilla/5.0 (Linux; Android 12; V2134) AppleWebKit/537.36 (KHTML, like Gecko) Chrome/116.0.0.0 Mobile Safari/537.36"
52.254.81.73 - - [26/Nov/2025:10:49:29 -0500] "GET /aa.php HTTP/1.1" 404 16282 "https://duckduckgo.com/" "Mozilla/5.0 (iPhone; CPU iPhone OS 15_7_9 like Mac OS X) AppleWebKit/605.1.15 (KHTML, like Gecko) Version/15.6.5 Mobile/15E148 Safari/604.1"
52.254.81.73 - - [26/Nov/2025:10:49:29 -0500] "GET /api.php HTTP/1.1" 404 16282 "https://www.bing.com/" "Mozilla/5.0 (Linux; Android 14; Pixel 8 Pro) AppleWebKit/537.36 (KHTML, like Gecko) Chrome/119.0.0.0 Mobile Safari/537.36"
52.254.81.73 - - [26/Nov/2025:10:49:30 -0500] "GET /cgi-bin/xmrlpc.php HTTP/1.1" 404 16282 "https://www.google.co.uk/" "Mozilla/5.0 (iPad; CPU OS 16_7_2 like Mac OS X) AppleWebKit/605.1.15 (KHTML, like Gecko) Version/16.6 Mobile/15E148 Safari/604.1"
52.254.81.73 - - [26/Nov/2025:10:49:30 -0500] "GET /i.php HTTP/1.1" 404 16283 "https://www.bing.com/" "Mozilla/5.0 (Linux; Android 11; 21081111RG) AppleWebKit/537.36 (KHTML, like Gecko) Chrome/116.0.0.0 Mobile Safari/537.36"
52.254.81.73 - - [26/Nov/2025:10:49:31 -0500] "GET /info.php HTTP/1.1" 404 16283 "https://www.google.fr/" "Mozilla/5.0 (iPhone; CPU iPhone OS 17_1_1 like Mac OS X) AppleWebKit/605.1.15 (KHTML, like Gecko) Version/17.1 Mobile/15E148 Safari/604.1"
52.254.81.73 - - [26/Nov/2025:10:49:31 -0500] "GET /php.php HTTP/1.1" 404 16283 "https://www.google.fr/" "Mozilla/5.0 (iPhone; CPU iPhone OS 17_1_1 like Mac OS X) AppleWebKit/605.1.15 (KHTML, like Gecko) Version/17.1 Mobile/15E148 Safari/604.1"
52.254.81.73 - - [26/Nov/2025:10:49:32 -0500] "GET /phpinfo HTTP/1.1" 404 16282 "https://www.google.de/" "Mozilla/5.0 (Linux; Android 12; 2201116SG) AppleWebKit/537.36 (KHTML, like Gecko) Chrome/116.0.0.0 Mobile Safari/537.36"
52.254.81.73 - - [26/Nov/2025:10:49:32 -0500] "GET /phpinfo.php HTTP/1.1" 404 16282 "https://www.google.de/" "Mozilla/5.0 (Linux; Android 12; V2134) AppleWebKit/537.36 (KHTML, like Gecko) Chrome/116.0.0.0 Mobile Safari/537.36"
52.254.81.73 - - [26/Nov/2025:10:49:33 -0500] "GET /pi.php HTTP/1.1" 404 16282 "https://www.yahoo.com/" "Mozilla/5.0 (iPhone; CPU iPhone OS 17_1_1 like Mac OS X) AppleWebKit/605.1.15 (KHTML, like Gecko) Version/17.1 Mobile/15E148 Safari/604.1"
52.254.81.73 - - [26/Nov/2025:10:49:34 -0500] "GET /index4.php HTTP/1.1" 404 16282 "https://www.google.com/" "Mozilla/5.0 (Linux; Android 10; LM-Q720) AppleWebKit/537.36 (KHTML, like Gecko) Chrome/116.0.0.0 Mobile Safari/537.36"
52.254.81.73 - - [26/Nov/2025:10:49:35 -0500] "GET /fonts/database.php HTTP/1.1" 404 16282 "https://www.google.co.uk/" "Mozilla/5.0 (Linux; Android 14; Pixel 8 Pro) AppleWebKit/537.36 (KHTML, like Gecko) Chrome/119.0.0.0 Mobile Safari/537.36"
52.254.81.73 - - [26/Nov/2025:10:49:35 -0500] "GET /manager.php HTTP/1.1" 404 16282 "https://www.google.fr/" "Mozilla/5.g (Linux; Android 13; Pixel 7) AppleWebKit/537.36 (KHTML, like Gecko) Chrome/116.0.0.0 Mobile Safari/537.36"
52.254.81.73 - - [26/Nov/2025:10:49:35 -0500] "GET /wp-content/plugins/hellopress/wp_filemanager.php HTTP/1.1" 404 16282 "https://www.bing.com/" "Mozilla/5.0 (Linux; Android 13; SM-S908E) AppleWebKit/537.36 (KHTML, like Gecko) Chrome/116.0.0.0 Mobile Safari/537.36"
