172.190.142.176 - - [26/Nov/2025:13:33:15 -0500] "GET /bless11.php HTTP/1.1" 404 16283 "-" "-"
162.0.217.77 - - [26/Nov/2025:13:33:17 -0500] "POST /wp-cron.php?doing_wp_cron=1764181997.0894351005554199218750 HTTP/1.1" 200 0 "-" "WordPress/6.8.3; https://madeinbranded.com"
172.190.142.176 - - [26/Nov/2025:13:33:16 -0500] "GET /indo.php HTTP/1.1" 404 16283 "-" "-"
172.190.142.176 - - [26/Nov/2025:13:33:17 -0500] "GET /card.php HTTP/1.1" 404 16283 "-" "-"
162.0.217.77 - - [26/Nov/2025:13:33:19 -0500] "POST /wp-cron.php?doing_wp_cron=1764181999.8895359039306640625000 HTTP/1.1" 200 0 "-" "WordPress/6.8.3; https://madeinbranded.com"
172.190.142.176 - - [26/Nov/2025:13:33:19 -0500] "GET /menu.php HTTP/1.1" 404 16282 "-" "-"
172.190.142.176 - - [26/Nov/2025:13:33:20 -0500] "GET /mnkalo.php HTTP/1.1" 404 16283 "-" "-"
172.190.142.176 - - [26/Nov/2025:13:33:22 -0500] "GET /file3.php HTTP/1.1" 404 16282 "-" "-"
172.190.142.176 - - [26/Nov/2025:13:33:23 -0500] "GET /031.php HTTP/1.1" 404 16282 "-" "-"
162.0.217.77 - - [26/Nov/2025:13:33:24 -0500] "POST /wp-cron.php?doing_wp_cron=1764182004.1905760765075683593750 HTTP/1.1" 200 0 "-" "WordPress/6.8.3; https://madeinbranded.com"
172.190.142.176 - - [26/Nov/2025:13:33:23 -0500] "GET /mws.php HTTP/1.1" 404 16282 "-" "-"
172.190.142.176 - - [26/Nov/2025:13:33:24 -0500] "GET /dlu.php HTTP/1.1" 404 16282 "-" "-"
172.190.142.176 - - [26/Nov/2025:13:33:26 -0500] "GET /.well-known/acme-challenge/about.php HTTP/1.1" 404 16282 "-" "-"
172.190.142.176 - - [26/Nov/2025:13:33:28 -0500] "GET /wp-the1me.php HTTP/1.1" 404 16282 "-" "-"
172.190.142.176 - - [26/Nov/2025:13:33:30 -0500] "GET /lala.php HTTP/1.1" 404 16283 "-" "-"
172.190.142.176 - - [26/Nov/2025:13:33:31 -0500] "GET /k.php HTTP/1.1" 404 16282 "-" "-"
172.190.142.176 - - [26/Nov/2025:13:33:32 -0500] "GET /css.php HTTP/1.1" 404 16282 "-" "-"
172.190.142.176 - - [26/Nov/2025:13:33:33 -0500] "GET /gifclass.php HTTP/1.1" 404 16282 "-" "-"
172.190.142.176 - - [26/Nov/2025:13:33:35 -0500] "GET /file9.php HTTP/1.1" 404 16282 "-" "-"
172.190.142.176 - - [26/Nov/2025:13:33:36 -0500] "GET /hk.php HTTP/1.1" 404 16282 "-" "-"
172.190.142.176 - - [26/Nov/2025:13:33:37 -0500] "GET /yas.php HTTP/1.1" 404 16282 "-" "-"
172.190.142.176 - - [26/Nov/2025:13:33:38 -0500] "GET /wp-gr.php HTTP/1.1" 404 16282 "-" "-"
172.190.142.176 - - [26/Nov/2025:13:33:38 -0500] "GET /owl.php HTTP/1.1" 404 16282 "-" "-"
172.190.142.176 - - [26/Nov/2025:13:33:39 -0500] "GET /mo.php HTTP/1.1" 404 16282 "-" "-"
172.190.142.176 - - [26/Nov/2025:13:33:40 -0500] "GET /file21.php HTTP/1.1" 404 16282 "-" "-"
172.190.142.176 - - [26/Nov/2025:13:33:41 -0500] "GET /ok.php HTTP/1.1" 404 16283 "-" "-"
172.190.142.176 - - [26/Nov/2025:13:33:41 -0500] "GET /444.php HTTP/1.1" 404 16282 "-" "-"
172.190.142.176 - - [26/Nov/2025:13:33:42 -0500] "GET /zc-903.php HTTP/1.1" 404 16282 "-" "-"
172.190.142.176 - - [26/Nov/2025:13:33:42 -0500] "GET /cc.php HTTP/1.1" 404 16282 "-" "-"
172.190.142.176 - - [26/Nov/2025:13:33:43 -0500] "GET /nij.php HTTP/1.1" 404 16282 "-" "-"
172.190.142.176 - - [26/Nov/2025:13:33:44 -0500] "GET /info.php HTTP/1.1" 404 16282 "-" "-"
172.190.142.176 - - [26/Nov/2025:13:33:45 -0500] "GET /radio.php HTTP/1.1" 404 16282 "-" "-"
172.190.142.176 - - [26/Nov/2025:13:33:46 -0500] "GET /wp-admin/js/wp-conflg.php HTTP/1.1" 404 16282 "-" "-"
172.190.142.176 - - [26/Nov/2025:13:33:47 -0500] "GET /tox.php HTTP/1.1" 404 16282 "-" "-"
172.190.142.176 - - [26/Nov/2025:13:33:47 -0500] "GET /lo.php HTTP/1.1" 404 16282 "-" "-"
172.190.142.176 - - [26/Nov/2025:13:33:49 -0500] "GET /wpls.php HTTP/1.1" 404 16282 "-" "-"
172.190.142.176 - - [26/Nov/2025:13:33:50 -0500] "GET /geck.php HTTP/1.1" 404 16282 "-" "-"
172.190.142.176 - - [26/Nov/2025:13:33:56 -0500] "GET /te.php HTTP/1.1" 404 16282 "-" "-"
172.190.142.176 - - [26/Nov/2025:13:33:57 -0500] "GET /a2.php HTTP/1.1" 404 16282 "-" "-"
172.190.142.176 - - [26/Nov/2025:13:33:58 -0500] "GET /jp.php HTTP/1.1" 404 16282 "-" "-"
51.91.161.229 - - [26/Nov/2025:13:33:59 -0500] "GET /wp-login.php HTTP/1.1" 200 2276 "-" "Mozilla/5.0 (X11; Ubuntu; Linux x86_64; rv:85.0) Gecko/20100101 Firefox/91.0"
172.190.142.176 - - [26/Nov/2025:13:33:59 -0500] "GET /cccc.php HTTP/1.1" 404 16282 "-" "-"
51.91.161.229 - - [26/Nov/2025:13:33:59 -0500] "POST /wp-login.php HTTP/1.1" 200 2361 "-" "Mozilla/5.0 (X11; Ubuntu; Linux x86_64; rv:85.0) Gecko/20100101 Firefox/91.0"
172.190.142.176 - - [26/Nov/2025:13:33:59 -0500] "GET /fe5.php HTTP/1.1" 404 16283 "-" "-"
172.190.142.176 - - [26/Nov/2025:13:34:00 -0500] "GET /sid3.php HTTP/1.1" 404 16283 "-" "-"
172.190.142.176 - - [26/Nov/2025:13:34:01 -0500] "GET /v4.php HTTP/1.1" 404 16282 "-" "-"
172.190.142.176 - - [26/Nov/2025:13:34:02 -0500] "GET /new4.php HTTP/1.1" 404 16282 "-" "-"
172.190.142.176 - - [26/Nov/2025:13:34:03 -0500] "GET /gg.php HTTP/1.1" 404 16282 "-" "-"
172.190.142.176 - - [26/Nov/2025:13:34:04 -0500] "GET /wp-update.php HTTP/1.1" 404 16282 "-" "-"
172.190.142.176 - - [26/Nov/2025:13:34:05 -0500] "GET /gelap.php HTTP/1.1" 404 16282 "-" "-"
172.190.142.176 - - [26/Nov/2025:13:34:08 -0500] "GET /class-t.api.php HTTP/1.1" 404 16282 "-" "-"
172.190.142.176 - - [26/Nov/2025:13:34:09 -0500] "GET /000.php HTTP/1.1" 404 16283 "-" "-"
172.190.142.176 - - [26/Nov/2025:13:34:11 -0500] "GET /wp-content/uploads/index.php HTTP/1.1" 301 0 "-" "-"
172.190.142.176 - - [26/Nov/2025:13:34:13 -0500] "GET /wp-content/uploads/ HTTP/1.1" 403 1242 "-" "-"
172.190.142.176 - - [26/Nov/2025:13:34:14 -0500] "GET /file18.php HTTP/1.1" 404 16283 "-" "-"
172.190.142.176 - - [26/Nov/2025:13:34:15 -0500] "GET /v.php HTTP/1.1" 404 16283 "-" "-"
172.190.142.176 - - [26/Nov/2025:13:34:16 -0500] "GET /wp-good.php HTTP/1.1" 404 16283 "-" "-"
172.190.142.176 - - [26/Nov/2025:13:34:17 -0500] "GET /acp.php HTTP/1.1" 404 16283 "-" "-"
162.0.217.77 - - [26/Nov/2025:13:34:18 -0500] "POST /wp-cron.php?doing_wp_cron=1764182058.5425260066986083984375 HTTP/1.1" 200 0 "-" "WordPress/6.8.3; https://madeinbranded.com"
172.190.142.176 - - [26/Nov/2025:13:34:18 -0500] "GET /g.php HTTP/1.1" 404 16283 "-" "-"
172.190.142.176 - - [26/Nov/2025:13:34:19 -0500] "GET /static/sallu.php HTTP/1.1" 404 16283 "-" "-"
172.190.142.176 - - [26/Nov/2025:13:34:20 -0500] "GET /class.php HTTP/1.1" 404 16282 "-" "-"
172.190.142.176 - - [26/Nov/2025:13:34:20 -0500] "GET /simple.php HTTP/1.1" 404 16283 "-" "-"
172.190.142.176 - - [26/Nov/2025:13:34:21 -0500] "GET /ioxi-o.php HTTP/1.1" 404 16283 "-" "-"
172.190.142.176 - - [26/Nov/2025:13:34:22 -0500] "GET /33.php HTTP/1.1" 404 16282 "-" "-"
172.190.142.176 - - [26/Nov/2025:13:34:22 -0500] "GET /wcas.php HTTP/1.1" 404 16282 "-" "-"
172.190.142.176 - - [26/Nov/2025:13:34:23 -0500] "GET /wp-content/uploads/wp.php HTTP/1.1" 404 16282 "-" "-"
162.0.217.77 - - [26/Nov/2025:13:34:25 -0500] "POST /wp-cron.php?doing_wp_cron=1764182064.9471180438995361328125 HTTP/1.1" 200 0 "-" "WordPress/6.8.3; https://madeinbranded.com"
172.190.142.176 - - [26/Nov/2025:13:34:24 -0500] "GET /f6.php HTTP/1.1" 404 16282 "-" "-"
172.190.142.176 - - [26/Nov/2025:13:34:27 -0500] "GET /v2.php HTTP/1.1" 404 16282 "-" "-"
172.190.142.176 - - [26/Nov/2025:13:34:28 -0500] "GET /file5.php HTTP/1.1" 404 16282 "-" "-"
172.190.142.176 - - [26/Nov/2025:13:34:28 -0500] "GET /lol.php HTTP/1.1" 404 16282 "-" "-"
172.190.142.176 - - [26/Nov/2025:13:34:29 -0500] "GET /fileas.php HTTP/1.1" 404 16282 "-" "-"
172.190.142.176 - - [26/Nov/2025:13:34:29 -0500] "GET /error.php HTTP/1.1" 404 16282 "-" "-"
172.190.142.176 - - [26/Nov/2025:13:34:30 -0500] "GET /wolv2.php HTTP/1.1" 404 16282 "-" "-"
172.190.142.176 - - [26/Nov/2025:13:34:31 -0500] "GET /ava.php HTTP/1.1" 404 16283 "-" "-"
172.190.142.176 - - [26/Nov/2025:13:34:32 -0500] "GET /shell1.php HTTP/1.1" 404 16282 "-" "-"
172.190.142.176 - - [26/Nov/2025:13:33:50 -0500] "GET /inde.php HTTP/1.1" 404 16283 "-" "-"
172.190.142.176 - - [26/Nov/2025:13:33:51 -0500] "GET /wp-content/plugins/hellopress/wp_filemanager.php HTTP/1.1" 404 16283 "-" "-"
172.190.142.176 - - [26/Nov/2025:13:33:51 -0500] "GET /2.php HTTP/1.1" 404 16282 "-" "-"
172.190.142.176 - - [26/Nov/2025:13:33:52 -0500] "GET /zxin.php HTTP/1.1" 404 16282 "-" "-"
172.190.142.176 - - [26/Nov/2025:13:33:53 -0500] "GET /xtt.php HTTP/1.1" 404 16282 "-" "-"
172.190.142.176 - - [26/Nov/2025:13:33:53 -0500] "GET /index/function.php HTTP/1.1" 404 16282 "-" "-"
172.190.142.176 - - [26/Nov/2025:13:33:54 -0500] "GET /noe.php HTTP/1.1" 404 16282 "-" "-"
172.190.142.176 - - [26/Nov/2025:13:33:55 -0500] "GET /class20.php HTTP/1.1" 404 16282 "-" "-"
172.190.142.176 - - [26/Nov/2025:13:33:55 -0500] "GET /shellalfa.php HTTP/1.1" 404 16282 "-" "-"
172.190.142.176 - - [26/Nov/2025:13:34:34 -0500] "GET /gdn.php HTTP/1.1" 404 16282 "-" "-"
172.190.142.176 - - [26/Nov/2025:13:34:35 -0500] "GET /doc.php HTTP/1.1" 404 16282 "-" "-"
172.190.142.176 - - [26/Nov/2025:13:34:36 -0500] "GET /autoload_classmap.php HTTP/1.1" 404 16282 "-" "-"
172.190.142.176 - - [26/Nov/2025:13:34:37 -0500] "GET /asd67.php HTTP/1.1" 404 16282 "-" "-"
172.190.142.176 - - [26/Nov/2025:13:34:38 -0500] "GET /12.php HTTP/1.1" 404 16282 "-" "-"
172.190.142.176 - - [26/Nov/2025:13:34:38 -0500] "GET /manager.php HTTP/1.1" 404 16282 "-" "-"
172.190.142.176 - - [26/Nov/2025:13:34:39 -0500] "GET /usep.php HTTP/1.1" 404 16282 "-" "-"
172.190.142.176 - - [26/Nov/2025:13:34:39 -0500] "GET /auth.php HTTP/1.1" 404 16282 "-" "-"
172.190.142.176 - - [26/Nov/2025:13:34:40 -0500] "GET /wp-content/packed.php HTTP/1.1" 404 16282 "-" "-"
172.190.142.176 - - [26/Nov/2025:13:34:41 -0500] "GET /hello.php HTTP/1.1" 404 16283 "-" "-"
172.190.142.176 - - [26/Nov/2025:13:34:42 -0500] "GET /abt.php HTTP/1.1" 404 16282 "-" "-"
172.190.142.176 - - [26/Nov/2025:13:34:43 -0500] "GET /jmfi2.php HTTP/1.1" 404 16282 "-" "-"
172.190.142.176 - - [26/Nov/2025:13:34:44 -0500] "GET /layout.php HTTP/1.1" 404 16282 "-" "-"
172.190.142.176 - - [26/Nov/2025:13:34:44 -0500] "GET /up.php HTTP/1.1" 404 16282 "-" "-"
172.190.142.176 - - [26/Nov/2025:13:34:47 -0500] "GET /flower.php HTTP/1.1" 404 16282 "-" "-"
172.190.142.176 - - [26/Nov/2025:13:34:50 -0500] "GET /nope.php HTTP/1.1" 404 16283 "-" "-"
172.190.142.176 - - [26/Nov/2025:13:34:51 -0500] "GET /js.php HTTP/1.1" 404 16283 "-" "-"
172.190.142.176 - - [26/Nov/2025:13:34:52 -0500] "GET /wp-content/upgrade/index.php HTTP/1.1" 301 0 "-" "-"
172.190.142.176 - - [26/Nov/2025:13:34:53 -0500] "GET /wp-content/upgrade/ HTTP/1.1" 403 1242 "-" "-"
172.190.142.176 - - [26/Nov/2025:13:34:55 -0500] "GET /media.php HTTP/1.1" 404 16282 "-" "-"
172.190.142.176 - - [26/Nov/2025:13:34:56 -0500] "GET /update/f35.php HTTP/1.1" 404 16282 "-" "-"
172.190.142.176 - - [26/Nov/2025:13:34:57 -0500] "GET /default.php HTTP/1.1" 404 16282 "-" "-"
172.190.142.176 - - [26/Nov/2025:13:34:58 -0500] "GET /wp-content/uploads/wp-conflg.php HTTP/1.1" 404 16282 "-" "-"
172.190.142.176 - - [26/Nov/2025:13:34:59 -0500] "GET /wp-load.php HTTP/1.1" 200 0 "-" "-"
172.190.142.176 - - [26/Nov/2025:13:35:00 -0500] "GET /f35.php HTTP/1.1" 404 16283 "-" "-"
172.190.142.176 - - [26/Nov/2025:13:35:02 -0500] "GET /sko.php HTTP/1.1" 404 16282 "-" "-"
172.190.142.176 - - [26/Nov/2025:13:35:03 -0500] "GET /new.php HTTP/1.1" 404 16282 "-" "-"
172.190.142.176 - - [26/Nov/2025:13:35:04 -0500] "GET /wp-mail.php/wp-includes/ID3/rnEPv9.php HTTP/1.1" 403 958 "-" "-"
172.190.142.176 - - [26/Nov/2025:13:35:05 -0500] "GET /png.php HTTP/1.1" 404 16282 "-" "-"
172.190.142.176 - - [26/Nov/2025:13:35:05 -0500] "GET /log.php HTTP/1.1" 404 16282 "-" "-"
172.190.142.176 - - [26/Nov/2025:13:35:06 -0500] "GET /zwso.php HTTP/1.1" 404 16282 "-" "-"
172.190.142.176 - - [26/Nov/2025:13:35:08 -0500] "GET /about3.php HTTP/1.1" 404 16283 "-" "-"
172.190.142.176 - - [26/Nov/2025:13:35:12 -0500] "GET /fm.php HTTP/1.1" 404 16283 "-" "-"
172.190.142.176 - - [26/Nov/2025:13:35:14 -0500] "GET /r4f_1.php HTTP/1.1" 404 16283 "-" "-"
172.190.142.176 - - [26/Nov/2025:13:35:19 -0500] "GET /ftp.php HTTP/1.1" 404 16283 "-" "-"
172.190.142.176 - - [26/Nov/2025:13:35:23 -0500] "GET /content.php HTTP/1.1" 404 16282 "-" "-"
172.190.142.176 - - [26/Nov/2025:13:35:27 -0500] "GET /ext.php HTTP/1.1" 404 16282 "-" "-"
172.190.142.176 - - [26/Nov/2025:13:35:30 -0500] "GET /himu.php HTTP/1.1" 404 16283 "-" "-"
172.190.142.176 - - [26/Nov/2025:13:35:33 -0500] "GET /wfile.php HTTP/1.1" 404 16282 "-" "-"
172.190.142.176 - - [26/Nov/2025:13:35:35 -0500] "GET /pp.php HTTP/1.1" 404 16282 "-" "-"
172.190.142.176 - - [26/Nov/2025:13:35:37 -0500] "GET /miansha.php HTTP/1.1" 404 16282 "-" "-"
172.190.142.176 - - [26/Nov/2025:13:35:39 -0500] "GET /test2.php HTTP/1.1" 404 16282 "-" "-"
172.190.142.176 - - [26/Nov/2025:13:35:40 -0500] "GET /wp-admin/maint/index.php HTTP/1.1" 301 0 "-" "-"
172.190.142.176 - - [26/Nov/2025:13:35:41 -0500] "GET /wp-admin/maint/ HTTP/1.1" 403 1242 "-" "-"
172.190.142.176 - - [26/Nov/2025:13:35:41 -0500] "GET /wp-links-opml.php HTTP/1.1" 200 162 "-" "-"
172.190.142.176 - - [26/Nov/2025:13:35:41 -0500] "GET /mah.php HTTP/1.1" 404 16283 "-" "-"
172.190.142.176 - - [26/Nov/2025:13:35:42 -0500] "GET /wp-includes/IXR/about.php HTTP/1.1" 404 16282 "-" "-"
172.190.142.176 - - [26/Nov/2025:13:35:43 -0500] "GET /build.php HTTP/1.1" 404 16282 "-" "-"
172.190.142.176 - - [26/Nov/2025:13:35:43 -0500] "GET /atomlib.php HTTP/1.1" 404 16282 "-" "-"
172.190.142.176 - - [26/Nov/2025:13:35:44 -0500] "GET /lib.php HTTP/1.1" 404 16282 "-" "-"
172.190.142.176 - - [26/Nov/2025:13:35:45 -0500] "GET /lv.php HTTP/1.1" 404 16282 "-" "-"
172.190.142.176 - - [26/Nov/2025:13:35:45 -0500] "GET /class-wp.php HTTP/1.1" 404 16282 "-" "-"
172.190.142.176 - - [26/Nov/2025:13:35:46 -0500] "GET /about.php HTTP/1.1" 404 16282 "-" "-"
172.190.142.176 - - [26/Nov/2025:13:35:47 -0500] "GET /filemanager.php HTTP/1.1" 404 16282 "-" "-"
172.190.142.176 - - [26/Nov/2025:13:35:48 -0500] "GET /mail.php HTTP/1.1" 404 16282 "-" "-"
172.190.142.176 - - [26/Nov/2025:13:35:48 -0500] "GET /CLA.php HTTP/1.1" 404 16282 "-" "-"
217.182.193.81 - - [26/Nov/2025:13:35:49 -0500] "GET /wp-login.php HTTP/1.1" 200 2276 "-" "Mozilla/5.0 (Macintosh; Intel Mac OS X 10_10_5) AppleWebKit/603.2.5 (KHTML, like Gecko) Version/10.1.1 Safari/603.2.5"
172.190.142.176 - - [26/Nov/2025:13:35:49 -0500] "GET /ol.php HTTP/1.1" 404 16282 "-" "-"
217.182.193.81 - - [26/Nov/2025:13:35:49 -0500] "POST /wp-login.php HTTP/1.1" 200 2374 "https://madeinbranded.com/wp-login.php" "Mozilla/5.0 (Macintosh; Intel Mac OS X 10_10_5) AppleWebKit/603.2.5 (KHTML, like Gecko) Version/10.1.1 Safari/603.2.5"
172.190.142.176 - - [26/Nov/2025:13:35:50 -0500] "GET /ouh.php HTTP/1.1" 404 16282 "-" "-"
172.190.142.176 - - [26/Nov/2025:13:35:50 -0500] "GET /tgrs.php HTTP/1.1" 404 16283 "-" "-"
172.190.142.176 - - [26/Nov/2025:13:35:51 -0500] "GET /system_log.php HTTP/1.1" 404 16283 "-" "-"
172.190.142.176 - - [26/Nov/2025:13:35:52 -0500] "GET /gifclass4.php HTTP/1.1" 404 16282 "-" "-"
172.190.142.176 - - [26/Nov/2025:13:35:54 -0500] "GET /z.php HTTP/1.1" 404 16282 "-" "-"
172.190.142.176 - - [26/Nov/2025:13:35:55 -0500] "GET /akcc.php HTTP/1.1" 404 16282 "-" "-"
179.61.137.20 - - [26/Nov/2025:13:37:34 -0500] "GET /wp-login.php HTTP/1.1" 200 2276 "-" "Mozilla/5.0 (Windows NT 10.0; Win64; x64) AppleWebKit/537.36 (KHTML, like Gecko) Chrome/64.0.3282.140 Safari/537.36 Edge/17.17134"
162.0.217.77 - - [26/Nov/2025:13:37:43 -0500] "POST /wp-cron.php?doing_wp_cron=1764182263.0108659267425537109375 HTTP/1.1" 200 0 "-" "WordPress/6.8.3; https://madeinbranded.com"
179.61.137.20 - - [26/Nov/2025:13:37:39 -0500] "POST /wp-login.php HTTP/1.1" 200 2374 "https://madeinbranded.com/wp-login.php" "Mozilla/5.0 (Windows NT 10.0; Win64; x64) AppleWebKit/537.36 (KHTML, like Gecko) Chrome/64.0.3282.140 Safari/537.36 Edge/17.17134"
162.241.218.136 - - [26/Nov/2025:13:46:49 -0500] "GET /wp-login.php HTTP/1.1" 200 2276 "-" "Mozilla/5.0 (Windows NT 6.3; WOW64; Trident/7.0; MAGWJS; rv:11.0) like Gecko"
162.0.217.77 - - [26/Nov/2025:13:46:54 -0500] "POST /wp-cron.php?doing_wp_cron=1764182814.8058199882507324218750 HTTP/1.1" 200 0 "-" "WordPress/6.8.3; https://madeinbranded.com"
162.241.218.136 - - [26/Nov/2025:13:46:52 -0500] "POST /wp-login.php HTTP/1.1" 200 2374 "https://madeinbranded.com/wp-login.php" "Mozilla/5.0 (Windows NT 6.3; WOW64; Trident/7.0; MAGWJS; rv:11.0) like Gecko"
165.232.185.40 - - [26/Nov/2025:13:51:52 -0500] "GET /wp-login.php HTTP/1.1" 200 2276 "-" "Mozilla/5.0 (Windows NT 10.0; WOW64; Trident/7.0; yie9; rv:11.0) like Gecko"
162.0.217.77 - - [26/Nov/2025:13:51:59 -0500] "POST /wp-cron.php?doing_wp_cron=1764183119.6270029544830322265625 HTTP/1.1" 200 0 "-" "WordPress/6.8.3; https://madeinbranded.com"
165.232.185.40 - - [26/Nov/2025:13:51:55 -0500] "POST /wp-login.php HTTP/1.1" 200 2374 "https://madeinbranded.com/wp-login.php" "Mozilla/5.0 (Windows NT 10.0; WOW64; Trident/7.0; yie9; rv:11.0) like Gecko"
46.105.46.43 - - [26/Nov/2025:14:04:10 -0500] "GET /robots.txt HTTP/1.1" 200 199 "-" "Mozilla/5.0 (compatible; MJ12bot/v2.0.4; http://mj12bot.com/)"
103.185.74.28 - - [26/Nov/2025:14:06:06 -0500] "GET /wp-login.php HTTP/1.1" 200 2276 "-" "Mozilla/5.0 (Windows NT 10.0; Win64; x64; WebView/3.0) AppleWebKit/537.36 (KHTML, like Gecko) Chrome/52.0.2743.116 Safari/537.36 Edge/15.15063"
162.0.217.77 - - [26/Nov/2025:14:06:20 -0500] "POST /wp-cron.php?doing_wp_cron=1764183980.1101250648498535156250 HTTP/1.1" 200 0 "-" "WordPress/6.8.3; https://madeinbranded.com"
103.185.74.28 - - [26/Nov/2025:14:06:13 -0500] "POST /wp-login.php HTTP/1.1" 200 2374 "https://madeinbranded.com/wp-login.php" "Mozilla/5.0 (Windows NT 10.0; Win64; x64; WebView/3.0) AppleWebKit/537.36 (KHTML, like Gecko) Chrome/52.0.2743.116 Safari/537.36 Edge/15.15063"
68.183.25.188 - - [26/Nov/2025:14:08:30 -0500] "GET /wp-login.php HTTP/1.1" 200 2276 "-" "Mozilla/5.0 (Macintosh; Intel Mac OS X 10_13_6) AppleWebKit/605.1.15 (KHTML, like Gecko) Version/11.1.2 Safari/605.1.15"
162.0.217.77 - - [26/Nov/2025:14:08:39 -0500] "POST /wp-cron.php?doing_wp_cron=1764184118.9461650848388671875000 HTTP/1.1" 200 0 "-" "WordPress/6.8.3; https://madeinbranded.com"
68.183.25.188 - - [26/Nov/2025:14:08:36 -0500] "POST /wp-login.php HTTP/1.1" 200 2374 "https://madeinbranded.com/wp-login.php" "Mozilla/5.0 (Macintosh; Intel Mac OS X 10_13_6) AppleWebKit/605.1.15 (KHTML, like Gecko) Version/11.1.2 Safari/605.1.15"
104.210.140.138 - - [26/Nov/2025:14:10:21 -0500] "GET /robots.txt HTTP/1.1" 304 0 "-" "Mozilla/5.0 (Macintosh; Intel Mac OS X 10_15_7) AppleWebKit/537.36 (KHTML, like Gecko) Chrome/131.0.0.0 Safari/537.36; compatible; OAI-SearchBot/1.0; +https://openai.com/searchbot"
103.11.103.4 - - [26/Nov/2025:14:16:35 -0500] "POST /xmlrpc.php HTTP/1.1" 403 1242 "-" "Mozilla/4.0 (compatible; MSIE 7.0; Windows NT 6.2; WOW64; Trident/7.0; .NET4.0E; .NET4.0C)"
82.165.84.61 - - [26/Nov/2025:14:16:48 -0500] "GET /wp-login.php HTTP/1.1" 200 2276 "-" "Mozilla/5.0 (Windows NT 6.2; ARM; Trident/7.0; Touch; rv:11.0; WPDesktop; NOKIA; Lumia 1520) like Gecko"
162.0.217.77 - - [26/Nov/2025:14:16:53 -0500] "POST /wp-cron.php?doing_wp_cron=1764184613.2992460727691650390625 HTTP/1.1" 200 0 "-" "WordPress/6.8.3; https://madeinbranded.com"
82.165.84.61 - - [26/Nov/2025:14:16:49 -0500] "POST /wp-login.php HTTP/1.1" 200 2374 "https://madeinbranded.com/wp-login.php" "Mozilla/5.0 (Windows NT 6.2; ARM; Trident/7.0; Touch; rv:11.0; WPDesktop; NOKIA; Lumia 1520) like Gecko"
223.123.96.209 - - [26/Nov/2025:14:17:25 -0500] "GET / HTTP/1.1" 200 22252 "-" "Mozilla/5.0 (Windows NT 6.1; Win64; x64) AppleWebKit/537.36 (KHTML, like Gecko) Chrome/126.0.6478.114 Safari/537.36"
202.94.164.182 - - [26/Nov/2025:14:17:28 -0500] "GET /wp-includes/js/jquery/jquery-migrate.min.js?ver=3.4.1 HTTP/1.1" 200 4678 "https://madeinbranded.com/" "Mozilla/5.0 (Windows NT 6.1; Win64; x64) AppleWebKit/537.36 (KHTML, like Gecko) Chrome/126.0.6478.114 Safari/537.36"
31.171.72.164 - - [26/Nov/2025:14:17:28 -0500] "GET /wp-content/themes/rehub-theme/js/inview.js?ver=1.1 HTTP/1.1" 200 681 "https://madeinbranded.com/" "Mozilla/5.0 (Windows NT 6.1; Win64; x64) AppleWebKit/537.36 (KHTML, like Gecko) Chrome/126.0.6478.114 Safari/537.36"
185.75.226.86 - - [26/Nov/2025:14:17:28 -0500] "GET /wp-content/themes/rehub-theme/style.css?ver=18.9.7 HTTP/1.1" 200 30377 "https://madeinbranded.com/" "Mozilla/5.0 (Windows NT 6.1; Win64; x64) AppleWebKit/537.36 (KHTML, like Gecko) Chrome/126.0.6478.114 Safari/537.36"
189.127.166.101 - - [26/Nov/2025:14:17:28 -0500] "GET /wp-includes/css/dist/block-library/style.min.css?ver=6.8.3 HTTP/1.1" 200 14360 "https://madeinbranded.com/" "Mozilla/5.0 (Windows NT 6.1; Win64; x64) AppleWebKit/537.36 (KHTML, like Gecko) Chrome/126.0.6478.114 Safari/537.36"
138.94.86.198 - - [26/Nov/2025:14:17:28 -0500] "GET /wp-content/themes/rehub-theme/fonts/rhicons.woff2?3oibrk HTTP/1.1" 200 24556 "https://madeinbranded.com/" "Mozilla/5.0 (Windows NT 6.1; Win64; x64) AppleWebKit/537.36 (KHTML, like Gecko) Chrome/126.0.6478.114 Safari/537.36"
45.224.198.35 - - [26/Nov/2025:14:17:28 -0500] "GET /wp-includes/js/jquery/jquery.min.js?ver=3.7.1 HTTP/1.1" 200 29744 "https://madeinbranded.com/" "Mozilla/5.0 (Windows NT 6.1; Win64; x64) AppleWebKit/537.36 (KHTML, like Gecko) Chrome/126.0.6478.114 Safari/537.36"
177.66.211.191 - - [26/Nov/2025:14:17:28 -0500] "GET /wp-content/themes/rehub-theme/css/shortcodes/filterpanel.css?ver=1.3 HTTP/1.1" 200 1138 "https://madeinbranded.com/" "Mozilla/5.0 (Windows NT 6.1; Win64; x64) AppleWebKit/537.36 (KHTML, like Gecko) Chrome/126.0.6478.114 Safari/537.36"
45.228.136.76 - - [26/Nov/2025:14:17:31 -0500] "GET /wp-content/themes/rehub-theme/js/pgwmodal.js?ver=2.0 HTTP/1.1" 200 1442 "https://madeinbranded.com/" "Mozilla/5.0 (Windows NT 6.1; Win64; x64) AppleWebKit/537.36 (KHTML, like Gecko) Chrome/126.0.6478.114 Safari/537.36"
197.205.53.100 - - [26/Nov/2025:14:17:32 -0500] "GET /wp-content/themes/rehub-theme/iconstyle.css?ver=18.9.7 HTTP/1.1" 200 2205 "https://madeinbranded.com/" "Mozilla/5.0 (Windows NT 6.1; Win64; x64) AppleWebKit/537.36 (KHTML, like Gecko) Chrome/126.0.6478.114 Safari/537.36"
102.209.222.94 - - [26/Nov/2025:14:17:32 -0500] "GET /wp-content/themes/rehub-theme/js/unveil.js?ver=5.2.1 HTTP/1.1" 200 3243 "https://madeinbranded.com/" "Mozilla/5.0 (Windows NT 6.1; Win64; x64) AppleWebKit/537.36 (KHTML, like Gecko) Chrome/126.0.6478.114 Safari/537.36"
2804:2bf0:6092:5900:cde4:9354:e0e0:d833 - - [26/Nov/2025:14:17:37 -0500] "GET /wp-content/themes/rehub-theme/js/hoverintent.js?ver=1.9 HTTP/1.1" 200 782 "https://madeinbranded.com/" "Mozilla/5.0 (Windows NT 6.1; Win64; x64) AppleWebKit/537.36 (KHTML, like Gecko) Chrome/126.0.6478.114 Safari/537.36"
83.142.14.229 - - [26/Nov/2025:14:17:37 -0500] "GET /wp-content/themes/rehub-theme/js/filterpanel.js?ver=1.1 HTTP/1.1" 304 0 "https://madeinbranded.com/" "Mozilla/5.0 (Windows NT 6.1; Win64; x64) AppleWebKit/537.36 (KHTML, like Gecko) Chrome/126.0.6478.114 Safari/537.36"
179.49.18.23 - - [26/Nov/2025:14:17:37 -0500] "GET /wp-content/themes/rehub-theme/js/countdown.js?ver=1.1 HTTP/1.1" 200 1244 "https://madeinbranded.com/" "Mozilla/5.0 (Windows NT 6.1; Win64; x64) AppleWebKit/537.36 (KHTML, like Gecko) Chrome/126.0.6478.114 Safari/537.36"
181.116.91.134 - - [26/Nov/2025:14:17:37 -0500] "GET /wp-content/themes/rehub-theme/js/ajaxsearch.js?ver=18.9.7 HTTP/1.1" 200 1944 "https://madeinbranded.com/" "Mozilla/5.0 (Windows NT 6.1; Win64; x64) AppleWebKit/537.36 (KHTML, like Gecko) Chrome/126.0.6478.114 Safari/537.36"
186.128.224.252 - - [26/Nov/2025:14:17:37 -0500] "GET /wp-content/themes/rehub-theme/js/wishcount.js?ver=1.1 HTTP/1.1" 200 1013 "https://madeinbranded.com/" "Mozilla/5.0 (Windows NT 6.1; Win64; x64) AppleWebKit/537.36 (KHTML, like Gecko) Chrome/126.0.6478.114 Safari/537.36"
38.211.32.176 - - [26/Nov/2025:14:17:37 -0500] "GET /wp-content/themes/rehub-theme/js/custom.js?ver=18.9.7 HTTP/1.1" 200 5698 "https://madeinbranded.com/" "Mozilla/5.0 (Windows NT 6.1; Win64; x64) AppleWebKit/537.36 (KHTML, like Gecko) Chrome/126.0.6478.114 Safari/537.36"
179.223.204.196 - - [26/Nov/2025:14:17:46 -0500] "GET /wp-includes/js/wp-emoji-release.min.js?ver=6.8.3 HTTP/1.1" 200 4769 "https://madeinbranded.com/" "Mozilla/5.0 (Windows NT 6.1; Win64; x64) AppleWebKit/537.36 (KHTML, like Gecko) Chrome/126.0.6478.114 Safari/537.36"
208.109.34.85 - - [26/Nov/2025:14:20:08 -0500] "GET /wp-login.php HTTP/1.1" 200 2276 "-" "Mozilla/4.0 (compatible; MSIE 7.0; Windows NT 6.2; Trident/7.0; .NET4.0E; .NET4.0C; .NET CLR 3.5.30729; .NET CLR 2.0.50727; .NET CLR 3.0.30729)"
162.0.217.77 - - [26/Nov/2025:14:20:11 -0500] "POST /wp-cron.php?doing_wp_cron=1764184811.3689670562744140625000 HTTP/1.1" 200 0 "-" "WordPress/6.8.3; https://madeinbranded.com"
208.109.34.85 - - [26/Nov/2025:14:20:09 -0500] "POST /wp-login.php HTTP/1.1" 200 2374 "https://madeinbranded.com/wp-login.php" "Mozilla/4.0 (compatible; MSIE 7.0; Windows NT 6.2; Trident/7.0; .NET4.0E; .NET4.0C; .NET CLR 3.5.30729; .NET CLR 2.0.50727; .NET CLR 3.0.30729)"
162.241.225.33 - - [26/Nov/2025:14:24:41 -0500] "GET /wp-login.php HTTP/1.1" 200 2276 "-" "Mozilla/4.0 (compatible; MSIE 7.0; Windows NT 6.1; WOW64; Trident/7.0; SLCC2; .NET CLR 2.0.50727; .NET CLR 3.5.30729; .NET CLR 3.0.30729; Media Center PC 6.0; .NET4.0C; .NET4.0E; InfoPath.3)"
162.0.217.77 - - [26/Nov/2025:14:24:53 -0500] "POST /wp-cron.php?doing_wp_cron=1764185093.1284029483795166015625 HTTP/1.1" 200 0 "-" "WordPress/6.8.3; https://madeinbranded.com"
162.241.225.33 - - [26/Nov/2025:14:24:50 -0500] "POST /wp-login.php HTTP/1.1" 200 2374 "https://madeinbranded.com/wp-login.php" "Mozilla/4.0 (compatible; MSIE 7.0; Windows NT 6.1; WOW64; Trident/7.0; SLCC2; .NET CLR 2.0.50727; .NET CLR 3.5.30729; .NET CLR 3.0.30729; Media Center PC 6.0; .NET4.0C; .NET4.0E; InfoPath.3)"
162.0.217.77 - - [26/Nov/2025:14:28:45 -0500] "POST /wp-cron.php?doing_wp_cron=1764185325.5204069614410400390625 HTTP/1.1" 200 0 "-" "WordPress/6.8.3; https://madeinbranded.com"
43.165.69.68 - - [26/Nov/2025:14:28:44 -0500] "GET / HTTP/1.1" 301 0 "http://www.madeinbranded.com" "Mozilla/5.0 (iPhone; CPU iPhone OS 13_2_3 like Mac OS X) AppleWebKit/605.1.15 (KHTML, like Gecko) Version/13.0.3 Mobile/15E148 Safari/604.1"
43.165.69.68 - - [26/Nov/2025:14:28:46 -0500] "GET / HTTP/1.1" 200 22252 "https://www.madeinbranded.com/" "Mozilla/5.0 (iPhone; CPU iPhone OS 13_2_3 like Mac OS X) AppleWebKit/605.1.15 (KHTML, like Gecko) Version/13.0.3 Mobile/15E148 Safari/604.1"
193.26.115.213 - - [26/Nov/2025:14:29:24 -0500] "GET / HTTP/1.1" 200 22252 "-" "-"
162.0.217.77 - - [26/Nov/2025:14:29:25 -0500] "POST /wp-cron.php?doing_wp_cron=1764185365.5108039379119873046875 HTTP/1.1" 200 0 "-" "WordPress/6.8.3; https://madeinbranded.com"
193.26.115.213 - - [26/Nov/2025:14:29:25 -0500] "GET /wp-admin/install.php HTTP/1.1" 200 440 "-" "-"
193.26.115.213 - - [26/Nov/2025:14:29:26 -0500] "GET /wp-admin/setup-config.php HTTP/1.1" 403 1242 "-" "-"
27.147.191.110 - - [26/Nov/2025:14:30:35 -0500] "GET /wp-login.php HTTP/1.1" 200 2276 "-" "Mozilla/5.0"
27.147.191.110 - - [26/Nov/2025:14:30:40 -0500] "GET /?author=1 HTTP/1.1" 403 1242 "-" "Mozilla/5.0"
162.0.217.77 - - [26/Nov/2025:14:30:45 -0500] "POST /wp-cron.php?doing_wp_cron=1764185445.1577401161193847656250 HTTP/1.1" 200 0 "-" "WordPress/6.8.3; https://madeinbranded.com"
27.147.191.110 - - [26/Nov/2025:14:30:44 -0500] "GET /?rest_route=/wp/v2/users HTTP/1.1" 200 1507 "-" "Mozilla/5.0"
159.203.93.193 - - [26/Nov/2025:14:33:36 -0500] "POST /xmlrpc.php HTTP/1.1" 403 1242 "-" "Mozilla/5.0 (Macintosh; Intel Mac OS X 10_12_6) AppleWebKit/537.36 (KHTML, like Gecko) Chrome/65.0.3325.146 Safari/537.36"
159.203.93.193 - - [26/Nov/2025:14:33:42 -0500] "POST /xmlrpc.php HTTP/1.1" 403 1242 "-" "Mozilla/5.0 (Macintosh; Intel Mac OS X 10_12_6) AppleWebKit/537.36 (KHTML, like Gecko) Chrome/65.0.3325.146 Safari/537.36"
159.203.93.193 - - [26/Nov/2025:14:33:45 -0500] "POST /xmlrpc.php HTTP/1.1" 403 1242 "-" "Mozilla/5.0 (Macintosh; Intel Mac OS X 10_12_6) AppleWebKit/537.36 (KHTML, like Gecko) Chrome/65.0.3325.146 Safari/537.36"
159.203.93.193 - - [26/Nov/2025:14:33:47 -0500] "POST /xmlrpc.php HTTP/1.1" 403 1242 "-" "Mozilla/5.0 (Macintosh; Intel Mac OS X 10_12_6) AppleWebKit/537.36 (KHTML, like Gecko) Chrome/65.0.3325.146 Safari/537.36"
159.203.93.193 - - [26/Nov/2025:14:33:53 -0500] "POST /xmlrpc.php HTTP/1.1" 403 1242 "-" "Mozilla/5.0 (Macintosh; Intel Mac OS X 10_12_6) AppleWebKit/537.36 (KHTML, like Gecko) Chrome/65.0.3325.146 Safari/537.36"
159.203.93.193 - - [26/Nov/2025:14:33:58 -0500] "POST /xmlrpc.php HTTP/1.1" 403 1242 "-" "Mozilla/5.0 (Macintosh; Intel Mac OS X 10_12_6) AppleWebKit/537.36 (KHTML, like Gecko) Chrome/65.0.3325.146 Safari/537.36"
162.144.22.176 - - [26/Nov/2025:14:42:38 -0500] "GET /wp-login.php HTTP/1.1" 200 2276 "-" "Mozilla/5.0 (Windows NT 10.0; WOW64; Trident/7.0; TNJB; rv:11.0) like Gecko"
162.0.217.77 - - [26/Nov/2025:14:42:42 -0500] "POST /wp-cron.php?doing_wp_cron=1764186162.2940289974212646484375 HTTP/1.1" 200 0 "-" "WordPress/6.8.3; https://madeinbranded.com"
162.144.22.176 - - [26/Nov/2025:14:42:39 -0500] "POST /wp-login.php HTTP/1.1" 200 2374 "https://madeinbranded.com/wp-login.php" "Mozilla/5.0 (Windows NT 10.0; WOW64; Trident/7.0; TNJB; rv:11.0) like Gecko"
192.185.2.118 - - [26/Nov/2025:14:51:49 -0500] "GET /wp-login.php HTTP/1.1" 200 2276 "-" "Mozilla/5.0 (Windows NT 6.2; ARM; Trident/7.0; Touch; rv:11.0; WPDesktop; NOKIA; Lumia 630) like Gecko"
162.0.217.77 - - [26/Nov/2025:14:51:55 -0500] "POST /wp-cron.php?doing_wp_cron=1764186715.7221169471740722656250 HTTP/1.1" 200 0 "-" "WordPress/6.8.3; https://madeinbranded.com"
192.185.2.118 - - [26/Nov/2025:14:51:53 -0500] "POST /wp-login.php HTTP/1.1" 200 2374 "https://madeinbranded.com/wp-login.php" "Mozilla/5.0 (Windows NT 6.2; ARM; Trident/7.0; Touch; rv:11.0; WPDesktop; NOKIA; Lumia 630) like Gecko"
101.53.245.15 - - [26/Nov/2025:14:54:05 -0500] "GET /wp-login.php HTTP/1.1" 200 2276 "-" "Mozilla/5.0 (Windows NT 6.3; WOW64; Trident/7.0; Touch; SMJB; rv:11.0) like Gecko"
162.0.217.77 - - [26/Nov/2025:14:54:06 -0500] "POST /wp-cron.php?doing_wp_cron=1764186846.5256030559539794921875 HTTP/1.1" 200 0 "-" "WordPress/6.8.3; https://madeinbranded.com"
101.53.245.15 - - [26/Nov/2025:14:54:05 -0500] "POST /wp-login.php HTTP/1.1" 200 2374 "https://madeinbranded.com/wp-login.php" "Mozilla/5.0 (Windows NT 6.3; WOW64; Trident/7.0; Touch; SMJB; rv:11.0) like Gecko"
91.92.243.249 - - [26/Nov/2025:14:57:04 -0500] "POST /wp-login.php HTTP/1.1" 200 2352 "-" "Mozilla/5.0"
162.0.217.77 - - [26/Nov/2025:14:57:05 -0500] "POST /wp-cron.php?doing_wp_cron=1764187025.7273359298706054687500 HTTP/1.1" 200 0 "-" "WordPress/6.8.3; https://madeinbranded.com"
91.92.243.249 - - [26/Nov/2025:14:57:04 -0500] "POST /wp-login.php HTTP/1.1" 200 2352 "-" "Mozilla/5.0"
162.0.217.77 - - [26/Nov/2025:14:57:42 -0500] "POST /wp-cron.php?doing_wp_cron=1764187062.3934249877929687500000 HTTP/1.1" 200 0 "-" "WordPress/6.8.3; https://madeinbranded.com"
43.157.95.131 - - [26/Nov/2025:14:57:42 -0500] "GET /comments/feed/ HTTP/1.1" 200 1614 "-" "Mozilla/5.0 (iPhone; CPU iPhone OS 13_2_3 like Mac OS X) AppleWebKit/605.1.15 (KHTML, like Gecko) Version/13.0.3 Mobile/15E148 Safari/604.1"
77.237.239.226 - - [26/Nov/2025:15:03:29 -0500] "HEAD / HTTP/1.1" 302 0 "-" "python-requests/2.32.5"
77.237.239.226 - - [26/Nov/2025:15:03:29 -0500] "HEAD / HTTP/1.1" 302 0 "-" "python-requests/2.32.5"
192.250.224.148 - - [26/Nov/2025:15:06:16 -0500] "POST /xmlrpc.php HTTP/1.1" 403 1242 "-" "Mozilla/5.0 (Macintosh; Intel Mac OS X 10_12_6) AppleWebKit/537.36 (KHTML, like Gecko) Chrome/66.0.3359.117 Safari/537.36"
192.250.224.148 - - [26/Nov/2025:15:06:27 -0500] "POST /xmlrpc.php HTTP/1.1" 403 1242 "-" "Mozilla/5.0 (Macintosh; Intel Mac OS X 10_12_6) AppleWebKit/537.36 (KHTML, like Gecko) Chrome/66.0.3359.117 Safari/537.36"
192.250.224.148 - - [26/Nov/2025:15:06:28 -0500] "POST /xmlrpc.php HTTP/1.1" 403 1242 "-" "Mozilla/5.0 (Macintosh; Intel Mac OS X 10_12_6) AppleWebKit/537.36 (KHTML, like Gecko) Chrome/66.0.3359.117 Safari/537.36"
43.166.255.122 - - [26/Nov/2025:15:07:08 -0500] "GET /privacy-policy/ HTTP/1.1" 200 22774 "-" "Mozilla/5.0 (iPhone; CPU iPhone OS 13_2_3 like Mac OS X) AppleWebKit/605.1.15 (KHTML, like Gecko) Version/13.0.3 Mobile/15E148 Safari/604.1"
37.156.146.119 - - [26/Nov/2025:15:07:14 -0500] "GET /wp-login.php HTTP/1.1" 200 2276 "-" "Mozilla/5.0 (Windows NT 6.1) AppleWebKit/537.36 (KHTML, like Gecko) Chrome/66.0.3359.170 Safari/537.36"
162.0.217.77 - - [26/Nov/2025:15:07:21 -0500] "POST /wp-cron.php?doing_wp_cron=1764187640.8878989219665527343750 HTTP/1.1" 200 0 "-" "WordPress/6.8.3; https://madeinbranded.com"
37.156.146.119 - - [26/Nov/2025:15:07:17 -0500] "POST /wp-login.php HTTP/1.1" 200 2374 "https://madeinbranded.com/wp-login.php" "Mozilla/5.0 (Windows NT 6.1) AppleWebKit/537.36 (KHTML, like Gecko) Chrome/66.0.3359.170 Safari/537.36"
45.56.222.60 - - [26/Nov/2025:15:21:30 -0500] "GET /wp-login.php HTTP/1.1" 200 2276 "-" "Mozilla/5.0 (Windows NT 6.1; WOW64; Trident/7.0; MASP; rv:11.0) like Gecko"
162.0.217.77 - - [26/Nov/2025:15:21:35 -0500] "POST /wp-cron.php?doing_wp_cron=1764188495.4394769668579101562500 HTTP/1.1" 200 0 "-" "WordPress/6.8.3; https://madeinbranded.com"
45.56.222.60 - - [26/Nov/2025:15:21:31 -0500] "POST /wp-login.php HTTP/1.1" 200 2374 "https://madeinbranded.com/wp-login.php" "Mozilla/5.0 (Windows NT 6.1; WOW64; Trident/7.0; MASP; rv:11.0) like Gecko"
162.241.226.76 - - [26/Nov/2025:15:26:31 -0500] "GET /wp-login.php HTTP/1.1" 200 2276 "-" "Mozilla/5.0 (Windows NT 10.0) AppleWebKit/537.36 (KHTML, like Gecko) Chrome/66.0.3359.117 Safari/537.36"
162.0.217.77 - - [26/Nov/2025:15:26:38 -0500] "POST /wp-cron.php?doing_wp_cron=1764188798.0155720710754394531250 HTTP/1.1" 200 0 "-" "WordPress/6.8.3; https://madeinbranded.com"
162.241.226.76 - - [26/Nov/2025:15:26:34 -0500] "POST /wp-login.php HTTP/1.1" 200 2374 "https://madeinbranded.com/wp-login.php" "Mozilla/5.0 (Windows NT 10.0) AppleWebKit/537.36 (KHTML, like Gecko) Chrome/66.0.3359.117 Safari/537.36"
162.0.217.77 - - [26/Nov/2025:15:27:20 -0500] "POST /wp-cron.php?doing_wp_cron=1764188840.5161008834838867187500 HTTP/1.1" 200 0 "-" "WordPress/6.8.3; https://madeinbranded.com"
43.131.253.14 - - [26/Nov/2025:15:27:20 -0500] "GET /23-mothers-day-special-video-ideas-2023/ HTTP/1.1" 200 26337 "-" "Mozilla/5.0 (iPhone; CPU iPhone OS 13_2_3 like Mac OS X) AppleWebKit/605.1.15 (KHTML, like Gecko) Version/13.0.3 Mobile/15E148 Safari/604.1"
162.214.81.12 - - [26/Nov/2025:15:28:34 -0500] "GET /wp-login.php HTTP/1.1" 200 2276 "-" "Mozilla/5.0 (Windows NT 6.3; Win64; x64; Trident/7.0; ASU2JS; rv:11.0) like Gecko"
162.0.217.77 - - [26/Nov/2025:15:28:38 -0500] "POST /wp-cron.php?doing_wp_cron=1764188918.6582438945770263671875 HTTP/1.1" 200 0 "-" "WordPress/6.8.3; https://madeinbranded.com"
162.214.81.12 - - [26/Nov/2025:15:28:38 -0500] "POST /wp-login.php HTTP/1.1" 200 2374 "https://madeinbranded.com/wp-login.php" "Mozilla/5.0 (Windows NT 6.3; Win64; x64; Trident/7.0; ASU2JS; rv:11.0) like Gecko"
43.130.12.43 - - [26/Nov/2025:15:36:28 -0500] "GET / HTTP/1.1" 200 22252 "-" "Mozilla/5.0 (iPhone; CPU iPhone OS 13_2_3 like Mac OS X) AppleWebKit/605.1.15 (KHTML, like Gecko) Version/13.0.3 Mobile/15E148 Safari/604.1"
162.241.244.76 - - [26/Nov/2025:15:39:48 -0500] "GET /wp-login.php HTTP/1.1" 200 2276 "-" "Mozilla/4.0 (compatible; MSIE 7.0; Windows NT 6.2; Trident/7.0; .NET4.0E; .NET4.0C; .NET CLR 3.5.30729; .NET CLR 2.0.50727; .NET CLR 3.0.30729)"
162.0.217.77 - - [26/Nov/2025:15:39:57 -0500] "POST /wp-cron.php?doing_wp_cron=1764189597.3061459064483642578125 HTTP/1.1" 200 0 "-" "WordPress/6.8.3; https://madeinbranded.com"
162.241.244.76 - - [26/Nov/2025:15:39:53 -0500] "POST /wp-login.php HTTP/1.1" 200 2374 "https://madeinbranded.com/wp-login.php" "Mozilla/4.0 (compatible; MSIE 7.0; Windows NT 6.2; Trident/7.0; .NET4.0E; .NET4.0C; .NET CLR 3.5.30729; .NET CLR 2.0.50727; .NET CLR 3.0.30729)"
103.7.8.125 - - [26/Nov/2025:15:41:27 -0500] "GET /wp-login.php HTTP/1.1" 200 2276 "-" "Mozilla/5.0 (Windows NT 6.3; Trident/7.0; Touch; rv:11.0) like Gecko"
162.0.217.77 - - [26/Nov/2025:15:41:33 -0500] "POST /wp-cron.php?doing_wp_cron=1764189693.5801119804382324218750 HTTP/1.1" 200 0 "-" "WordPress/6.8.3; https://madeinbranded.com"
103.7.8.125 - - [26/Nov/2025:15:41:31 -0500] "POST /wp-login.php HTTP/1.1" 200 2374 "https://madeinbranded.com/wp-login.php" "Mozilla/5.0 (Windows NT 6.3; Trident/7.0; Touch; rv:11.0) like Gecko"
192.185.2.83 - - [26/Nov/2025:15:46:37 -0500] "GET /wp-login.php HTTP/1.1" 200 2276 "-" "Mozilla/5.0 (X11; CrOS x86_64 10452.99.0) AppleWebKit/537.36 (KHTML, like Gecko) Chrome/66.0.3359.203 Safari/537.36"
192.185.2.83 - - [26/Nov/2025:15:46:37 -0500] "POST /wp-login.php HTTP/1.1" 200 0 "https://madeinbranded.com/wp-login.php" "Mozilla/5.0 (X11; CrOS x86_64 10452.99.0) AppleWebKit/537.36 (KHTML, like Gecko) Chrome/66.0.3359.203 Safari/537.36"
162.0.217.77 - - [26/Nov/2025:15:46:43 -0500] "POST /wp-cron.php?doing_wp_cron=1764190003.1572909355163574218750 HTTP/1.1" 200 0 "-" "WordPress/6.8.3; https://madeinbranded.com"
162.0.217.77 - - [26/Nov/2025:15:47:19 -0500] "POST /wp-cron.php?doing_wp_cron=1764190039.0755879878997802734375 HTTP/1.1" 200 0 "-" "WordPress/6.8.3; https://madeinbranded.com"
43.130.15.147 - - [26/Nov/2025:15:47:18 -0500] "GET /?p=63 HTTP/1.1" 301 0 "-" "Mozilla/5.0 (iPhone; CPU iPhone OS 13_2_3 like Mac OS X) AppleWebKit/605.1.15 (KHTML, like Gecko) Version/13.0.3 Mobile/15E148 Safari/604.1"
162.0.217.77 - - [26/Nov/2025:15:47:25 -0500] "POST /wp-cron.php?doing_wp_cron=1764190045.2913389205932617187500 HTTP/1.1" 200 0 "-" "WordPress/6.8.3; https://madeinbranded.com"
43.130.15.147 - - [26/Nov/2025:15:47:25 -0500] "GET /webcam-cover/ HTTP/1.1" 200 22980 "https://madeinbranded.com/?p=63" "Mozilla/5.0 (iPhone; CPU iPhone OS 13_2_3 like Mac OS X) AppleWebKit/605.1.15 (KHTML, like Gecko) Version/13.0.3 Mobile/15E148 Safari/604.1"
162.0.217.77 - - [26/Nov/2025:15:55:55 -0500] "POST /wp-cron.php?doing_wp_cron=1764190555.3916120529174804687500 HTTP/1.1" 200 0 "-" "WordPress/6.8.3; https://madeinbranded.com"
43.135.144.81 - - [26/Nov/2025:15:55:52 -0500] "GET /?p=147 HTTP/1.1" 301 0 "-" "Mozilla/5.0 (iPhone; CPU iPhone OS 13_2_3 like Mac OS X) AppleWebKit/605.1.15 (KHTML, like Gecko) Version/13.0.3 Mobile/15E148 Safari/604.1"
43.135.144.81 - - [26/Nov/2025:15:56:01 -0500] "GET /23-mothers-day-special-video-ideas-2023/ HTTP/1.1" 200 26337 "https://madeinbranded.com/?p=147" "Mozilla/5.0 (iPhone; CPU iPhone OS 13_2_3 like Mac OS X) AppleWebKit/605.1.15 (KHTML, like Gecko) Version/13.0.3 Mobile/15E148 Safari/604.1"
45.11.230.14 - - [26/Nov/2025:15:56:40 -0500] "GET / HTTP/1.1" 200 22252 "-" "Mozilla/5.0 (Windows NT 10.0; Win64; x64) AppleWebKit/537.36 (KHTML, like Gecko) Chrome/80.0.3987.149 Safari/537.36"
162.0.217.77 - - [26/Nov/2025:15:56:40 -0500] "POST /wp-cron.php?doing_wp_cron=1764190600.6982390880584716796875 HTTP/1.1" 200 0 "-" "WordPress/6.8.3; https://madeinbranded.com"
45.11.230.14 - - [26/Nov/2025:15:56:40 -0500] "GET //wp-includes/wlwmanifest.xml HTTP/1.1" 301 0 "-" "Mozilla/5.0 (Windows NT 10.0; Win64; x64) AppleWebKit/537.36 (KHTML, like Gecko) Chrome/80.0.3987.149 Safari/537.36"
45.11.230.14 - - [26/Nov/2025:15:56:41 -0500] "GET / HTTP/1.1" 200 22252 "-" "Mozilla/5.0 (Windows NT 10.0; Win64; x64) AppleWebKit/537.36 (KHTML, like Gecko) Chrome/80.0.3987.149 Safari/537.36"
45.11.230.14 - - [26/Nov/2025:15:56:41 -0500] "GET //?author=1 HTTP/1.1" 403 1242 "-" "Mozilla/5.0 (Windows NT 10.0; Win64; x64) AppleWebKit/537.36 (KHTML, like Gecko) Chrome/80.0.3987.149 Safari/537.36"
45.11.230.14 - - [26/Nov/2025:15:56:41 -0500] "GET //?author=2 HTTP/1.1" 403 1242 "-" "Mozilla/5.0 (Windows NT 10.0; Win64; x64) AppleWebKit/537.36 (KHTML, like Gecko) Chrome/80.0.3987.149 Safari/537.36"
45.11.230.14 - - [26/Nov/2025:15:56:41 -0500] "GET //wp-json/wp/v2/users/ HTTP/1.1" 200 1507 "-" "Mozilla/5.0 (Windows NT 10.0; Win64; x64) AppleWebKit/537.36 (KHTML, like Gecko) Chrome/80.0.3987.149 Safari/537.36"
165.227.103.193 - - [26/Nov/2025:15:58:55 -0500] "GET / HTTP/1.1" 200 22252 "-" "Mozilla/5.0 (Windows NT 10.0; Win64; x64) AppleWebKit/537.36 (KHTML, like Gecko) Chrome/80.0.3987.149 Safari/537.36"
162.0.217.77 - - [26/Nov/2025:15:58:59 -0500] "POST /wp-cron.php?doing_wp_cron=1764190739.4266309738159179687500 HTTP/1.1" 200 0 "-" "WordPress/6.8.3; https://madeinbranded.com"
165.227.103.193 - - [26/Nov/2025:15:58:57 -0500] "GET //wp-includes/wlwmanifest.xml HTTP/1.1" 301 0 "-" "Mozilla/5.0 (Windows NT 10.0; Win64; x64) AppleWebKit/537.36 (KHTML, like Gecko) Chrome/80.0.3987.149 Safari/537.36"
165.227.103.193 - - [26/Nov/2025:15:58:59 -0500] "GET / HTTP/1.1" 200 22252 "-" "Mozilla/5.0 (Windows NT 10.0; Win64; x64) AppleWebKit/537.36 (KHTML, like Gecko) Chrome/80.0.3987.149 Safari/537.36"
165.227.103.193 - - [26/Nov/2025:15:59:01 -0500] "GET //?author=1 HTTP/1.1" 403 1242 "-" "Mozilla/5.0 (Windows NT 10.0; Win64; x64) AppleWebKit/537.36 (KHTML, like Gecko) Chrome/80.0.3987.149 Safari/537.36"
165.227.103.193 - - [26/Nov/2025:15:59:01 -0500] "GET //?author=2 HTTP/1.1" 403 1242 "-" "Mozilla/5.0 (Windows NT 10.0; Win64; x64) AppleWebKit/537.36 (KHTML, like Gecko) Chrome/80.0.3987.149 Safari/537.36"
165.227.103.193 - - [26/Nov/2025:15:59:02 -0500] "GET //wp-json/wp/v2/users/ HTTP/1.1" 200 1507 "-" "Mozilla/5.0 (Windows NT 10.0; Win64; x64) AppleWebKit/537.36 (KHTML, like Gecko) Chrome/80.0.3987.149 Safari/537.36"
162.0.217.77 - - [26/Nov/2025:16:07:00 -0500] "POST /wp-cron.php?doing_wp_cron=1764191220.0915949344635009765625 HTTP/1.1" 200 0 "-" "WordPress/6.8.3; https://madeinbranded.com"
43.130.31.17 - - [26/Nov/2025:16:06:57 -0500] "GET /contact-us HTTP/1.1" 301 0 "-" "Mozilla/5.0 (iPhone; CPU iPhone OS 13_2_3 like Mac OS X) AppleWebKit/605.1.15 (KHTML, like Gecko) Version/13.0.3 Mobile/15E148 Safari/604.1"
43.130.31.17 - - [26/Nov/2025:16:07:07 -0500] "GET /contact-us/ HTTP/1.1" 200 17579 "https://madeinbranded.com/contact-us" "Mozilla/5.0 (iPhone; CPU iPhone OS 13_2_3 like Mac OS X) AppleWebKit/605.1.15 (KHTML, like Gecko) Version/13.0.3 Mobile/15E148 Safari/604.1"
112.175.184.99 - - [26/Nov/2025:16:13:30 -0500] "GET /wp-login.php HTTP/1.1" 200 2276 "-" "GRequests/0.10"
162.0.217.77 - - [26/Nov/2025:16:13:35 -0500] "POST /wp-cron.php?doing_wp_cron=1764191614.9972479343414306640625 HTTP/1.1" 200 0 "-" "WordPress/6.8.3; https://madeinbranded.com"
112.175.184.99 - - [26/Nov/2025:16:13:31 -0500] "POST /wp-login.php HTTP/1.1" 200 2374 "-" "GRequests/0.10"
81.0.247.147 - - [26/Nov/2025:16:13:41 -0500] "GET /wp-login.php HTTP/1.1" 200 2276 "-" "Mozilla/4.0 (compatible; MSIE 7.0; Windows NT 6.1; WOW64; Trident/7.0; SLCC2; .NET CLR 2.0.50727; .NET CLR 3.5.30729; .NET CLR 3.0.30729; Media Center PC 6.0; MASA; .NET4.0C; .NET4.0E; AskTbFWV5/5.15.29.67612)"
81.0.247.147 - - [26/Nov/2025:16:13:41 -0500] "POST /wp-login.php HTTP/1.1" 200 2374 "https://madeinbranded.com/wp-login.php" "Mozilla/4.0 (compatible; MSIE 7.0; Windows NT 6.1; WOW64; Trident/7.0; SLCC2; .NET CLR 2.0.50727; .NET CLR 3.5.30729; .NET CLR 3.0.30729; Media Center PC 6.0; MASA; .NET4.0C; .NET4.0E; AskTbFWV5/5.15.29.67612)"
170.106.192.3 - - [26/Nov/2025:16:16:06 -0500] "GET /disclaimer/ HTTP/1.1" 200 18002 "-" "Mozilla/5.0 (iPhone; CPU iPhone OS 13_2_3 like Mac OS X) AppleWebKit/605.1.15 (KHTML, like Gecko) Version/13.0.3 Mobile/15E148 Safari/604.1"
2a00:1169:11c:99e0:: - - [26/Nov/2025:16:16:10 -0500] "GET /wp-login.php HTTP/1.1" 200 2276 "-" "Mozilla/5.0 (X11; Ubuntu; Linux x86_64; rv:85.0) Gecko/20100101 Firefox/91.0"
162.0.217.77 - - [26/Nov/2025:16:16:14 -0500] "POST /wp-cron.php?doing_wp_cron=1764191774.4109380245208740234375 HTTP/1.1" 200 0 "-" "WordPress/6.8.3; https://madeinbranded.com"
2a00:1169:11c:99e0:: - - [26/Nov/2025:16:16:12 -0500] "POST /wp-login.php HTTP/1.1" 200 2361 "-" "Mozilla/5.0 (X11; Ubuntu; Linux x86_64; rv:85.0) Gecko/20100101 Firefox/91.0"
132.148.74.71 - - [26/Nov/2025:16:23:31 -0500] "GET /wp-login.php HTTP/1.1" 200 2276 "-" "Mozilla/5.0 (Windows NT 6.1; Trident/7.0; MATP; rv:11.0) like Gecko"
43.159.135.203 - - [26/Nov/2025:16:23:33 -0500] "GET /wishlist/ HTTP/1.1" 200 16895 "-" "Mozilla/5.0 (iPhone; CPU iPhone OS 13_2_3 like Mac OS X) AppleWebKit/605.1.15 (KHTML, like Gecko) Version/13.0.3 Mobile/15E148 Safari/604.1"
162.0.217.77 - - [26/Nov/2025:16:23:38 -0500] "POST /wp-cron.php?doing_wp_cron=1764192218.2434968948364257812500 HTTP/1.1" 200 0 "-" "WordPress/6.8.3; https://madeinbranded.com"
132.148.74.71 - - [26/Nov/2025:16:23:34 -0500] "POST /wp-login.php HTTP/1.1" 200 2374 "https://madeinbranded.com/wp-login.php" "Mozilla/5.0 (Windows NT 6.1; Trident/7.0; MATP; rv:11.0) like Gecko"
91.92.243.249 - - [26/Nov/2025:16:23:48 -0500] "POST /wp-login.php HTTP/1.1" 200 2352 "-" "Mozilla/5.0"
91.92.243.249 - - [26/Nov/2025:16:23:48 -0500] "POST /wp-login.php HTTP/1.1" 200 2352 "-" "Mozilla/5.0"
162.241.216.167 - - [26/Nov/2025:16:28:48 -0500] "GET /wp-login.php HTTP/1.1" 200 2276 "-" "Mozilla/4.0 (compatible; MSIE 7.0; Windows NT 10.0; WOW64; Trident/7.0; .NET4.0C; .NET4.0E; .NET CLR 2.0.50727; .NET CLR 3.0.30729; .NET CLR 3.5.30729; ms-office)"
162.0.217.77 - - [26/Nov/2025:16:28:55 -0500] "POST /wp-cron.php?doing_wp_cron=1764192534.9904470443725585937500 HTTP/1.1" 200 0 "-" "WordPress/6.8.3; https://madeinbranded.com"
162.241.216.167 - - [26/Nov/2025:16:28:52 -0500] "POST /wp-login.php HTTP/1.1" 200 2374 "https://madeinbranded.com/wp-login.php" "Mozilla/4.0 (compatible; MSIE 7.0; Windows NT 10.0; WOW64; Trident/7.0; .NET4.0C; .NET4.0E; .NET CLR 2.0.50727; .NET CLR 3.0.30729; .NET CLR 3.5.30729; ms-office)"
52.167.144.55 - - [26/Nov/2025:16:30:10 -0500] "GET /robots.txt HTTP/1.1" 304 0 "-" "Mozilla/5.0 AppleWebKit/537.36 (KHTML, like Gecko; compatible; bingbot/2.0; +http://www.bing.com/bingbot.htm) Chrome/116.0.1938.76 Safari/537.36"
52.167.144.225 - - [26/Nov/2025:16:30:15 -0500] "GET /wp-content/uploads/2023/04/Full-Face-Sunglasses-100x100.jpg HTTP/1.1" 403 1242 "-" "Mozilla/5.0 AppleWebKit/537.36 (KHTML, like Gecko; compatible; bingbot/2.0; +http://www.bing.com/bingbot.htm) Chrome/116.0.1938.76 Safari/537.36"
43.130.78.203 - - [26/Nov/2025:16:35:40 -0500] "GET /12-best-movies-to-watch-on-mothers-day-2023/ HTTP/1.1" 200 29212 "-" "Mozilla/5.0 (iPhone; CPU iPhone OS 13_2_3 like Mac OS X) AppleWebKit/605.1.15 (KHTML, like Gecko) Version/13.0.3 Mobile/15E148 Safari/604.1"
217.160.232.112 - - [26/Nov/2025:16:36:48 -0500] "POST /xmlrpc.php HTTP/1.1" 403 1242 "-" "Mozilla/5.0 (Windows NT 10.0; WOW64; Trident/7.0; yie9; rv:11.0) like Gecko"
217.160.232.112 - - [26/Nov/2025:16:37:02 -0500] "POST /xmlrpc.php HTTP/1.1" 403 1242 "-" "Mozilla/5.0 (Windows NT 10.0; WOW64; Trident/7.0; yie9; rv:11.0) like Gecko"
217.160.232.112 - - [26/Nov/2025:16:37:16 -0500] "POST /xmlrpc.php HTTP/1.1" 403 1242 "-" "Mozilla/5.0 (Windows NT 10.0; WOW64; Trident/7.0; yie9; rv:11.0) like Gecko"
217.160.232.112 - - [26/Nov/2025:16:37:28 -0500] "POST /xmlrpc.php HTTP/1.1" 403 1242 "-" "Mozilla/5.0 (Windows NT 10.0; WOW64; Trident/7.0; yie9; rv:11.0) like Gecko"
217.160.232.112 - - [26/Nov/2025:16:37:42 -0500] "POST /xmlrpc.php HTTP/1.1" 403 1242 "-" "Mozilla/5.0 (Windows NT 10.0; WOW64; Trident/7.0; yie9; rv:11.0) like Gecko"
103.42.58.162 - - [26/Nov/2025:16:38:10 -0500] "GET /wp-login.php HTTP/1.1" 200 2276 "-" "Mozilla/5.0 (Windows NT 10.0; Win64; x64) AppleWebKit/537.36 (KHTML, like Gecko) Chrome/66.0.3359.139 Safari/537.36"
162.0.217.77 - - [26/Nov/2025:16:38:14 -0500] "POST /wp-cron.php?doing_wp_cron=1764193094.4244658946990966796875 HTTP/1.1" 200 0 "-" "WordPress/6.8.3; https://madeinbranded.com"
103.42.58.162 - - [26/Nov/2025:16:38:13 -0500] "POST /wp-login.php HTTP/1.1" 200 2374 "https://madeinbranded.com/wp-login.php" "Mozilla/5.0 (Windows NT 10.0; Win64; x64) AppleWebKit/537.36 (KHTML, like Gecko) Chrome/66.0.3359.139 Safari/537.36"
162.0.217.77 - - [26/Nov/2025:16:47:48 -0500] "POST /wp-cron.php?doing_wp_cron=1764193668.8283460140228271484375 HTTP/1.1" 200 0 "-" "WordPress/6.8.3; https://madeinbranded.com"
43.130.139.136 - - [26/Nov/2025:16:47:46 -0500] "GET /tag/mothers-day-gifts-2023/ HTTP/1.1" 200 17296 "-" "Mozilla/5.0 (iPhone; CPU iPhone OS 13_2_3 like Mac OS X) AppleWebKit/605.1.15 (KHTML, like Gecko) Version/13.0.3 Mobile/15E148 Safari/604.1"
173.201.187.142 - - [26/Nov/2025:16:52:29 -0500] "POST /xmlrpc.php HTTP/1.1" 403 1242 "-" "Mozilla/5.0 (X11; Linux x86_64) AppleWebKit/537.36 (KHTML, like Gecko) Chrome/66.0.3359.170 Safari/537.36"
173.201.187.142 - - [26/Nov/2025:16:52:31 -0500] "POST /xmlrpc.php HTTP/1.1" 403 1242 "-" "Mozilla/5.0 (X11; Linux x86_64) AppleWebKit/537.36 (KHTML, like Gecko) Chrome/66.0.3359.170 Safari/537.36"
173.201.187.142 - - [26/Nov/2025:16:52:32 -0500] "POST /xmlrpc.php HTTP/1.1" 403 1242 "-" "Mozilla/5.0 (X11; Linux x86_64) AppleWebKit/537.36 (KHTML, like Gecko) Chrome/66.0.3359.170 Safari/537.36"
173.201.187.142 - - [26/Nov/2025:16:52:33 -0500] "POST /xmlrpc.php HTTP/1.1" 403 1242 "-" "Mozilla/5.0 (X11; Linux x86_64) AppleWebKit/537.36 (KHTML, like Gecko) Chrome/66.0.3359.170 Safari/537.36"
173.201.187.142 - - [26/Nov/2025:16:52:34 -0500] "POST /xmlrpc.php HTTP/1.1" 403 1242 "-" "Mozilla/5.0 (X11; Linux x86_64) AppleWebKit/537.36 (KHTML, like Gecko) Chrome/66.0.3359.170 Safari/537.36"
173.201.187.142 - - [26/Nov/2025:16:52:35 -0500] "POST /xmlrpc.php HTTP/1.1" 403 1242 "-" "Mozilla/5.0 (X11; Linux x86_64) AppleWebKit/537.36 (KHTML, like Gecko) Chrome/66.0.3359.170 Safari/537.36"
162.241.244.103 - - [26/Nov/2025:16:54:51 -0500] "GET /wp-login.php HTTP/1.1" 200 2276 "-" "Mozilla/5.0 (Macintosh; Intel Mac OS X 10_10_5) AppleWebKit/600.8.9 (KHTML, like Gecko) Version/10.1.2 Safari/603.3.8"
162.0.217.77 - - [26/Nov/2025:16:54:58 -0500] "POST /wp-cron.php?doing_wp_cron=1764194098.4564599990844726562500 HTTP/1.1" 200 0 "-" "WordPress/6.8.3; https://madeinbranded.com"
