162.241.244.103 - - [26/Nov/2025:16:54:55 -0500] "POST /wp-login.php HTTP/1.1" 200 2374 "https://madeinbranded.com/wp-login.php" "Mozilla/5.0 (Macintosh; Intel Mac OS X 10_10_5) AppleWebKit/600.8.9 (KHTML, like Gecko) Version/10.1.2 Safari/603.3.8"
68.178.226.19 - - [26/Nov/2025:16:55:26 -0500] "GET /wp-login.php HTTP/1.1" 200 2276 "-" "Mozilla/5.0 (Windows NT 10.0; WOW64; Trident/7.0; Touch; MAARJS; rv:11.0) like Gecko"
162.0.217.77 - - [26/Nov/2025:16:55:28 -0500] "POST /wp-cron.php?doing_wp_cron=1764194128.0555860996246337890625 HTTP/1.1" 200 0 "-" "WordPress/6.8.3; https://madeinbranded.com"
68.178.226.19 - - [26/Nov/2025:16:55:27 -0500] "POST /wp-login.php HTTP/1.1" 200 2374 "https://madeinbranded.com/wp-login.php" "Mozilla/5.0 (Windows NT 10.0; WOW64; Trident/7.0; Touch; MAARJS; rv:11.0) like Gecko"
170.106.11.141 - - [26/Nov/2025:16:55:52 -0500] "GET /category/ideas/ HTTP/1.1" 200 17781 "-" "Mozilla/5.0 (iPhone; CPU iPhone OS 13_2_3 like Mac OS X) AppleWebKit/605.1.15 (KHTML, like Gecko) Version/13.0.3 Mobile/15E148 Safari/604.1"
201.46.112.136 - - [26/Nov/2025:17:01:31 -0500] "GET /wp-login.php HTTP/1.1" 200 2276 "-" "Mozilla/5.0 (Windows NT 6.1; Win64; x64) AppleWebKit/537.36 (KHTML, like Gecko) Chrome/66.0.3359.170 Safari/537.36 OPR/53.0.2907.68"
162.0.217.77 - - [26/Nov/2025:17:01:35 -0500] "POST /wp-cron.php?doing_wp_cron=1764194495.7965040206909179687500 HTTP/1.1" 200 0 "-" "WordPress/6.8.3; https://madeinbranded.com"
201.46.112.136 - - [26/Nov/2025:17:01:34 -0500] "POST /wp-login.php HTTP/1.1" 200 2374 "https://madeinbranded.com/wp-login.php" "Mozilla/5.0 (Windows NT 6.1; Win64; x64) AppleWebKit/537.36 (KHTML, like Gecko) Chrome/66.0.3359.170 Safari/537.36 OPR/53.0.2907.68"
162.0.217.77 - - [26/Nov/2025:17:10:13 -0500] "POST /wp-cron.php?doing_wp_cron=1764195013.5052928924560546875000 HTTP/1.1" 200 0 "-" "WordPress/6.8.3; https://madeinbranded.com"
170.106.187.106 - - [26/Nov/2025:17:10:10 -0500] "GET /wp-json/ HTTP/1.1" 200 231906 "-" "Mozilla/5.0 (iPhone; CPU iPhone OS 13_2_3 like Mac OS X) AppleWebKit/605.1.15 (KHTML, like Gecko) Version/13.0.3 Mobile/15E148 Safari/604.1"
50.28.84.219 - - [26/Nov/2025:17:13:36 -0500] "GET /wp-login.php HTTP/1.1" 200 2276 "-" "Mozilla/5.0 (Windows NT 6.1; WOW64; Trident/7.0; MALC; rv:11.0) like Gecko"
162.0.217.77 - - [26/Nov/2025:17:13:45 -0500] "POST /wp-cron.php?doing_wp_cron=1764195225.2847790718078613281250 HTTP/1.1" 200 0 "-" "WordPress/6.8.3; https://madeinbranded.com"
50.28.84.219 - - [26/Nov/2025:17:13:43 -0500] "POST /wp-login.php HTTP/1.1" 200 2374 "https://madeinbranded.com/wp-login.php" "Mozilla/5.0 (Windows NT 6.1; WOW64; Trident/7.0; MALC; rv:11.0) like Gecko"
92.222.108.124 - - [26/Nov/2025:17:14:25 -0500] "GET /robots.txt HTTP/1.1" 304 0 "-" "Mozilla/5.0 (compatible; AhrefsBot/7.0; +http://ahrefs.com/robot/)"
162.0.217.77 - - [26/Nov/2025:17:15:41 -0500] "POST /wp-cron.php?doing_wp_cron=1764195340.9960689544677734375000 HTTP/1.1" 200 0 "-" "WordPress/6.8.3; https://madeinbranded.com"
43.159.139.164 - - [26/Nov/2025:17:15:39 -0500] "GET /tag/moms-secrets-to-success/ HTTP/1.1" 200 17297 "-" "Mozilla/5.0 (iPhone; CPU iPhone OS 13_2_3 like Mac OS X) AppleWebKit/605.1.15 (KHTML, like Gecko) Version/13.0.3 Mobile/15E148 Safari/604.1"
165.227.173.41 - - [26/Nov/2025:17:20:13 -0500] "GET / HTTP/1.1" 200 22252 "-" "-"
165.227.173.41 - - [26/Nov/2025:17:20:48 -0500] "GET / HTTP/1.1" 200 22252 "-" "Mozilla/5.0 (l9scan/2.0.934323e25393e21323e2430313; +https://leakix.net)"
162.0.217.77 - - [26/Nov/2025:17:20:51 -0500] "POST /wp-cron.php?doing_wp_cron=1764195651.0222060680389404296875 HTTP/1.1" 200 0 "-" "WordPress/6.8.3; https://madeinbranded.com"
165.227.173.41 - - [26/Nov/2025:17:20:49 -0500] "POST /graphql HTTP/1.1" 404 16233 "-" "Mozilla/5.0 (l9scan/2.0.934323e25393e21323e2430313; +https://leakix.net)"
165.227.173.41 - - [26/Nov/2025:17:20:52 -0500] "POST /api HTTP/1.1" 404 16233 "-" "Mozilla/5.0 (l9scan/2.0.934323e25393e21323e2430313; +https://leakix.net)"
165.227.173.41 - - [26/Nov/2025:17:20:53 -0500] "POST /api/graphql HTTP/1.1" 404 16233 "-" "Mozilla/5.0 (l9scan/2.0.934323e25393e21323e2430313; +https://leakix.net)"
165.227.173.41 - - [26/Nov/2025:17:20:53 -0500] "POST /graphql/api HTTP/1.1" 404 16233 "-" "Mozilla/5.0 (l9scan/2.0.934323e25393e21323e2430313; +https://leakix.net)"
165.227.173.41 - - [26/Nov/2025:17:20:54 -0500] "POST /api/gql HTTP/1.1" 404 16233 "-" "Mozilla/5.0 (l9scan/2.0.934323e25393e21323e2430313; +https://leakix.net)"
165.227.173.41 - - [26/Nov/2025:17:20:55 -0500] "GET /swagger-ui.html HTTP/1.1" 404 16282 "-" "Mozilla/5.0 (l9scan/2.0.934323e25393e21323e2430313; +https://leakix.net)"
165.227.173.41 - - [26/Nov/2025:17:20:56 -0500] "GET /swagger/index.html HTTP/1.1" 404 16282 "-" "Mozilla/5.0 (l9scan/2.0.934323e25393e21323e2430313; +https://leakix.net)"
165.227.173.41 - - [26/Nov/2025:17:20:56 -0500] "GET /swagger/swagger-ui.html HTTP/1.1" 404 16282 "-" "Mozilla/5.0 (l9scan/2.0.934323e25393e21323e2430313; +https://leakix.net)"
165.227.173.41 - - [26/Nov/2025:17:20:57 -0500] "GET /webjars/swagger-ui/index.html HTTP/1.1" 404 16282 "-" "Mozilla/5.0 (l9scan/2.0.934323e25393e21323e2430313; +https://leakix.net)"
165.227.173.41 - - [26/Nov/2025:17:20:58 -0500] "GET /swagger.json HTTP/1.1" 404 16282 "-" "Mozilla/5.0 (l9scan/2.0.934323e25393e21323e2430313; +https://leakix.net)"
165.227.173.41 - - [26/Nov/2025:17:20:59 -0500] "GET /swagger/v1/swagger.json HTTP/1.1" 404 16282 "-" "Mozilla/5.0 (l9scan/2.0.934323e25393e21323e2430313; +https://leakix.net)"
165.227.173.41 - - [26/Nov/2025:17:21:01 -0500] "GET /v2/api-docs HTTP/1.1" 404 16283 "-" "Mozilla/5.0 (l9scan/2.0.934323e25393e21323e2430313; +https://leakix.net)"
165.227.173.41 - - [26/Nov/2025:17:21:02 -0500] "GET /v3/api-docs HTTP/1.1" 404 16282 "-" "Mozilla/5.0 (l9scan/2.0.934323e25393e21323e2430313; +https://leakix.net)"
165.227.173.41 - - [26/Nov/2025:17:21:03 -0500] "GET /api-docs/swagger.json HTTP/1.1" 404 16282 "-" "Mozilla/5.0 (l9scan/2.0.934323e25393e21323e2430313; +https://leakix.net)"
165.227.173.41 - - [26/Nov/2025:17:21:03 -0500] "GET /api/swagger.json HTTP/1.1" 404 16282 "-" "Mozilla/5.0 (l9scan/2.0.934323e25393e21323e2430313; +https://leakix.net)"
165.227.173.41 - - [26/Nov/2025:17:21:04 -0500] "GET /@vite/env HTTP/1.1" 404 16282 "-" "Mozilla/5.0 (l9scan/2.0.934323e25393e21323e2430313; +https://leakix.net)"
165.227.173.41 - - [26/Nov/2025:17:21:05 -0500] "GET /actuator/env HTTP/1.1" 404 16282 "-" "Mozilla/5.0 (l9scan/2.0.934323e25393e21323e2430313; +https://leakix.net)"
165.227.173.41 - - [26/Nov/2025:17:21:06 -0500] "GET /server HTTP/1.1" 404 16282 "-" "Mozilla/5.0 (l9scan/2.0.934323e25393e21323e2430313; +https://leakix.net)"
165.227.173.41 - - [26/Nov/2025:17:21:07 -0500] "GET /.vscode/sftp.json HTTP/1.1" 404 16282 "-" "Mozilla/5.0 (l9scan/2.0.934323e25393e21323e2430313; +https://leakix.net)"
165.227.173.41 - - [26/Nov/2025:17:21:07 -0500] "GET /about HTTP/1.1" 404 16282 "-" "Mozilla/5.0 (l9scan/2.0.934323e25393e21323e2430313; +https://leakix.net)"
165.227.173.41 - - [26/Nov/2025:17:21:08 -0500] "GET /debug/default/view?panel=config HTTP/1.1" 404 16282 "-" "Mozilla/5.0 (l9scan/2.0.934323e25393e21323e2430313; +https://leakix.net)"
165.227.173.41 - - [26/Nov/2025:17:21:09 -0500] "GET /v2/_catalog HTTP/1.1" 404 16282 "-" "Mozilla/5.0 (l9scan/2.0.934323e25393e21323e2430313; +https://leakix.net)"
165.227.173.41 - - [26/Nov/2025:17:21:10 -0500] "GET /ecp/Current/exporttool/microsoft.exchange.ediscovery.exporttool.application HTTP/1.1" 404 16283 "-" "Mozilla/5.0 (l9scan/2.0.934323e25393e21323e2430313; +https://leakix.net)"
165.227.173.41 - - [26/Nov/2025:17:21:11 -0500] "GET /login.action HTTP/1.1" 404 16283 "-" "Mozilla/5.0 (l9scan/2.0.934323e25393e21323e2430313; +https://leakix.net)"
165.227.173.41 - - [26/Nov/2025:17:21:13 -0500] "GET /_all_dbs HTTP/1.1" 404 16283 "-" "Mozilla/5.0 (l9scan/2.0.934323e25393e21323e2430313; +https://leakix.net)"
165.227.173.41 - - [26/Nov/2025:17:21:13 -0500] "GET /.DS_Store HTTP/1.1" 404 16283 "-" "Mozilla/5.0 (l9scan/2.0.934323e25393e21323e2430313; +https://leakix.net)"
165.227.173.41 - - [26/Nov/2025:17:21:14 -0500] "GET /.env HTTP/1.1" 403 1242 "-" "Mozilla/5.0 (l9scan/2.0.934323e25393e21323e2430313; +https://leakix.net)"
165.227.173.41 - - [26/Nov/2025:17:21:14 -0500] "GET /.git/config HTTP/1.1" 403 1242 "-" "Mozilla/5.0 (l9scan/2.0.934323e25393e21323e2430313; +https://leakix.net)"
165.227.173.41 - - [26/Nov/2025:17:21:15 -0500] "GET /s/934323e25393e21323e2430313/_/;/META-INF/maven/com.atlassian.jira/jira-webapp-dist/pom.properties HTTP/1.1" 404 16283 "-" "Mozilla/5.0 (l9scan/2.0.934323e25393e21323e2430313; +https://leakix.net)"
165.227.173.41 - - [26/Nov/2025:17:21:15 -0500] "GET /config.json HTTP/1.1" 404 16283 "-" "Mozilla/5.0 (l9scan/2.0.934323e25393e21323e2430313; +https://leakix.net)"
165.227.173.41 - - [26/Nov/2025:17:21:16 -0500] "GET /telescope/requests HTTP/1.1" 404 16283 "-" "Mozilla/5.0 (l9scan/2.0.934323e25393e21323e2430313; +https://leakix.net)"
165.227.173.41 - - [26/Nov/2025:17:21:17 -0500] "GET /info.php HTTP/1.1" 404 16283 "-" "Mozilla/5.0 (l9scan/2.0.934323e25393e21323e2430313; +https://leakix.net)"
162.0.217.77 - - [26/Nov/2025:17:21:18 -0500] "POST /wp-cron.php?doing_wp_cron=1764195678.4992609024047851562500 HTTP/1.1" 200 0 "-" "WordPress/6.8.3; https://madeinbranded.com"
165.227.173.41 - - [26/Nov/2025:17:21:18 -0500] "GET /?rest_route=/wp/v2/users/ HTTP/1.1" 200 1507 "-" "Mozilla/5.0 (l9scan/2.0.934323e25393e21323e2430313; +https://leakix.net)"
162.241.219.170 - - [26/Nov/2025:17:22:35 -0500] "GET /wp-login.php HTTP/1.1" 200 2276 "-" "Mozilla/5.0 (compatible; MSIE 10.0; Windows NT 6.2; WOW64; Trident/7.0)"
162.0.217.77 - - [26/Nov/2025:17:22:40 -0500] "POST /wp-cron.php?doing_wp_cron=1764195760.2096960544586181640625 HTTP/1.1" 200 0 "-" "WordPress/6.8.3; https://madeinbranded.com"
162.241.219.170 - - [26/Nov/2025:17:22:40 -0500] "POST /wp-login.php HTTP/1.1" 200 2374 "https://madeinbranded.com/wp-login.php" "Mozilla/5.0 (compatible; MSIE 10.0; Windows NT 6.2; WOW64; Trident/7.0)"
170.106.65.93 - - [26/Nov/2025:17:27:33 -0500] "GET /top-11-fitness-accessories-for-2023/ HTTP/1.1" 200 30990 "-" "Mozilla/5.0 (iPhone; CPU iPhone OS 13_2_3 like Mac OS X) AppleWebKit/605.1.15 (KHTML, like Gecko) Version/13.0.3 Mobile/15E148 Safari/604.1"
162.241.217.231 - - [26/Nov/2025:17:30:16 -0500] "GET /wp-login.php HTTP/1.1" 200 2276 "-" "Mozilla/5.0 (Windows NT 6.1; WOW64) AppleWebKit/537.36 (KHTML, like Gecko) Chrome/66.0.3359.181 Safari/537.36"
162.0.217.77 - - [26/Nov/2025:17:30:26 -0500] "POST /wp-cron.php?doing_wp_cron=1764196225.9763050079345703125000 HTTP/1.1" 200 0 "-" "WordPress/6.8.3; https://madeinbranded.com"
162.241.217.231 - - [26/Nov/2025:17:30:20 -0500] "POST /wp-login.php HTTP/1.1" 200 2374 "https://madeinbranded.com/wp-login.php" "Mozilla/5.0 (Windows NT 6.1; WOW64) AppleWebKit/537.36 (KHTML, like Gecko) Chrome/66.0.3359.181 Safari/537.36"
162.0.217.77 - - [26/Nov/2025:17:36:09 -0500] "POST /wp-cron.php?doing_wp_cron=1764196569.4277219772338867187500 HTTP/1.1" 200 0 "-" "WordPress/6.8.3; https://madeinbranded.com"
43.153.135.208 - - [26/Nov/2025:17:36:03 -0500] "GET /wp-json/oembed/1.0/embed?url=https%3A%2F%2Fmadeinbranded.com%2F12-best-movies-to-watch-on-mothers-day-2023%2F&format=xml HTTP/1.1" 200 1208 "-" "Mozilla/5.0 (iPhone; CPU iPhone OS 13_2_3 like Mac OS X) AppleWebKit/605.1.15 (KHTML, like Gecko) Version/13.0.3 Mobile/15E148 Safari/604.1"
138.246.253.24 - - [26/Nov/2025:17:40:09 -0500] "GET /robots.txt HTTP/1.1" 301 0 "-" "Mozilla/5.0 (Windows NT 10.0; Win64; x64) AppleWebKit/537.36 (KHTML, like Gecko) Chrome/103.0.5060.134 Safari/537.36"
103.173.66.54 - - [26/Nov/2025:17:40:45 -0500] "GET /wp-login.php HTTP/1.1" 200 2276 "-" "Mozilla/5.0 (Macintosh; Intel Mac OS X 10_13_5) AppleWebKit/605.1.15 (KHTML, like Gecko) Version/11.1.1 Safari/605.1.15"
103.173.66.54 - - [26/Nov/2025:17:40:48 -0500] "POST /wp-login.php HTTP/1.1" 200 2374 "https://madeinbranded.com/wp-login.php" "Mozilla/5.0 (Macintosh; Intel Mac OS X 10_13_5) AppleWebKit/605.1.15 (KHTML, like Gecko) Version/11.1.1 Safari/605.1.15"
175.117.144.122 - - [26/Nov/2025:17:44:48 -0500] "GET /wp-login.php HTTP/1.1" 200 2276 "-" "Mozilla/5.0 (Windows NT 10.0; WOW64; Trident/7.0; Touch; MASMJS; rv:11.0) like Gecko"
162.0.217.77 - - [26/Nov/2025:17:45:04 -0500] "POST /wp-cron.php?doing_wp_cron=1764197103.8085899353027343750000 HTTP/1.1" 200 0 "-" "WordPress/6.8.3; https://madeinbranded.com"
175.117.144.122 - - [26/Nov/2025:17:44:58 -0500] "POST /wp-login.php HTTP/1.1" 200 2374 "https://madeinbranded.com/wp-login.php" "Mozilla/5.0 (Windows NT 10.0; WOW64; Trident/7.0; Touch; MASMJS; rv:11.0) like Gecko"
162.0.217.77 - - [26/Nov/2025:17:50:13 -0500] "POST /wp-cron.php?doing_wp_cron=1764197413.5339350700378417968750 HTTP/1.1" 200 0 "-" "WordPress/6.8.3; https://madeinbranded.com"
91.92.243.249 - - [26/Nov/2025:17:50:05 -0500] "POST /wp-login.php HTTP/1.1" 200 2352 "-" "Mozilla/5.0"
162.0.217.77 - - [26/Nov/2025:17:50:14 -0500] "POST /wp-cron.php?doing_wp_cron=1764197413.5416278839111328125000 HTTP/1.1" 200 0 "-" "WordPress/6.8.3; https://madeinbranded.com"
91.92.243.249 - - [26/Nov/2025:17:50:05 -0500] "POST /wp-login.php HTTP/1.1" 200 2352 "-" "Mozilla/5.0"
102.223.7.56 - - [26/Nov/2025:17:53:40 -0500] "GET /wp-login.php HTTP/1.1" 200 2276 "-" "Mozilla/5.0 (Macintosh; Intel Mac OS X 10_11_6) AppleWebKit/602.1.50 (KHTML, like Gecko) Version/10.0 Safari/602.1.50"
102.223.7.56 - - [26/Nov/2025:17:53:45 -0500] "POST /wp-login.php HTTP/1.1" 200 2374 "https://madeinbranded.com/wp-login.php" "Mozilla/5.0 (Macintosh; Intel Mac OS X 10_11_6) AppleWebKit/602.1.50 (KHTML, like Gecko) Version/10.0 Safari/602.1.50"
162.0.217.77 - - [26/Nov/2025:17:54:27 -0500] "GET / HTTP/1.1" 200 22252 "-" "Mozilla/5.0 (Windows NT 10.0; Win64; x64; rv:122.0) Gecko/20100101 Firefox/122.0"
15.207.82.250 - - [26/Nov/2025:18:07:15 -0500] "GET /wp-login.php HTTP/1.1" 200 2276 "-" "Mozilla/5.0 (Windows NT 10.0; WOW64) AppleWebKit/537.36 (KHTML, like Gecko) Chrome/66.0.3359.181 Safari/537.36"
162.0.217.77 - - [26/Nov/2025:18:07:21 -0500] "POST /wp-cron.php?doing_wp_cron=1764198441.7005980014801025390625 HTTP/1.1" 200 0 "-" "WordPress/6.8.3; https://madeinbranded.com"
15.207.82.250 - - [26/Nov/2025:18:07:18 -0500] "POST /wp-login.php HTTP/1.1" 200 2374 "https://madeinbranded.com/wp-login.php" "Mozilla/5.0 (Windows NT 10.0; WOW64) AppleWebKit/537.36 (KHTML, like Gecko) Chrome/66.0.3359.181 Safari/537.36"
93.89.225.201 - - [26/Nov/2025:18:11:15 -0500] "GET /wp-login.php HTTP/1.1" 200 2276 "-" "Mozilla/5.0 (Windows NT 6.1; Win64; x64) AppleWebKit/537.36 (KHTML, like Gecko) Chrome/66.0.3359.139 Safari/537.36"
162.0.217.77 - - [26/Nov/2025:18:11:21 -0500] "POST /wp-cron.php?doing_wp_cron=1764198681.1659030914306640625000 HTTP/1.1" 200 0 "-" "WordPress/6.8.3; https://madeinbranded.com"
93.89.225.201 - - [26/Nov/2025:18:11:17 -0500] "POST /wp-login.php HTTP/1.1" 200 2374 "https://madeinbranded.com/wp-login.php" "Mozilla/5.0 (Windows NT 6.1; Win64; x64) AppleWebKit/537.36 (KHTML, like Gecko) Chrome/66.0.3359.139 Safari/537.36"
82.165.90.41 - - [26/Nov/2025:18:12:33 -0500] "POST /xmlrpc.php HTTP/1.1" 403 1242 "-" "Mozilla/5.0 (Windows NT 6.1; WOW64; Trident/7.0; EIE10;ENGBMSN; rv:11.0) like Gecko"
82.165.90.41 - - [26/Nov/2025:18:12:34 -0500] "POST /xmlrpc.php HTTP/1.1" 403 1242 "-" "Mozilla/5.0 (Windows NT 6.1; WOW64; Trident/7.0; EIE10;ENGBMSN; rv:11.0) like Gecko"
82.165.90.41 - - [26/Nov/2025:18:12:34 -0500] "POST /xmlrpc.php HTTP/1.1" 403 1242 "-" "Mozilla/5.0 (Windows NT 6.1; WOW64; Trident/7.0; EIE10;ENGBMSN; rv:11.0) like Gecko"
82.165.90.41 - - [26/Nov/2025:18:12:35 -0500] "POST /xmlrpc.php HTTP/1.1" 403 1242 "-" "Mozilla/5.0 (Windows NT 6.1; WOW64; Trident/7.0; EIE10;ENGBMSN; rv:11.0) like Gecko"
82.165.90.41 - - [26/Nov/2025:18:12:35 -0500] "POST /xmlrpc.php HTTP/1.1" 403 1242 "-" "Mozilla/5.0 (Windows NT 6.1; WOW64; Trident/7.0; EIE10;ENGBMSN; rv:11.0) like Gecko"
82.165.90.41 - - [26/Nov/2025:18:12:36 -0500] "POST /xmlrpc.php HTTP/1.1" 403 1242 "-" "Mozilla/5.0 (Windows NT 6.1; WOW64; Trident/7.0; EIE10;ENGBMSN; rv:11.0) like Gecko"
165.232.185.40 - - [26/Nov/2025:18:15:25 -0500] "GET /wp-login.php HTTP/1.1" 200 2276 "-" "Mozilla/5.0 (Windows NT 6.1; Win64; x64) AppleWebKit/537.36 (KHTML, like Gecko) Chrome/65.0.3325.146 Safari/537.36"
162.0.217.77 - - [26/Nov/2025:18:15:40 -0500] "POST /wp-cron.php?doing_wp_cron=1764198939.8696029186248779296875 HTTP/1.1" 200 0 "-" "WordPress/6.8.3; https://madeinbranded.com"
165.232.185.40 - - [26/Nov/2025:18:15:32 -0500] "POST /wp-login.php HTTP/1.1" 200 2374 "https://madeinbranded.com/wp-login.php" "Mozilla/5.0 (Windows NT 6.1; Win64; x64) AppleWebKit/537.36 (KHTML, like Gecko) Chrome/65.0.3325.146 Safari/537.36"
66.42.61.4 - - [26/Nov/2025:18:18:34 -0500] "GET /wp-login.php HTTP/1.1" 200 2276 "-" "Mozilla/5.0 (Windows NT 6.1; WOW64; Trident/7.0; HO32600; HO32600R; rv:11.0) like Gecko"
162.0.217.77 - - [26/Nov/2025:18:18:40 -0500] "POST /wp-cron.php?doing_wp_cron=1764199120.7733480930328369140625 HTTP/1.1" 200 0 "-" "WordPress/6.8.3; https://madeinbranded.com"
66.42.61.4 - - [26/Nov/2025:18:18:35 -0500] "POST /wp-login.php HTTP/1.1" 200 2374 "https://madeinbranded.com/wp-login.php" "Mozilla/5.0 (Windows NT 6.1; WOW64; Trident/7.0; HO32600; HO32600R; rv:11.0) like Gecko"
64.225.10.103 - - [26/Nov/2025:18:22:14 -0500] "GET / HTTP/1.1" 200 22252 "-" "Mozilla/5.0 (Windows NT 10.0; Win64; x64) AppleWebKit/537.36 (KHTML, like Gecko) Chrome/80.0.3987.149 Safari/537.36"
162.0.217.77 - - [26/Nov/2025:18:22:17 -0500] "POST /wp-cron.php?doing_wp_cron=1764199337.1319880485534667968750 HTTP/1.1" 200 0 "-" "WordPress/6.8.3; https://madeinbranded.com"
64.225.10.103 - - [26/Nov/2025:18:22:14 -0500] "GET //wp-includes/wlwmanifest.xml HTTP/1.1" 301 0 "-" "Mozilla/5.0 (Windows NT 10.0; Win64; x64) AppleWebKit/537.36 (KHTML, like Gecko) Chrome/80.0.3987.149 Safari/537.36"
64.225.10.103 - - [26/Nov/2025:18:22:17 -0500] "GET / HTTP/1.1" 200 22252 "-" "Mozilla/5.0 (Windows NT 10.0; Win64; x64) AppleWebKit/537.36 (KHTML, like Gecko) Chrome/80.0.3987.149 Safari/537.36"
64.225.10.103 - - [26/Nov/2025:18:22:18 -0500] "GET //?author=1 HTTP/1.1" 403 1242 "-" "Mozilla/5.0 (Windows NT 10.0; Win64; x64) AppleWebKit/537.36 (KHTML, like Gecko) Chrome/80.0.3987.149 Safari/537.36"
64.225.10.103 - - [26/Nov/2025:18:22:18 -0500] "GET //?author=2 HTTP/1.1" 403 1242 "-" "Mozilla/5.0 (Windows NT 10.0; Win64; x64) AppleWebKit/537.36 (KHTML, like Gecko) Chrome/80.0.3987.149 Safari/537.36"
64.225.10.103 - - [26/Nov/2025:18:22:18 -0500] "GET //wp-json/wp/v2/users/ HTTP/1.1" 200 1507 "-" "Mozilla/5.0 (Windows NT 10.0; Win64; x64) AppleWebKit/537.36 (KHTML, like Gecko) Chrome/80.0.3987.149 Safari/537.36"
160.153.175.147 - - [26/Nov/2025:18:31:55 -0500] "GET /wp-login.php HTTP/1.1" 200 2276 "-" "Mozilla/5.0 (Windows NT 6.1; WOW64) AppleWebKit/537.36 (KHTML, like Gecko) Chrome/66.0.3359.117 Safari/537.36"
162.0.217.77 - - [26/Nov/2025:18:32:01 -0500] "POST /wp-cron.php?doing_wp_cron=1764199920.6889569759368896484375 HTTP/1.1" 200 0 "-" "WordPress/6.8.3; https://madeinbranded.com"
160.153.175.147 - - [26/Nov/2025:18:31:57 -0500] "POST /wp-login.php HTTP/1.1" 200 2374 "https://madeinbranded.com/wp-login.php" "Mozilla/5.0 (Windows NT 6.1; WOW64) AppleWebKit/537.36 (KHTML, like Gecko) Chrome/66.0.3359.117 Safari/537.36"
162.0.217.77 - - [26/Nov/2025:18:43:32 -0500] "POST /wp-cron.php?doing_wp_cron=1764200611.8875010013580322265625 HTTP/1.1" 200 0 "-" "WordPress/6.8.3; https://madeinbranded.com"
27.147.191.110 - - [26/Nov/2025:18:43:27 -0500] "POST /wp-login.php HTTP/1.1" 200 2361 "-" "Mozilla/5.0"
122.248.208.194 - - [26/Nov/2025:18:45:20 -0500] "GET /wp-content/uploads/thumbs_dir/Top-7-Mothers-Day-Gifts-2023-for-Mom-Under-10-q539sb7hvjvsn0p3d5ab7xte7dl2wm94n7uy4yrjcm.jpg HTTP/1.1" 403 1242 "-" "Mozilla/5.0 (compatible; crawler)"
162.241.225.30 - - [26/Nov/2025:18:45:33 -0500] "GET /wp-login.php HTTP/1.1" 200 2276 "-" "Mozilla/5.0 (Windows NT 6.3; Win64; x64) AppleWebKit/537.36 (KHTML, like Gecko) Chrome/65.0.3325.162 Safari/537.36"
162.0.217.77 - - [26/Nov/2025:18:45:37 -0500] "POST /wp-cron.php?doing_wp_cron=1764200737.6255350112915039062500 HTTP/1.1" 200 0 "-" "WordPress/6.8.3; https://madeinbranded.com"
162.241.225.30 - - [26/Nov/2025:18:45:36 -0500] "POST /wp-login.php HTTP/1.1" 200 2374 "https://madeinbranded.com/wp-login.php" "Mozilla/5.0 (Windows NT 6.3; Win64; x64) AppleWebKit/537.36 (KHTML, like Gecko) Chrome/65.0.3325.162 Safari/537.36"
66.249.66.162 - - [26/Nov/2025:18:46:10 -0500] "GET / HTTP/1.1" 200 22252 "-" "GoogleBot/2.1"
108.179.200.149 - - [26/Nov/2025:18:49:44 -0500] "GET /wp-login.php HTTP/1.1" 200 2276 "-" "Mozilla/5.0 (Macintosh; Intel Mac OS X 10_11_6) AppleWebKit/537.36 (KHTML, like Gecko) Chrome/66.0.3359.181 Safari/537.36"
162.0.217.77 - - [26/Nov/2025:18:49:48 -0500] "POST /wp-cron.php?doing_wp_cron=1764200988.1478230953216552734375 HTTP/1.1" 200 0 "-" "WordPress/6.8.3; https://madeinbranded.com"
108.179.200.149 - - [26/Nov/2025:18:49:45 -0500] "POST /wp-login.php HTTP/1.1" 200 2374 "https://madeinbranded.com/wp-login.php" "Mozilla/5.0 (Macintosh; Intel Mac OS X 10_11_6) AppleWebKit/537.36 (KHTML, like Gecko) Chrome/66.0.3359.181 Safari/537.36"
15.235.59.82 - - [26/Nov/2025:18:53:20 -0500] "GET /wp-content/plugins/cidaas-pro-master/composer.json HTTP/1.1" 403 1242 "-" "Mozilla/5.0 (Windows NT 10.0; Win64; x64) AppleWebKit/537.36 (KHTML, like Gecko) Chrome/127.0.0.0 Safari/537.36"
162.0.217.77 - - [26/Nov/2025:18:54:16 -0500] "POST /wp-cron.php?doing_wp_cron=1764201256.7908959388732910156250 HTTP/1.1" 200 0 "-" "WordPress/6.8.3; https://madeinbranded.com"
27.147.191.110 - - [26/Nov/2025:18:54:14 -0500] "POST /wp-login.php HTTP/1.1" 200 2361 "-" "Mozilla/5.0"
20.106.225.237 - - [26/Nov/2025:19:01:01 -0500] "GET /wp-login.php HTTP/1.1" 200 2276 "-" "Mozilla/5.0 (Windows NT 6.2; Win64; x64) AppleWebKit/537.36 (KHTML, like Gecko) Chrome/58.0.3029.110 Safari/537.36 Edge/16.16299"
162.0.217.77 - - [26/Nov/2025:19:01:05 -0500] "POST /wp-cron.php?doing_wp_cron=1764201665.8273839950561523437500 HTTP/1.1" 200 0 "-" "WordPress/6.8.3; https://madeinbranded.com"
20.106.225.237 - - [26/Nov/2025:19:01:01 -0500] "POST /wp-login.php HTTP/1.1" 200 2374 "https://madeinbranded.com/wp-login.php" "Mozilla/5.0 (Windows NT 6.2; Win64; x64) AppleWebKit/537.36 (KHTML, like Gecko) Chrome/58.0.3029.110 Safari/537.36 Edge/16.16299"
161.248.201.51 - - [26/Nov/2025:19:01:41 -0500] "POST /xmlrpc.php HTTP/1.1" 403 1242 "-" "Mozilla/5.0 (Windows NT 6.1) AppleWebKit/537.36 (KHTML, like Gecko) Chrome/65.0.3325.162 Safari/537.36"
162.0.217.77 - - [26/Nov/2025:19:05:07 -0500] "POST /wp-cron.php?doing_wp_cron=1764201907.6184880733489990234375 HTTP/1.1" 200 0 "-" "WordPress/6.8.3; https://madeinbranded.com"
27.147.191.110 - - [26/Nov/2025:19:05:03 -0500] "POST /wp-login.php HTTP/1.1" 200 2361 "-" "Mozilla/5.0"
35.195.201.3 - - [26/Nov/2025:19:05:28 -0500] "GET /wp-login.php HTTP/1.1" 200 2276 "-" "Mozilla/5.0 (Windows NT 6.1; Win64; x64) AppleWebKit/537.36 (KHTML, like Gecko) Chrome/66.0.3359.139 Safari/537.36"
162.0.217.77 - - [26/Nov/2025:19:05:37 -0500] "POST /wp-cron.php?doing_wp_cron=1764201937.0838620662689208984375 HTTP/1.1" 200 0 "-" "WordPress/6.8.3; https://madeinbranded.com"
35.195.201.3 - - [26/Nov/2025:19:05:36 -0500] "POST /wp-login.php HTTP/1.1" 200 2374 "https://madeinbranded.com/wp-login.php" "Mozilla/5.0 (Windows NT 6.1; Win64; x64) AppleWebKit/537.36 (KHTML, like Gecko) Chrome/66.0.3359.139 Safari/537.36"
162.0.217.77 - - [26/Nov/2025:19:10:07 -0500] "POST /wp-cron.php?doing_wp_cron=1764202207.5056350231170654296875 HTTP/1.1" 200 0 "-" "WordPress/6.8.3; https://madeinbranded.com"
130.33.50.246 - - [26/Nov/2025:19:10:05 -0500] "GET /wp-content/plugins/hellopress/wp_filemanager.php HTTP/1.1" 404 16286 "-" "-"
130.33.50.246 - - [26/Nov/2025:19:10:08 -0500] "GET /neshe HTTP/1.1" 404 16286 "-" "-"
130.33.50.246 - - [26/Nov/2025:19:10:09 -0500] "GET /akc.php HTTP/1.1" 404 16286 "-" "-"
130.33.50.246 - - [26/Nov/2025:19:10:10 -0500] "GET /clss.php HTTP/1.1" 404 16286 "-" "-"
130.33.50.246 - - [26/Nov/2025:19:10:10 -0500] "GET /1.php HTTP/1.1" 404 16286 "-" "-"
130.33.50.246 - - [26/Nov/2025:19:10:11 -0500] "GET /pn.php HTTP/1.1" 404 16286 "-" "-"
130.33.50.246 - - [26/Nov/2025:19:10:11 -0500] "GET /asasx.php HTTP/1.1" 404 16286 "-" "-"
130.33.50.246 - - [26/Nov/2025:19:10:12 -0500] "GET /num.php HTTP/1.1" 404 16286 "-" "-"
130.33.50.246 - - [26/Nov/2025:19:10:12 -0500] "GET /jga.php HTTP/1.1" 404 16286 "-" "-"
130.33.50.246 - - [26/Nov/2025:19:10:13 -0500] "GET /byp8.php HTTP/1.1" 404 16286 "-" "-"
130.33.50.246 - - [26/Nov/2025:19:10:13 -0500] "GET /x.php HTTP/1.1" 404 16286 "-" "-"
130.33.50.246 - - [26/Nov/2025:19:10:14 -0500] "GET /ioxi-o.php HTTP/1.1" 404 16286 "-" "-"
162.0.217.77 - - [26/Nov/2025:19:10:18 -0500] "POST /wp-cron.php?doing_wp_cron=1764202218.0126030445098876953125 HTTP/1.1" 200 0 "-" "WordPress/6.8.3; https://madeinbranded.com"
130.33.50.246 - - [26/Nov/2025:19:10:17 -0500] "GET /zwso.php HTTP/1.1" 404 16286 "-" "-"
130.33.50.246 - - [26/Nov/2025:19:10:19 -0500] "GET /wander.php HTTP/1.1" 404 16286 "-" "-"
130.33.50.246 - - [26/Nov/2025:19:10:21 -0500] "GET /dropdown.php HTTP/1.1" 404 16286 "-" "-"
162.0.217.77 - - [26/Nov/2025:19:10:24 -0500] "POST /wp-cron.php?doing_wp_cron=1764202224.6563849449157714843750 HTTP/1.1" 200 0 "-" "WordPress/6.8.3; https://madeinbranded.com"
130.33.50.246 - - [26/Nov/2025:19:10:24 -0500] "GET /atomlib.php HTTP/1.1" 404 16286 "-" "-"
130.33.50.246 - - [26/Nov/2025:19:10:25 -0500] "GET /a.php HTTP/1.1" 404 16286 "-" "-"
130.33.50.246 - - [26/Nov/2025:19:10:27 -0500] "GET /v.php HTTP/1.1" 404 16286 "-" "-"
130.33.50.246 - - [26/Nov/2025:19:10:28 -0500] "GET /d2.php HTTP/1.1" 404 16286 "-" "-"
130.33.50.246 - - [26/Nov/2025:19:10:30 -0500] "GET /xc.php HTTP/1.1" 404 16286 "-" "-"
130.33.50.246 - - [26/Nov/2025:19:10:31 -0500] "GET /g.php HTTP/1.1" 404 16286 "-" "-"
130.33.50.246 - - [26/Nov/2025:19:10:32 -0500] "GET /gmo.php HTTP/1.1" 404 16286 "-" "-"
130.33.50.246 - - [26/Nov/2025:19:10:33 -0500] "GET /11.php HTTP/1.1" 404 16286 "-" "-"
130.33.50.246 - - [26/Nov/2025:19:10:34 -0500] "GET /20.php HTTP/1.1" 404 16286 "-" "-"
130.33.50.246 - - [26/Nov/2025:19:10:35 -0500] "GET /f35.php HTTP/1.1" 404 16286 "-" "-"
130.33.50.246 - - [26/Nov/2025:19:10:35 -0500] "GET /1.php HTTP/1.1" 404 16286 "-" "-"
130.33.50.246 - - [26/Nov/2025:19:10:36 -0500] "GET /c.php HTTP/1.1" 404 16286 "-" "-"
130.33.50.246 - - [26/Nov/2025:19:10:36 -0500] "GET /build.php HTTP/1.1" 404 16286 "-" "-"
130.33.50.246 - - [26/Nov/2025:19:10:37 -0500] "GET /bless.php HTTP/1.1" 404 16286 "-" "-"
130.33.50.246 - - [26/Nov/2025:19:10:37 -0500] "GET /admin/upload/css.php HTTP/1.1" 404 16286 "-" "-"
130.33.50.246 - - [26/Nov/2025:19:10:38 -0500] "GET /lock360.php HTTP/1.1" 404 16286 "-" "-"
130.33.50.246 - - [26/Nov/2025:19:10:38 -0500] "GET /4.php?p= HTTP/1.1" 301 0 "-" "-"
130.33.50.246 - - [26/Nov/2025:19:10:38 -0500] "GET /4.php HTTP/1.1" 404 16286 "-" "-"
130.33.50.246 - - [26/Nov/2025:19:10:39 -0500] "GET /about.php HTTP/1.1" 404 16286 "-" "-"
130.33.50.246 - - [26/Nov/2025:19:10:39 -0500] "GET /r.php HTTP/1.1" 404 16286 "-" "-"
130.33.50.246 - - [26/Nov/2025:19:10:40 -0500] "GET /v4.php HTTP/1.1" 404 16286 "-" "-"
130.33.50.246 - - [26/Nov/2025:19:10:41 -0500] "GET /wp-22.php HTTP/1.1" 404 16286 "-" "-"
130.33.50.246 - - [26/Nov/2025:19:10:42 -0500] "GET /makeasmtp.php?p= HTTP/1.1" 301 0 "-" "-"
130.33.50.246 - - [26/Nov/2025:19:10:42 -0500] "GET /makeasmtp.php HTTP/1.1" 404 16286 "-" "-"
130.33.50.246 - - [26/Nov/2025:19:10:43 -0500] "GET /system_log.php HTTP/1.1" 404 16286 "-" "-"
130.33.50.246 - - [26/Nov/2025:19:10:44 -0500] "GET /NewFile.php HTTP/1.1" 404 16286 "-" "-"
130.33.50.246 - - [26/Nov/2025:19:10:45 -0500] "GET /t.php?p= HTTP/1.1" 301 0 "-" "-"
130.33.50.246 - - [26/Nov/2025:19:10:45 -0500] "GET /t.php HTTP/1.1" 404 16286 "-" "-"
130.33.50.246 - - [26/Nov/2025:19:10:46 -0500] "GET /ee.php HTTP/1.1" 404 16286 "-" "-"
130.33.50.246 - - [26/Nov/2025:19:10:47 -0500] "GET /2.php HTTP/1.1" 404 16286 "-" "-"
130.33.50.246 - - [26/Nov/2025:19:10:48 -0500] "GET //gmo.php HTTP/1.1" 301 0 "-" "-"
130.33.50.246 - - [26/Nov/2025:19:10:48 -0500] "GET /gmo.php HTTP/1.1" 404 16286 "-" "-"
130.33.50.246 - - [26/Nov/2025:19:10:49 -0500] "GET /6.php HTTP/1.1" 404 16286 "-" "-"
130.33.50.246 - - [26/Nov/2025:19:10:50 -0500] "GET /12.php HTTP/1.1" 404 16286 "-" "-"
130.33.50.246 - - [26/Nov/2025:19:10:51 -0500] "GET /0.php HTTP/1.1" 404 16286 "-" "-"
130.33.50.246 - - [26/Nov/2025:19:10:51 -0500] "GET /wp-admin/css/wp-conflg.php?p= HTTP/1.1" 301 0 "-" "-"
130.33.50.246 - - [26/Nov/2025:19:10:52 -0500] "GET /wp-admin/css/wp-conflg.php HTTP/1.1" 404 16286 "-" "-"
130.33.50.246 - - [26/Nov/2025:19:10:54 -0500] "GET /wp-includes/js/codemirror/index.php HTTP/1.1" 301 0 "-" "-"
130.33.50.246 - - [26/Nov/2025:19:10:54 -0500] "GET /wp-includes/js/codemirror/ HTTP/1.1" 403 1242 "-" "-"
130.33.50.246 - - [26/Nov/2025:19:10:54 -0500] "GET /02.php HTTP/1.1" 404 16286 "-" "-"
130.33.50.246 - - [26/Nov/2025:19:10:55 -0500] "GET /w.php HTTP/1.1" 404 16286 "-" "-"
130.33.50.246 - - [26/Nov/2025:19:10:56 -0500] "GET /go.php?p= HTTP/1.1" 301 0 "-" "-"
130.33.50.246 - - [26/Nov/2025:19:10:57 -0500] "GET /go.php HTTP/1.1" 404 16286 "-" "-"
130.33.50.246 - - [26/Nov/2025:19:10:58 -0500] "GET /jp.php HTTP/1.1" 404 16286 "-" "-"
130.33.50.246 - - [26/Nov/2025:19:10:59 -0500] "GET /kk.php HTTP/1.1" 404 16286 "-" "-"
130.33.50.246 - - [26/Nov/2025:19:11:00 -0500] "GET /ff.php HTTP/1.1" 404 16286 "-" "-"
130.33.50.246 - - [26/Nov/2025:19:11:01 -0500] "GET /goods.php HTTP/1.1" 404 16286 "-" "-"
130.33.50.246 - - [26/Nov/2025:19:11:02 -0500] "GET /ee.php HTTP/1.1" 404 16286 "-" "-"
130.33.50.246 - - [26/Nov/2025:19:11:02 -0500] "GET /an.php HTTP/1.1" 404 16286 "-" "-"
130.33.50.246 - - [26/Nov/2025:19:11:03 -0500] "GET /wp.php HTTP/1.1" 404 16286 "-" "-"
130.33.50.246 - - [26/Nov/2025:19:11:04 -0500] "GET /vv.php HTTP/1.1" 404 16286 "-" "-"
130.33.50.246 - - [26/Nov/2025:19:11:04 -0500] "GET /ar.php HTTP/1.1" 404 16286 "-" "-"
130.33.50.246 - - [26/Nov/2025:19:11:05 -0500] "GET /w.php?p= HTTP/1.1" 301 0 "-" "-"
130.33.50.246 - - [26/Nov/2025:19:11:05 -0500] "GET /w.php HTTP/1.1" 404 16286 "-" "-"
130.33.50.246 - - [26/Nov/2025:19:11:06 -0500] "GET /3.php?p= HTTP/1.1" 301 0 "-" "-"
130.33.50.246 - - [26/Nov/2025:19:11:06 -0500] "GET /3.php HTTP/1.1" 404 16286 "-" "-"
130.33.50.246 - - [26/Nov/2025:19:11:07 -0500] "GET /t.php?p= HTTP/1.1" 301 0 "-" "-"
130.33.50.246 - - [26/Nov/2025:19:11:07 -0500] "GET /t.php HTTP/1.1" 404 16286 "-" "-"
130.33.50.246 - - [26/Nov/2025:19:11:07 -0500] "GET /wp-content/plugins/TOPXOH/wDR.php HTTP/1.1" 404 16286 "-" "-"
130.33.50.246 - - [26/Nov/2025:19:11:08 -0500] "GET /admin.php HTTP/1.1" 404 16286 "-" "-"
130.33.50.246 - - [26/Nov/2025:19:11:08 -0500] "GET /admin.php?p= HTTP/1.1" 301 0 "-" "-"
130.33.50.246 - - [26/Nov/2025:19:11:09 -0500] "GET /admin.php HTTP/1.1" 404 16286 "-" "-"
130.33.50.246 - - [26/Nov/2025:19:11:09 -0500] "GET /wp-includes/Text/Diff/Engine/about.php HTTP/1.1" 404 16286 "-" "-"
130.33.50.246 - - [26/Nov/2025:19:11:09 -0500] "GET /index/function.php HTTP/1.1" 404 16286 "-" "-"
130.33.50.246 - - [26/Nov/2025:19:11:10 -0500] "GET /wp-includes/ID3/rk2.php HTTP/1.1" 404 16286 "-" "-"
130.33.50.246 - - [26/Nov/2025:19:11:11 -0500] "GET /license.php HTTP/1.1" 404 16286 "-" "-"
130.33.50.246 - - [26/Nov/2025:19:11:12 -0500] "GET /radio.php HTTP/1.1" 404 16286 "-" "-"
130.33.50.246 - - [26/Nov/2025:19:11:12 -0500] "GET /info.php HTTP/1.1" 404 16286 "-" "-"
130.33.50.246 - - [26/Nov/2025:19:11:13 -0500] "GET /alfanew.php HTTP/1.1" 404 16286 "-" "-"
162.241.217.21 - - [26/Nov/2025:19:12:37 -0500] "GET /wp-login.php HTTP/1.1" 200 2276 "-" "Mozilla/5.0 (Windows NT 6.3; Win64; x64; rv:60.0) Gecko/20100101 Firefox/60.0"
162.0.217.77 - - [26/Nov/2025:19:12:40 -0500] "POST /wp-cron.php?doing_wp_cron=1764202360.4385919570922851562500 HTTP/1.1" 200 0 "-" "WordPress/6.8.3; https://madeinbranded.com"
162.241.217.21 - - [26/Nov/2025:19:12:38 -0500] "POST /wp-login.php HTTP/1.1" 200 2374 "https://madeinbranded.com/wp-login.php" "Mozilla/5.0 (Windows NT 6.3; Win64; x64; rv:60.0) Gecko/20100101 Firefox/60.0"
162.241.219.212 - - [26/Nov/2025:19:13:51 -0500] "POST /xmlrpc.php HTTP/1.1" 403 1242 "-" "Mozilla/5.0 (Windows NT 5.1; Win64; x64) AppleWebKit/537.36 (KHTML, like Gecko) Chrome/52.0.2743.116 Safari/537.36 Edge/15.15063"
162.241.219.212 - - [26/Nov/2025:19:14:04 -0500] "POST /xmlrpc.php HTTP/1.1" 403 1242 "-" "Mozilla/5.0 (Windows NT 5.1; Win64; x64) AppleWebKit/537.36 (KHTML, like Gecko) Chrome/52.0.2743.116 Safari/537.36 Edge/15.15063"
162.241.219.212 - - [26/Nov/2025:19:14:15 -0500] "POST /xmlrpc.php HTTP/1.1" 403 1242 "-" "Mozilla/5.0 (Windows NT 5.1; Win64; x64) AppleWebKit/537.36 (KHTML, like Gecko) Chrome/52.0.2743.116 Safari/537.36 Edge/15.15063"
162.241.219.212 - - [26/Nov/2025:19:14:28 -0500] "POST /xmlrpc.php HTTP/1.1" 403 1242 "-" "Mozilla/5.0 (Windows NT 5.1; Win64; x64) AppleWebKit/537.36 (KHTML, like Gecko) Chrome/52.0.2743.116 Safari/537.36 Edge/15.15063"
162.241.219.212 - - [26/Nov/2025:19:14:41 -0500] "POST /xmlrpc.php HTTP/1.1" 403 1242 "-" "Mozilla/5.0 (Windows NT 5.1; Win64; x64) AppleWebKit/537.36 (KHTML, like Gecko) Chrome/52.0.2743.116 Safari/537.36 Edge/15.15063"
162.241.219.212 - - [26/Nov/2025:19:14:54 -0500] "POST /xmlrpc.php HTTP/1.1" 403 1242 "-" "Mozilla/5.0 (Windows NT 5.1; Win64; x64) AppleWebKit/537.36 (KHTML, like Gecko) Chrome/52.0.2743.116 Safari/537.36 Edge/15.15063"
162.241.219.212 - - [26/Nov/2025:19:15:06 -0500] "POST /xmlrpc.php HTTP/1.1" 403 1242 "-" "Mozilla/5.0 (Windows NT 5.1; Win64; x64) AppleWebKit/537.36 (KHTML, like Gecko) Chrome/52.0.2743.116 Safari/537.36 Edge/15.15063"
40.88.21.235 - - [26/Nov/2025:19:15:09 -0500] "GET / HTTP/1.1" 200 22252 "https://madeinbranded.com/" "DuckDuckBot/1.1; (+http://duckduckgo.com/duckduckbot.html)"
40.88.21.235 - - [26/Nov/2025:19:15:09 -0500] "GET /wp-content/uploads/2023/04/MIB-Logo-png-180x180-favicon-100x100.png HTTP/1.1" 200 6192 "https://madeinbranded.com/wp-content/uploads/2023/04/MIB-Logo-png-180x180-favicon-100x100.png" "DuckDuckBot/1.1; (+http://duckduckgo.com/duckduckbot.html)"
162.241.219.212 - - [26/Nov/2025:19:15:18 -0500] "POST /xmlrpc.php HTTP/1.1" 403 1242 "-" "Mozilla/5.0 (Windows NT 5.1; Win64; x64) AppleWebKit/537.36 (KHTML, like Gecko) Chrome/52.0.2743.116 Safari/537.36 Edge/15.15063"
162.0.217.77 - - [26/Nov/2025:19:15:46 -0500] "POST /wp-cron.php?doing_wp_cron=1764202545.9971818923950195312500 HTTP/1.1" 200 0 "-" "WordPress/6.8.3; https://madeinbranded.com"
27.147.191.110 - - [26/Nov/2025:19:15:41 -0500] "POST /wp-login.php HTTP/1.1" 200 2353 "-" "Mozilla/5.0"
91.92.243.249 - - [26/Nov/2025:19:16:11 -0500] "POST /wp-login.php HTTP/1.1" 200 2352 "-" "Mozilla/5.0"
91.92.243.249 - - [26/Nov/2025:19:16:11 -0500] "POST /wp-login.php HTTP/1.1" 200 2352 "-" "Mozilla/5.0"
13.202.229.225 - - [26/Nov/2025:19:17:47 -0500] "GET /wp-login.php HTTP/1.1" 200 2276 "-" "Mozilla/4.0 (compatible; MSIE 7.0; Windows NT 6.1; Trident/7.0; SLCC2; .NET CLR 2.0.50727; .NET CLR 3.5.30729; .NET CLR 3.0.30729; Media Center PC 6.0; .NET4.0C; .NET4.0E; InfoPath.3; Tablet PC 2.0)"
162.0.217.77 - - [26/Nov/2025:19:17:53 -0500] "POST /wp-cron.php?doing_wp_cron=1764202673.8691170215606689453125 HTTP/1.1" 200 0 "-" "WordPress/6.8.3; https://madeinbranded.com"
13.202.229.225 - - [26/Nov/2025:19:17:51 -0500] "POST /wp-login.php HTTP/1.1" 200 2374 "https://madeinbranded.com/wp-login.php" "Mozilla/4.0 (compatible; MSIE 7.0; Windows NT 6.1; Trident/7.0; SLCC2; .NET CLR 2.0.50727; .NET CLR 3.5.30729; .NET CLR 3.0.30729; Media Center PC 6.0; .NET4.0C; .NET4.0E; InfoPath.3; Tablet PC 2.0)"
87.106.103.159 - - [26/Nov/2025:19:25:50 -0500] "GET /wp-login.php HTTP/1.1" 200 2276 "-" "Mozilla/5.0 (Macintosh; Intel Mac OS X 10_9_5) AppleWebKit/537.36 (KHTML, like Gecko) Chrome/65.0.3325.181 Safari/537.36"
162.0.217.77 - - [26/Nov/2025:19:25:58 -0500] "POST /wp-cron.php?doing_wp_cron=1764203158.3531041145324707031250 HTTP/1.1" 200 0 "-" "WordPress/6.8.3; https://madeinbranded.com"
87.106.103.159 - - [26/Nov/2025:19:25:55 -0500] "POST /wp-login.php HTTP/1.1" 200 2374 "https://madeinbranded.com/wp-login.php" "Mozilla/5.0 (Macintosh; Intel Mac OS X 10_9_5) AppleWebKit/537.36 (KHTML, like Gecko) Chrome/65.0.3325.181 Safari/537.36"
162.0.217.77 - - [26/Nov/2025:19:26:44 -0500] "POST /wp-cron.php?doing_wp_cron=1764203204.9260489940643310546875 HTTP/1.1" 200 0 "-" "WordPress/6.8.3; https://madeinbranded.com"
27.147.191.110 - - [26/Nov/2025:19:26:44 -0500] "POST /wp-login.php HTTP/1.1" 200 2361 "-" "Mozilla/5.0"
62.171.183.138 - - [26/Nov/2025:19:30:19 -0500] "POST /xmlrpc.php HTTP/1.1" 403 1242 "-" "Mozilla/5.0 (Windows NT 6.1; WOW64; Trident/7.0; BOIE9;ENUSMSE; rv:11.0) like Gecko"
62.171.183.138 - - [26/Nov/2025:19:30:40 -0500] "POST /xmlrpc.php HTTP/1.1" 403 1242 "-" "Mozilla/5.0 (Windows NT 6.1; WOW64; Trident/7.0; BOIE9;ENUSMSE; rv:11.0) like Gecko"
162.0.217.77 - - [26/Nov/2025:19:37:45 -0500] "POST /wp-cron.php?doing_wp_cron=1764203865.3283309936523437500000 HTTP/1.1" 200 0 "-" "WordPress/6.8.3; https://madeinbranded.com"
27.147.191.110 - - [26/Nov/2025:19:37:43 -0500] "POST /wp-login.php HTTP/1.1" 200 2361 "-" "Mozilla/5.0"
212.64.199.131 - - [26/Nov/2025:19:40:04 -0500] "GET /wp-login.php HTTP/1.1" 200 2276 "-" "GRequests/0.10"
162.0.217.77 - - [26/Nov/2025:19:40:07 -0500] "POST /wp-cron.php?doing_wp_cron=1764204007.7884531021118164062500 HTTP/1.1" 200 0 "-" "WordPress/6.8.3; https://madeinbranded.com"
212.64.199.131 - - [26/Nov/2025:19:40:05 -0500] "POST /wp-login.php HTTP/1.1" 200 2374 "-" "GRequests/0.10"
15.235.15.122 - - [26/Nov/2025:19:41:11 -0500] "GET /wp-login.php HTTP/1.1" 200 2276 "-" "Mozilla/5.0 (Windows NT 6.1; Win64; x64) AppleWebKit/537.36 (KHTML, like Gecko) Chrome/63.0.3239.132 Safari/537.36 OPR/50.0.2762.67"
162.0.217.77 - - [26/Nov/2025:19:41:11 -0500] "POST /wp-cron.php?doing_wp_cron=1764204071.5139811038970947265625 HTTP/1.1" 200 0 "-" "WordPress/6.8.3; https://madeinbranded.com"
15.235.15.122 - - [26/Nov/2025:19:41:11 -0500] "POST /wp-login.php HTTP/1.1" 200 2374 "https://madeinbranded.com/wp-login.php" "Mozilla/5.0 (Windows NT 6.1; Win64; x64) AppleWebKit/537.36 (KHTML, like Gecko) Chrome/63.0.3239.132 Safari/537.36 OPR/50.0.2762.67"
66.249.66.39 - - [26/Nov/2025:19:43:56 -0500] "GET /wp-content/uploads/2023/05/The-Most-Accurate-Heart-rate-monitor-Strap-Polar-ECG-chest-Strap-1024x683.jpg HTTP/1.1" 403 1242 "-" "Googlebot-Image/1.0"
162.241.216.212 - - [26/Nov/2025:19:45:01 -0500] "POST /xmlrpc.php HTTP/1.1" 403 1242 "-" "Mozilla/5.0 (Windows NT 6.1; WOW64; Trident/7.0; AS; rv:11.0) like Gecko"
162.241.216.212 - - [26/Nov/2025:19:45:04 -0500] "POST /xmlrpc.php HTTP/1.1" 403 1242 "-" "Mozilla/5.0 (Windows NT 6.1; WOW64; Trident/7.0; AS; rv:11.0) like Gecko"
162.241.216.212 - - [26/Nov/2025:19:45:08 -0500] "POST /xmlrpc.php HTTP/1.1" 403 1242 "-" "Mozilla/5.0 (Windows NT 6.1; WOW64; Trident/7.0; AS; rv:11.0) like Gecko"
162.241.216.212 - - [26/Nov/2025:19:45:16 -0500] "POST /xmlrpc.php HTTP/1.1" 403 1242 "-" "Mozilla/5.0 (Windows NT 6.1; WOW64; Trident/7.0; AS; rv:11.0) like Gecko"
173.201.181.20 - - [26/Nov/2025:19:45:17 -0500] "GET /wp-login.php HTTP/1.1" 200 2276 "-" "Mozilla/5.0 (Macintosh; Intel Mac OS X 10_11_6) AppleWebKit/604.1.38 (KHTML, like Gecko) Version/11.0 Safari/604.1.38"
162.241.216.212 - - [26/Nov/2025:19:45:18 -0500] "POST /xmlrpc.php HTTP/1.1" 403 1242 "-" "Mozilla/5.0 (Windows NT 6.1; WOW64; Trident/7.0; AS; rv:11.0) like Gecko"
162.241.216.212 - - [26/Nov/2025:19:45:21 -0500] "POST /xmlrpc.php HTTP/1.1" 403 1242 "-" "Mozilla/5.0 (Windows NT 6.1; WOW64; Trident/7.0; AS; rv:11.0) like Gecko"
162.0.217.77 - - [26/Nov/2025:19:45:21 -0500] "POST /wp-cron.php?doing_wp_cron=1764204321.4217069149017333984375 HTTP/1.1" 200 0 "-" "WordPress/6.8.3; https://madeinbranded.com"
173.201.181.20 - - [26/Nov/2025:19:45:18 -0500] "POST /wp-login.php HTTP/1.1" 200 2374 "https://madeinbranded.com/wp-login.php" "Mozilla/5.0 (Macintosh; Intel Mac OS X 10_11_6) AppleWebKit/604.1.38 (KHTML, like Gecko) Version/11.0 Safari/604.1.38"
212.29.215.93 - - [26/Nov/2025:19:46:18 -0500] "GET /wp-login.php HTTP/1.1" 200 2276 "-" "Mozilla/4.0 (compatible; MSIE 7.0; Windows NT 6.1; Trident/7.0; SLCC2; .NET CLR 2.0.50727; .NET CLR 3.5.30729; .NET CLR 3.0.30729; .NET4.0C; .NET4.0E)"
162.0.217.77 - - [26/Nov/2025:19:46:19 -0500] "POST /wp-cron.php?doing_wp_cron=1764204379.3806259632110595703125 HTTP/1.1" 200 0 "-" "WordPress/6.8.3; https://madeinbranded.com"
212.29.215.93 - - [26/Nov/2025:19:46:19 -0500] "POST /wp-login.php HTTP/1.1" 200 2374 "https://madeinbranded.com/wp-login.php" "Mozilla/4.0 (compatible; MSIE 7.0; Windows NT 6.1; Trident/7.0; SLCC2; .NET CLR 2.0.50727; .NET CLR 3.5.30729; .NET CLR 3.0.30729; .NET4.0C; .NET4.0E)"
162.0.217.77 - - [26/Nov/2025:19:48:40 -0500] "POST /wp-cron.php?doing_wp_cron=1764204520.7639091014862060546875 HTTP/1.1" 200 0 "-" "WordPress/6.8.3; https://madeinbranded.com"
27.147.191.110 - - [26/Nov/2025:19:48:36 -0500] "POST /wp-login.php HTTP/1.1" 200 2361 "-" "Mozilla/5.0"
162.0.217.77 - - [26/Nov/2025:19:59:04 -0500] "POST /wp-cron.php?doing_wp_cron=1764205144.7951550483703613281250 HTTP/1.1" 200 0 "-" "WordPress/6.8.3; https://madeinbranded.com"
27.147.191.110 - - [26/Nov/2025:19:59:01 -0500] "POST /wp-login.php HTTP/1.1" 200 2353 "-" "Mozilla/5.0"
162.0.217.77 - - [26/Nov/2025:20:09:57 -0500] "POST /wp-cron.php?doing_wp_cron=1764205797.1943631172180175781250 HTTP/1.1" 200 0 "-" "WordPress/6.8.3; https://madeinbranded.com"
27.147.191.110 - - [26/Nov/2025:20:09:54 -0500] "POST /wp-login.php HTTP/1.1" 200 2361 "-" "Mozilla/5.0"
162.241.217.54 - - [26/Nov/2025:20:12:40 -0500] "GET /wp-login.php HTTP/1.1" 200 2276 "-" "Mozilla/5.0 (Windows NT 10.0; Win64; x64) AppleWebKit/537.36 (KHTML, like Gecko) Chrome/67.0.3396.87 Safari/537.36"
162.0.217.77 - - [26/Nov/2025:20:12:43 -0500] "POST /wp-cron.php?doing_wp_cron=1764205963.7456839084625244140625 HTTP/1.1" 200 0 "-" "WordPress/6.8.3; https://madeinbranded.com"
162.241.217.54 - - [26/Nov/2025:20:12:41 -0500] "POST /wp-login.php HTTP/1.1" 200 2374 "https://madeinbranded.com/wp-login.php" "Mozilla/5.0 (Windows NT 10.0; Win64; x64) AppleWebKit/537.36 (KHTML, like Gecko) Chrome/67.0.3396.87 Safari/537.36"
162.241.244.76 - - [26/Nov/2025:20:16:19 -0500] "GET /wp-login.php HTTP/1.1" 200 2276 "-" "Mozilla/5.0 (Windows NT 6.1) AppleWebKit/537.36 (KHTML, like Gecko) Chrome/66.0.3359.117 Safari/537.36"
162.0.217.77 - - [26/Nov/2025:20:16:25 -0500] "POST /wp-cron.php?doing_wp_cron=1764206184.9777250289916992187500 HTTP/1.1" 200 0 "-" "WordPress/6.8.3; https://madeinbranded.com"
162.241.244.76 - - [26/Nov/2025:20:16:23 -0500] "POST /wp-login.php HTTP/1.1" 200 2374 "https://madeinbranded.com/wp-login.php" "Mozilla/5.0 (Windows NT 6.1) AppleWebKit/537.36 (KHTML, like Gecko) Chrome/66.0.3359.117 Safari/537.36"
162.0.217.77 - - [26/Nov/2025:20:20:45 -0500] "POST /wp-cron.php?doing_wp_cron=1764206445.8949429988861083984375 HTTP/1.1" 200 0 "-" "WordPress/6.8.3; https://madeinbranded.com"
27.147.191.110 - - [26/Nov/2025:20:20:42 -0500] "POST /wp-login.php HTTP/1.1" 200 2361 "-" "Mozilla/5.0"
161.97.97.183 - - [26/Nov/2025:20:23:58 -0500] "GET /wp-login.php HTTP/1.1" 200 2276 "-" "Mozilla/5.0 (Macintosh; Intel Mac OS X 10_12_6) AppleWebKit/537.36 (KHTML, like Gecko) Chrome/65.0.3325.146 Safari/537.36"
162.0.217.77 - - [26/Nov/2025:20:24:04 -0500] "POST /wp-cron.php?doing_wp_cron=1764206644.4868741035461425781250 HTTP/1.1" 200 0 "-" "WordPress/6.8.3; https://madeinbranded.com"
161.97.97.183 - - [26/Nov/2025:20:24:02 -0500] "POST /wp-login.php HTTP/1.1" 200 2374 "https://madeinbranded.com/wp-login.php" "Mozilla/5.0 (Macintosh; Intel Mac OS X 10_12_6) AppleWebKit/537.36 (KHTML, like Gecko) Chrome/65.0.3325.146 Safari/537.36"
42.96.37.226 - - [26/Nov/2025:20:29:55 -0500] "GET /wp-login.php HTTP/1.1" 200 2276 "-" "Mozilla/4.0 (compatible; MSIE 8.0; Windows NT 6.1; WOW64; Trident/7.0; SLCC2; .NET CLR 2.0.50727; .NET CLR 3.5.30729; .NET CLR 3.0.30729; Media Center PC 6.0; .NET4.0C; .NET4.0E)"
162.0.217.77 - - [26/Nov/2025:20:30:00 -0500] "POST /wp-cron.php?doing_wp_cron=1764207000.3262820243835449218750 HTTP/1.1" 200 0 "-" "WordPress/6.8.3; https://madeinbranded.com"
42.96.37.226 - - [26/Nov/2025:20:29:58 -0500] "POST /wp-login.php HTTP/1.1" 200 2374 "https://madeinbranded.com/wp-login.php" "Mozilla/4.0 (compatible; MSIE 8.0; Windows NT 6.1; WOW64; Trident/7.0; SLCC2; .NET CLR 2.0.50727; .NET CLR 3.5.30729; .NET CLR 3.0.30729; Media Center PC 6.0; .NET4.0C; .NET4.0E)"
216.126.239.203 - - [26/Nov/2025:20:31:23 -0500] "GET /.env HTTP/1.1" 403 1242 "-" "Mozilla/5.0 (Linux; Android 9; rv:75.0.3770.67) AppleWebKit/537.36 (KHTML, like Gecko) Chrome/75.0.3770.67 Mobile Safari/537.36"
162.0.217.77 - - [26/Nov/2025:20:31:31 -0500] "POST /wp-cron.php?doing_wp_cron=1764207091.8261120319366455078125 HTTP/1.1" 200 0 "-" "WordPress/6.8.3; https://madeinbranded.com"
27.147.191.110 - - [26/Nov/2025:20:31:30 -0500] "POST /wp-login.php HTTP/1.1" 200 2361 "-" "Mozilla/5.0"
185.67.1.43 - - [26/Nov/2025:20:31:42 -0500] "POST /xmlrpc.php HTTP/1.1" 403 1242 "-" "Mozilla/4.0 (compatible; MSIE 7.0; Windows NT 6.1; Trident/7.0; SLCC2; .NET CLR 2.0.50727; .NET CLR 3.5.30729; .NET CLR 3.0.30729; .NET4.0C; .NET4.0E)"
185.104.44.2 - - [26/Nov/2025:20:34:01 -0500] "GET /wp-login.php HTTP/1.1" 200 2276 "-" "Mozilla/5.0 (Macintosh; Intel Mac OS X 10_13_3) AppleWebKit/537.36 (KHTML, like Gecko) Chrome/66.0.3359.139 Safari/537.36"
162.0.217.77 - - [26/Nov/2025:20:34:03 -0500] "POST /wp-cron.php?doing_wp_cron=1764207243.7924840450286865234375 HTTP/1.1" 200 0 "-" "WordPress/6.8.3; https://madeinbranded.com"
185.104.44.2 - - [26/Nov/2025:20:34:02 -0500] "POST /wp-login.php HTTP/1.1" 200 2374 "https://madeinbranded.com/wp-login.php" "Mozilla/5.0 (Macintosh; Intel Mac OS X 10_13_3) AppleWebKit/537.36 (KHTML, like Gecko) Chrome/66.0.3359.139 Safari/537.36"
162.241.226.46 - - [26/Nov/2025:20:40:22 -0500] "GET /wp-login.php HTTP/1.1" 200 2276 "-" "Mozilla/5.0 (Windows NT 6.1; WOW64; Trident/7.0; MASN; rv:11.0) like Gecko"
162.0.217.77 - - [26/Nov/2025:20:40:27 -0500] "POST /wp-cron.php?doing_wp_cron=1764207627.2314639091491699218750 HTTP/1.1" 200 0 "-" "WordPress/6.8.3; https://madeinbranded.com"
162.241.226.46 - - [26/Nov/2025:20:40:23 -0500] "POST /wp-login.php HTTP/1.1" 200 2374 "https://madeinbranded.com/wp-login.php" "Mozilla/5.0 (Windows NT 6.1; WOW64; Trident/7.0; MASN; rv:11.0) like Gecko"
162.0.217.77 - - [26/Nov/2025:20:42:14 -0500] "POST /wp-cron.php?doing_wp_cron=1764207734.2731130123138427734375 HTTP/1.1" 200 0 "-" "WordPress/6.8.3; https://madeinbranded.com"
162.0.217.77 - - [26/Nov/2025:20:42:14 -0500] "POST /wp-cron.php?doing_wp_cron=1764207734.2730860710144042968750 HTTP/1.1" 200 0 "-" "WordPress/6.8.3; https://madeinbranded.com"
91.92.243.249 - - [26/Nov/2025:20:42:13 -0500] "POST /wp-login.php HTTP/1.1" 200 2354 "-" "Mozilla/5.0"
91.92.243.249 - - [26/Nov/2025:20:42:13 -0500] "POST /wp-login.php HTTP/1.1" 200 2354 "-" "Mozilla/5.0"
162.0.217.77 - - [26/Nov/2025:20:42:42 -0500] "POST /wp-cron.php?doing_wp_cron=1764207762.0206599235534667968750 HTTP/1.1" 200 0 "-" "WordPress/6.8.3; https://madeinbranded.com"
27.147.191.110 - - [26/Nov/2025:20:42:41 -0500] "POST /wp-login.php HTTP/1.1" 200 2353 "-" "Mozilla/5.0"
208.84.102.202 - - [26/Nov/2025:20:47:31 -0500] "GET /wp-login.php HTTP/1.1" 200 2276 "-" "Mozilla/5.0 (Macintosh; Intel Mac OS X 10_11_6) AppleWebKit/604.4.7 (KHTML, like Gecko) Version/11.0.2 Safari/604.4.7"
162.0.217.77 - - [26/Nov/2025:20:47:37 -0500] "POST /wp-cron.php?doing_wp_cron=1764208056.9955120086669921875000 HTTP/1.1" 200 0 "-" "WordPress/6.8.3; https://madeinbranded.com"
208.84.102.202 - - [26/Nov/2025:20:47:35 -0500] "POST /wp-login.php HTTP/1.1" 200 2374 "https://madeinbranded.com/wp-login.php" "Mozilla/5.0 (Macintosh; Intel Mac OS X 10_11_6) AppleWebKit/604.4.7 (KHTML, like Gecko) Version/11.0.2 Safari/604.4.7"
180.188.231.140 - - [26/Nov/2025:20:49:25 -0500] "GET /wp-login.php HTTP/1.1" 200 2276 "-" "Mozilla/5.0 (Windows NT 6.3; WOW64; Trident/7.0; Touch; MAGWJS; rv:11.0) like Gecko"
162.0.217.77 - - [26/Nov/2025:20:49:29 -0500] "POST /wp-cron.php?doing_wp_cron=1764208169.1293199062347412109375 HTTP/1.1" 200 0 "-" "WordPress/6.8.3; https://madeinbranded.com"
180.188.231.140 - - [26/Nov/2025:20:49:27 -0500] "POST /wp-login.php HTTP/1.1" 200 2374 "https://madeinbranded.com/wp-login.php" "Mozilla/5.0 (Windows NT 6.3; WOW64; Trident/7.0; Touch; MAGWJS; rv:11.0) like Gecko"
162.0.217.77 - - [26/Nov/2025:20:53:16 -0500] "POST /wp-cron.php?doing_wp_cron=1764208396.8209509849548339843750 HTTP/1.1" 200 0 "-" "WordPress/6.8.3; https://madeinbranded.com"
27.147.191.110 - - [26/Nov/2025:20:53:00 -0500] "POST /wp-login.php HTTP/1.1" 200 2361 "-" "Mozilla/5.0"
167.235.75.38 - - [26/Nov/2025:20:59:41 -0500] "GET /wp-login.php HTTP/1.1" 200 2276 "-" "Mozilla/5.0 (Windows NT 6.3; Win64; x64; Trident/7.0; Touch; MAARJS; rv:11.0) like Gecko"
162.0.217.77 - - [26/Nov/2025:20:59:46 -0500] "POST /wp-cron.php?doing_wp_cron=1764208786.8071439266204833984375 HTTP/1.1" 200 0 "-" "WordPress/6.8.3; https://madeinbranded.com"
167.235.75.38 - - [26/Nov/2025:20:59:45 -0500] "POST /wp-login.php HTTP/1.1" 200 2374 "https://madeinbranded.com/wp-login.php" "Mozilla/5.0 (Windows NT 6.3; Win64; x64; Trident/7.0; Touch; MAARJS; rv:11.0) like Gecko"
165.73.85.124 - - [26/Nov/2025:21:04:11 -0500] "POST /xmlrpc.php HTTP/1.1" 403 1242 "-" "Mozilla/5.0 (Windows NT 10.0; WOW64) AppleWebKit/537.36 (KHTML, like Gecko) Chrome/63.0.3239.132 Safari/537.36 OPR/50.0.2762.67"
