52.254.81.73 - - [26/Nov/2025:10:49:36 -0500] "GET /wp-links-opml.php HTTP/1.1" 200 162 "https://www.google.de/" "Mozilla/5.0 (Linux; Android 12; 2201116SG) AppleWebKit/537.36 (KHTML, like Gecko) Chrome/116.0.0.0 Mobile Safari/537.36"
52.254.81.73 - - [26/Nov/2025:10:49:36 -0500] "GET /index3.php HTTP/1.1" 404 16282 "https://www.yahoo.com/" "Mozilla/5.0 (Linux; Android 12; V2134) AppleWebKit/537.36 (KHTML, like Gecko) Chrome/116.0.0.0 Mobile Safari/537.36"
52.254.81.73 - - [26/Nov/2025:10:49:36 -0500] "GET /wp-load.php HTTP/1.1" 200 0 "https://www.google.com/" "Mozilla/5.0 (Linux; Android 10; LM-Q720) AppleWebKit/537.36 (KHTML, like Gecko) Chrome/116.0.0.0 Mobile Safari/537.36"
52.254.81.73 - - [26/Nov/2025:10:49:37 -0500] "GET /403.php HTTP/1.1" 404 16282 "https://www.google.com/" "Mozilla/5.0 (Linux; Android 12; SM-A525F) AppleWebKit/537.36 (KHTML, like Gecko) Chrome/117.0.0.0 Mobile Safari/537.36"
52.254.81.73 - - [26/Nov/2025:10:49:37 -0500] "GET /admin.php HTTP/1.1" 404 16282 "https://www.google.fr/" "Mozilla/5.0 (Linux; Android 10; LM-Q720) AppleWebKit/537.36 (KHTML, like Gecko) Chrome/116.0.0.0 Mobile Safari/537.36"
52.254.81.73 - - [26/Nov/2025:10:49:38 -0500] "GET /admin/uploads/ HTTP/1.1" 404 16282 "https://www.google.com/" "Mozilla/5.0 (iPhone; CPU iPhone OS 17_0_3 like Mac OS X) AppleWebKit/605.1.15 (KHTML, like Gecko) Version/17.0.1 Mobile/15E148 Safari/604.1"
52.254.81.73 - - [26/Nov/2025:10:49:39 -0500] "GET /akc.php HTTP/1.1" 404 16282 "https://www.google.de/" "Mozilla/5.0 (Linux; Android 14; Pixel 8 Pro) AppleWebKit/537.36 (KHTML, like Gecko) Chrome/119.0.0.0 Mobile Safari/537.36"
52.254.81.73 - - [26/Nov/2025:10:49:40 -0500] "GET /al.php HTTP/1.1" 404 16282 "https://duckduckgo.com/" "Mozilla/5.0 (iPhone; CPU iPhone OS 17_1 like Mac OS X) AppleWebKit/605.1.15 (KHTML, like Gecko) CriOS/119.0.6045.109 Mobile/15E148 Safari/604.1"
52.254.81.73 - - [26/Nov/2025:10:49:40 -0500] "GET /alfa.php HTTP/1.1" 404 16282 "https://duckduckgo.com/" "Mozilla/5.0 (Linux; Android 11; CPH2251) AppleWebKit/537.36 (KHTML, like Gecko) Chrome/116.0.0.0 Mobile Safari/537.36"
52.254.81.73 - - [26/Nov/2025:10:49:41 -0500] "GET /as.php HTTP/1.1" 404 16283 "https://www.google.fr/" "Mozilla/5.0 (Linux; Android 10; K) AppleWebKit/537.36 (KHTML, like Gecko) Chrome/117.0.0.0 Mobile Safari/537.36"
52.254.81.73 - - [26/Nov/2025:10:49:41 -0500] "GET /asasx.php HTTP/1.1" 404 16283 "https://www.bing.com/" "Mozilla/5.0 (iPhone; CPU iPhone OS 16_6_1 like Mac OS X) AppleWebKit/605.1.15 (KHTML, like Gecko) Version/16.6 Mobile/15E148 Safari/604.1"
52.254.81.73 - - [26/Nov/2025:10:49:41 -0500] "GET /assets/atomlib.php HTTP/1.1" 404 16283 "https://www.google.co.uk/" "Mozilla/5.0 (iPad; CPU OS 17_0_3 like Mac OS X) AppleWebKit/605.1.15 (KHTML, like Gecko) Version/17.0.1 Mobile/15E148 Safari/604.1"
52.254.81.73 - - [26/Nov/2025:10:49:42 -0500] "GET /atomlib.php HTTP/1.1" 404 16282 "https://duckduckgo.com/" "Mozilla/5.g (Linux; Android 13; Pixel 7) AppleWebKit/537.36 (KHTML, like Gecko) Chrome/116.0.0.0 Mobile Safari/537.36"
52.254.81.73 - - [26/Nov/2025:10:49:43 -0500] "GET /autoload_classmap.php HTTP/1.1" 404 16282 "https://www.google.co.uk/" "Mozilla/5.0 (Linux; Android 14; Pixel 8 Pro) AppleWebKit/537.36 (KHTML, like Gecko) Chrome/119.0.0.0 Mobile Safari/537.36"
52.254.81.73 - - [26/Nov/2025:10:49:43 -0500] "GET /autoload_classmap/function.php HTTP/1.1" 404 16282 "https://www.google.com/" "Mozilla/5.0 (iPhone; CPU iPhone OS 17_1_1 like Mac OS X) AppleWebKit/605.1.15 (KHTML, like Gecko) Version/17.1 Mobile/15E148 Safari/604.1"
52.254.81.73 - - [26/Nov/2025:10:49:43 -0500] "GET /backup.php HTTP/1.1" 404 16282 "https://www.bing.com/" "Mozilla/5.0 (Linux; Android 12; SM-A525F) AppleWebKit/537.36 (KHTML, like Gecko) Chrome/117.0.0.0 Mobile Safari/537.36"
52.254.81.73 - - [26/Nov/2025:10:49:44 -0500] "GET /browse.php HTTP/1.1" 404 16282 "https://www.google.fr/" "Mozilla/5.0 (iPhone; CPU iPhone OS 15_7_9 like Mac OS X) AppleWebKit/605.1.15 (KHTML, like Gecko) Version/15.6.5 Mobile/15E148 Safari/604.1"
52.254.81.73 - - [26/Nov/2025:10:49:45 -0500] "GET /buy.php HTTP/1.1" 404 16282 "https://www.google.de/" "Mozilla/5.0 (iPhone; CPU iPhone OS 17_1 like Mac OS X) AppleWebKit/605.1.15 (KHTML, like Gecko) CriOS/119.0.6045.109 Mobile/15E148 Safari/604.1"
52.254.81.73 - - [26/Nov/2025:10:49:45 -0500] "GET /cache.php HTTP/1.1" 404 16282 "https://duckduckgo.com/" "Mozilla/5.0 (iPhone; CPU iPhone OS 16_6_1 like Mac OS X) AppleWebKit/605.1.15 (KHTML, like Gecko) Version/16.6 Mobile/15E148 Safari/604.1"
52.254.81.73 - - [26/Nov/2025:10:49:45 -0500] "GET /cc.php HTTP/1.1" 404 16282 "https://www.yahoo.com/" "Mozilla/5.0 (iPhone; CPU iPhone OS 15_7_9 like Mac OS X) AppleWebKit/605.1.15 (KHTML, like Gecko) Version/15.6.5 Mobile/15E148 Safari/604.1"
52.254.81.73 - - [26/Nov/2025:10:49:46 -0500] "GET /cgi-bin/file.php HTTP/1.1" 404 16282 "https://www.bing.com/" "Mozilla/5.0 (Linux; Android 14; Pixel 8 Pro) AppleWebKit/537.36 (KHTML, like Gecko) Chrome/119.0.0.0 Mobile Safari/537.36"
52.254.81.73 - - [26/Nov/2025:10:49:46 -0500] "GET /chosen.php HTTP/1.1" 404 16282 "https://www.google.fr/" "Mozilla/5.0 (Linux; Android 10; K) AppleWebKit/537.36 (KHTML, like Gecko) Chrome/117.0.0.0 Mobile Safari/537.36"
52.254.81.73 - - [26/Nov/2025:10:49:47 -0500] "GET /classsmtps.php HTTP/1.1" 404 16282 "https://www.google.de/" "Mozilla/5.0 (Linux; Android 11; CPH2251) AppleWebKit/537.36 (KHTML, like Gecko) Chrome/116.0.0.0 Mobile Safari/537.36"
52.254.81.73 - - [26/Nov/2025:10:49:47 -0500] "GET /classwithtostring.php HTTP/1.1" 404 16282 "https://www.google.fr/" "Mozilla/5.0 (iPhone; CPU iPhone OS 15_7_9 like Mac OS X) AppleWebKit/605.1.15 (KHTML, like Gecko) Version/15.6.5 Mobile/15E148 Safari/604.1"
52.254.81.73 - - [26/Nov/2025:10:49:48 -0500] "GET /cong.php HTTP/1.1" 404 16282 "https://www.google.co.uk/" "Mozilla/5.0 (Linux; Android 12; 2201116SG) AppleWebKit/537.36 (KHTML, like Gecko) Chrome/116.0.0.0 Mobile Safari/537.36"
52.254.81.73 - - [26/Nov/2025:10:49:48 -0500] "GET /default.php HTTP/1.1" 404 16282 "https://www.google.de/" "Mozilla/5.0 (iPad; CPU OS 17_0_3 like Mac OS X) AppleWebKit/605.1.15 (KHTML, like Gecko) Version/17.0.1 Mobile/15E148 Safari/604.1"
52.254.81.73 - - [26/Nov/2025:10:49:48 -0500] "GET /doc.php HTTP/1.1" 404 16282 "https://www.google.de/" "Mozilla/5.0 (Linux; Android 12; V2134) AppleWebKit/537.36 (KHTML, like Gecko) Chrome/116.0.0.0 Mobile Safari/537.36"
52.254.81.73 - - [26/Nov/2025:10:49:49 -0500] "GET /dropdown.php HTTP/1.1" 404 16282 "https://www.yahoo.com/" "Mozilla/5.0 (Linux; Android 13; SM-G991U) AppleWebKit/537.36 (KHTML, like Gecko) Chrome/117.0.0.0 Mobile Safari/537.36"
52.254.81.73 - - [26/Nov/2025:10:49:50 -0500] "GET /e.php HTTP/1.1" 404 16282 "https://duckduckgo.com/" "Mozilla/5.0 (Linux; Android 13; SM-S908E) AppleWebKit/537.36 (KHTML, like Gecko) Chrome/116.0.0.0 Mobile Safari/537.36"
52.254.81.73 - - [26/Nov/2025:10:49:50 -0500] "GET /edit.php HTTP/1.1" 404 16282 "https://duckduckgo.com/" "Mozilla/5.0 (iPhone; CPU iPhone OS 17_1 like Mac OS X) AppleWebKit/605.1.15 (KHTML, like Gecko) CriOS/119.0.6045.109 Mobile/15E148 Safari/604.1"
52.254.81.73 - - [26/Nov/2025:10:49:50 -0500] "GET /f35.php HTTP/1.1" 404 16283 "https://www.google.de/" "Mozilla/5.0 (Linux; Android 12; SM-A525F) AppleWebKit/537.36 (KHTML, like Gecko) Chrome/117.0.0.0 Mobile Safari/537.36"
52.254.81.73 - - [26/Nov/2025:10:49:51 -0500] "GET /fi2.php HTTP/1.1" 404 16283 "https://www.google.com/" "Mozilla/5.0 (iPhone; CPU iPhone OS 15_7_9 like Mac OS X) AppleWebKit/605.1.15 (KHTML, like Gecko) Version/15.6.5 Mobile/15E148 Safari/604.1"
52.254.81.73 - - [26/Nov/2025:10:49:52 -0500] "GET /file2.php HTTP/1.1" 404 16282 "https://duckduckgo.com/" "Mozilla/5.0 (iPhone; CPU iPhone OS 16_6_1 like Mac OS X) AppleWebKit/605.1.15 (KHTML, like Gecko) Version/16.6 Mobile/15E148 Safari/604.1"
52.254.81.73 - - [26/Nov/2025:10:49:53 -0500] "GET /filemanager.php HTTP/1.1" 404 16282 "https://duckduckgo.com/" "Mozilla/5.g (Linux; Android 13; Pixel 7) AppleWebKit/537.36 (KHTML, like Gecko) Chrome/116.0.0.0 Mobile Safari/537.36"
52.254.81.73 - - [26/Nov/2025:10:49:53 -0500] "GET /fw.php HTTP/1.1" 404 16282 "https://www.google.fr/" "Mozilla/5.0 (Linux; Android 11; CPH2251) AppleWebKit/537.36 (KHTML, like Gecko) Chrome/116.0.0.0 Mobile Safari/537.36"
52.254.81.73 - - [26/Nov/2025:10:49:54 -0500] "GET /gebase.php HTTP/1.1" 404 16282 "https://duckduckgo.com/" "Mozilla/5.0 (iPhone; CPU iPhone OS 17_1 like Mac OS X) AppleWebKit/605.1.15 (KHTML, like Gecko) CriOS/119.0.6045.109 Mobile/15E148 Safari/604.1"
52.254.81.73 - - [26/Nov/2025:10:49:54 -0500] "GET /go.php HTTP/1.1" 404 16282 "https://www.google.de/" "Mozilla/5.0 (iPhone; CPU iPhone OS 17_1 like Mac OS X) AppleWebKit/605.1.15 (KHTML, like Gecko) CriOS/119.0.6045.109 Mobile/15E148 Safari/604.1"
52.254.81.73 - - [26/Nov/2025:10:49:55 -0500] "GET /home HTTP/1.1" 301 0 "https://duckduckgo.com/" "Mozilla/5.0 (Linux; Android 14; Pixel 8 Pro) AppleWebKit/537.36 (KHTML, like Gecko) Chrome/119.0.0.0 Mobile Safari/537.36"
52.254.81.73 - - [26/Nov/2025:10:49:55 -0500] "GET / HTTP/1.1" 200 22252 "https://duckduckgo.com/" "Mozilla/5.0 (Linux; Android 14; Pixel 8 Pro) AppleWebKit/537.36 (KHTML, like Gecko) Chrome/119.0.0.0 Mobile Safari/537.36"
52.254.81.73 - - [26/Nov/2025:10:49:56 -0500] "GET /inputs.php HTTP/1.1" 404 16282 "https://www.bing.com/" "Mozilla/5.0 (Linux; Android 13; SM-S908E) AppleWebKit/537.36 (KHTML, like Gecko) Chrome/116.0.0.0 Mobile Safari/537.36"
52.254.81.73 - - [26/Nov/2025:10:49:57 -0500] "GET /ioxi-o.php HTTP/1.1" 404 16282 "https://www.google.de/" "Mozilla/5.0 (Linux; Android 10; K) AppleWebKit/537.36 (KHTML, like Gecko) Chrome/117.0.0.0 Mobile Safari/537.36"
52.254.81.73 - - [26/Nov/2025:10:49:57 -0500] "GET /item.php HTTP/1.1" 404 16282 "https://www.yahoo.com/" "Mozilla/5.0 (Linux; Android 14; Pixel 8 Pro) AppleWebKit/537.36 (KHTML, like Gecko) Chrome/119.0.0.0 Mobile Safari/537.36"
52.254.81.73 - - [26/Nov/2025:10:49:59 -0500] "GET /load.php HTTP/1.1" 404 16282 "https://www.google.com/" "Mozilla/5.0 (iPhone; CPU iPhone OS 17_1_1 like Mac OS X) AppleWebKit/605.1.15 (KHTML, like Gecko) Version/17.1 Mobile/15E148 Safari/604.1"
52.254.81.73 - - [26/Nov/2025:10:49:59 -0500] "GET /makeasmtp.php HTTP/1.1" 404 16282 "https://www.yahoo.com/" "Mozilla/5.0 (Linux; Android 10; LM-Q720) AppleWebKit/537.36 (KHTML, like Gecko) Chrome/116.0.0.0 Mobile Safari/537.36"
52.254.81.73 - - [26/Nov/2025:10:49:59 -0500] "GET /mar.php HTTP/1.1" 404 16282 "https://www.yahoo.com/" "Mozilla/5.0 (Linux; Android 13; M2101K6G) AppleWebKit/537.36 (KHTML, like Gecko) Chrome/116.0.0.0 Mobile Safari/537.36"
52.254.81.73 - - [26/Nov/2025:10:50:00 -0500] "GET /moon.php HTTP/1.1" 404 16282 "https://www.google.co.uk/" "Mozilla/5.0 (Linux; Android 11; 21081111RG) AppleWebKit/537.36 (KHTML, like Gecko) Chrome/116.0.0.0 Mobile Safari/537.36"
52.254.81.73 - - [26/Nov/2025:10:50:00 -0500] "GET /new.php HTTP/1.1" 404 16282 "https://www.google.de/" "Mozilla/5.0 (Linux; Android 10; LM-Q720) AppleWebKit/537.36 (KHTML, like Gecko) Chrome/116.0.0.0 Mobile Safari/537.36"
52.254.81.73 - - [26/Nov/2025:10:50:01 -0500] "GET /NewFile.php HTTP/1.1" 404 16282 "https://www.bing.com/" "Mozilla/5.0 (iPhone; CPU iPhone OS 17_1 like Mac OS X) AppleWebKit/605.1.15 (KHTML, like Gecko) CriOS/119.0.6045.109 Mobile/15E148 Safari/604.1"
52.254.81.73 - - [26/Nov/2025:10:50:01 -0500] "GET /past.php HTTP/1.1" 404 16282 "https://www.yahoo.com/" "Mozilla/5.0 (iPhone; CPU iPhone OS 15_7_9 like Mac OS X) AppleWebKit/605.1.15 (KHTML, like Gecko) Version/15.6.5 Mobile/15E148 Safari/604.1"
52.254.81.73 - - [26/Nov/2025:10:50:02 -0500] "GET /updates.php HTTP/1.1" 404 16282 "https://duckduckgo.com/" "Mozilla/5.0 (Linux; Android 13; SM-G991U) AppleWebKit/537.36 (KHTML, like Gecko) Chrome/117.0.0.0 Mobile Safari/537.36"
52.254.81.73 - - [26/Nov/2025:10:50:03 -0500] "GET /wp-admin.php HTTP/1.1" 404 16282 "https://www.google.fr/" "Mozilla/5.0 (iPhone; CPU iPhone OS 17_0_3 like Mac OS X) AppleWebKit/605.1.15 (KHTML, like Gecko) Version/17.0.1 Mobile/15E148 Safari/604.1"
52.254.81.73 - - [26/Nov/2025:10:50:03 -0500] "GET /wp-admin/autoload_classmap.php HTTP/1.1" 404 16282 "https://www.google.com/" "Mozilla/5.0 (Linux; Android 12; SM-A525F) AppleWebKit/537.36 (KHTML, like Gecko) Chrome/117.0.0.0 Mobile Safari/537.36"
52.254.81.73 - - [26/Nov/2025:10:50:04 -0500] "GET /wp-admin/css/colors/blue/atomlib.php HTTP/1.1" 404 16282 "https://www.google.de/" "Mozilla/5.0 (Linux; Android 14; Pixel 8 Pro) AppleWebKit/537.36 (KHTML, like Gecko) Chrome/119.0.0.0 Mobile Safari/537.36"
52.254.81.73 - - [26/Nov/2025:10:50:04 -0500] "GET /wp-admin/css/colors/ectoplasm/ HTTP/1.1" 403 1242 "https://www.google.fr/" "Mozilla/5.0 (iPhone; CPU iPhone OS 16_6_1 like Mac OS X) AppleWebKit/605.1.15 (KHTML, like Gecko) Version/16.6 Mobile/15E148 Safari/604.1"
52.254.81.73 - - [26/Nov/2025:10:50:04 -0500] "GET /wp-admin/css/colors/midnight/ HTTP/1.1" 403 1242 "https://duckduckgo.com/" "Mozilla/5.0 (Linux; Android 14; Pixel 8 Pro) AppleWebKit/537.36 (KHTML, like Gecko) Chrome/119.0.0.0 Mobile Safari/537.36"
52.254.81.73 - - [26/Nov/2025:10:50:05 -0500] "GET /wp-admin/function.php HTTP/1.1" 404 16282 "https://www.google.fr/" "Mozilla/5.0 (Linux; Android 13; M2101K6G) AppleWebKit/537.36 (KHTML, like Gecko) Chrome/116.0.0.0 Mobile Safari/537.36"
52.254.81.73 - - [26/Nov/2025:10:50:05 -0500] "GET /wp-admin/images/index.php HTTP/1.1" 301 0 "https://www.google.co.uk/" "Mozilla/5.0 (iPhone; CPU iPhone OS 17_1_1 like Mac OS X) AppleWebKit/605.1.15 (KHTML, like Gecko) Version/17.1 Mobile/15E148 Safari/604.1"
52.254.81.73 - - [26/Nov/2025:10:50:06 -0500] "GET /wp-admin/images/ HTTP/1.1" 403 1242 "https://www.google.co.uk/" "Mozilla/5.0 (iPhone; CPU iPhone OS 17_1_1 like Mac OS X) AppleWebKit/605.1.15 (KHTML, like Gecko) Version/17.1 Mobile/15E148 Safari/604.1"
52.254.81.73 - - [26/Nov/2025:10:50:06 -0500] "GET /wp-admin/includes/about.php HTTP/1.1" 403 1242 "https://www.google.de/" "Mozilla/5.0 (iPhone; CPU iPhone OS 17_1 like Mac OS X) AppleWebKit/605.1.15 (KHTML, like Gecko) CriOS/119.0.6045.109 Mobile/15E148 Safari/604.1"
52.254.81.73 - - [26/Nov/2025:10:50:07 -0500] "GET /wp-admin/js/ HTTP/1.1" 403 1242 "https://www.google.com/" "Mozilla/5.0 (iPad; CPU OS 16_7_2 like Mac OS X) AppleWebKit/605.1.15 (KHTML, like Gecko) Version/16.6 Mobile/15E148 Safari/604.1"
52.254.81.73 - - [26/Nov/2025:10:50:07 -0500] "GET /wp-admin/js/autoload_classmap.php HTTP/1.1" 404 16283 "https://www.google.fr/" "Mozilla/5.0 (Linux; Android 12; 2201116SG) AppleWebKit/537.36 (KHTML, like Gecko) Chrome/116.0.0.0 Mobile Safari/537.36"
52.254.81.73 - - [26/Nov/2025:10:50:08 -0500] "GET /wp-admin/js/index.php HTTP/1.1" 301 0 "https://duckduckgo.com/" "Mozilla/5.0 (Linux; Android 11; 21081111RG) AppleWebKit/537.36 (KHTML, like Gecko) Chrome/116.0.0.0 Mobile Safari/537.36"
52.254.81.73 - - [26/Nov/2025:10:50:08 -0500] "GET /wp-admin/js/ HTTP/1.1" 403 1242 "https://duckduckgo.com/" "Mozilla/5.0 (Linux; Android 11; 21081111RG) AppleWebKit/537.36 (KHTML, like Gecko) Chrome/116.0.0.0 Mobile Safari/537.36"
52.254.81.73 - - [26/Nov/2025:10:50:09 -0500] "GET /wp-admin/js/widgets/ HTTP/1.1" 403 1242 "https://www.bing.com/" "Mozilla/5.0 (Linux; Android 13; SM-S908E) AppleWebKit/537.36 (KHTML, like Gecko) Chrome/116.0.0.0 Mobile Safari/537.36"
52.254.81.73 - - [26/Nov/2025:10:50:09 -0500] "GET /wp-admin/js/wp-login.php HTTP/1.1" 404 16282 "https://duckduckgo.com/" "Mozilla/5.0 (Linux; Android 11; 21081111RG) AppleWebKit/537.36 (KHTML, like Gecko) Chrome/116.0.0.0 Mobile Safari/537.36"
52.254.81.73 - - [26/Nov/2025:10:50:10 -0500] "GET /wp-admin/maint/ HTTP/1.1" 403 1242 "https://duckduckgo.com/" "Mozilla/5.0 (Linux; Android 12; SM-A525F) AppleWebKit/537.36 (KHTML, like Gecko) Chrome/117.0.0.0 Mobile Safari/537.36"
52.254.81.73 - - [26/Nov/2025:10:50:10 -0500] "GET /wp-admin/maint/index.php HTTP/1.1" 301 0 "https://duckduckgo.com/" "Mozilla/5.0 (iPhone; CPU iPhone OS 16_0 like Mac OS X) AppleWebKit/605.1.15 (KHTML, like Gecko) FxiOS/118.0 Mobile/15E148 Safari/605.1.15"
52.254.81.73 - - [26/Nov/2025:10:50:11 -0500] "GET /wp-admin/maint/ HTTP/1.1" 403 1242 "https://duckduckgo.com/" "Mozilla/5.0 (iPhone; CPU iPhone OS 16_0 like Mac OS X) AppleWebKit/605.1.15 (KHTML, like Gecko) FxiOS/118.0 Mobile/15E148 Safari/605.1.15"
52.254.81.73 - - [26/Nov/2025:10:50:11 -0500] "GET /wp-admin/network/index.php HTTP/1.1" 302 0 "https://www.google.com/" "Mozilla/5.0 (Linux; Android 11; 21081111RG) AppleWebKit/537.36 (KHTML, like Gecko) Chrome/116.0.0.0 Mobile Safari/537.36"
52.254.81.73 - - [26/Nov/2025:10:50:12 -0500] "GET /wp-login.php?redirect_to=https%3A%2F%2Fmadeinbranded.com%2Fwp-admin%2Fnetwork%2Findex.php&reauth=1 HTTP/1.1" 200 2279 "https://www.google.com/" "Mozilla/5.0 (Linux; Android 11; 21081111RG) AppleWebKit/537.36 (KHTML, like Gecko) Chrome/116.0.0.0 Mobile Safari/537.36"
52.254.81.73 - - [26/Nov/2025:10:50:12 -0500] "GET /wp-content/admin.php HTTP/1.1" 404 16283 "https://www.google.de/" "Mozilla/5.0 (Linux; Android 11; 21081111RG) AppleWebKit/537.36 (KHTML, like Gecko) Chrome/116.0.0.0 Mobile Safari/537.36"
52.254.81.73 - - [26/Nov/2025:10:50:13 -0500] "GET /wp-content/autoload_classmap.php HTTP/1.1" 404 16283 "https://www.google.fr/" "Mozilla/5.0 (iPhone; CPU iPhone OS 16_6_1 like Mac OS X) AppleWebKit/605.1.15 (KHTML, like Gecko) Version/16.6 Mobile/15E148 Safari/604.1"
52.254.81.73 - - [26/Nov/2025:10:50:13 -0500] "GET /wp-content/index.php HTTP/1.1" 200 0 "https://www.google.co.uk/" "Mozilla/5.0 (Linux; Android 12; SM-A525F) AppleWebKit/537.36 (KHTML, like Gecko) Chrome/117.0.0.0 Mobile Safari/537.36"
52.254.81.73 - - [26/Nov/2025:10:50:13 -0500] "GET /wp-content/mu-plugins-old/ HTTP/1.1" 404 16283 "https://www.yahoo.com/" "Mozilla/5.0 (Linux; Android 14; Pixel 8 Pro) AppleWebKit/537.36 (KHTML, like Gecko) Chrome/119.0.0.0 Mobile Safari/537.36"
52.254.81.73 - - [26/Nov/2025:10:50:14 -0500] "GET /wp-content/plugins/admin.php HTTP/1.1" 404 16283 "https://duckduckgo.com/" "Mozilla/5.0 (iPhone; CPU iPhone OS 16_6_1 like Mac OS X) AppleWebKit/605.1.15 (KHTML, like Gecko) Version/16.6 Mobile/15E148 Safari/604.1"
52.254.81.73 - - [26/Nov/2025:10:50:15 -0500] "GET /wp-content/plugins/clara/clara.php HTTP/1.1" 404 16283 "https://www.yahoo.com/" "Mozilla/5.0 (iPad; CPU OS 16_7_2 like Mac OS X) AppleWebKit/605.1.15 (KHTML, like Gecko) Version/16.6 Mobile/15E148 Safari/604.1"
52.254.81.73 - - [26/Nov/2025:10:50:15 -0500] "GET /wp-content/plugins/Core-Econ/upH.php HTTP/1.1" 404 16283 "https://www.bing.com/" "Mozilla/5.0 (Linux; Android 13; M2101K6G) AppleWebKit/537.36 (KHTML, like Gecko) Chrome/116.0.0.0 Mobile Safari/537.36"
52.254.81.73 - - [26/Nov/2025:10:50:16 -0500] "GET /wp-content/plugins/dummyyummy/wp-signup.php HTTP/1.1" 404 16283 "https://www.google.com/" "Mozilla/5.0 (iPhone; CPU iPhone OS 16_0 like Mac OS X) AppleWebKit/605.1.15 (KHTML, like Gecko) FxiOS/118.0 Mobile/15E148 Safari/605.1.15"
52.254.81.73 - - [26/Nov/2025:10:50:17 -0500] "GET /wp-content/plugins/index.php HTTP/1.1" 200 0 "https://duckduckgo.com/" "Mozilla/5.0 (iPhone; CPU iPhone OS 17_1_1 like Mac OS X) AppleWebKit/605.1.15 (KHTML, like Gecko) Version/17.1 Mobile/15E148 Safari/604.1"
162.0.217.77 - - [26/Nov/2025:10:50:18 -0500] "POST /wp-cron.php?doing_wp_cron=1764172218.0488030910491943359375 HTTP/1.1" 200 0 "-" "WordPress/6.8.3; https://madeinbranded.com"
52.254.81.73 - - [26/Nov/2025:10:50:17 -0500] "GET /wp-content/plugins/pwnd-1/pwnd.php HTTP/1.1" 404 16283 "https://www.google.com/" "Mozilla/5.0 (Linux; Android 13; M2101K6G) AppleWebKit/537.36 (KHTML, like Gecko) Chrome/116.0.0.0 Mobile Safari/537.36"
52.254.81.73 - - [26/Nov/2025:10:50:19 -0500] "GET /wp-content/plugins/pwnd/pwnd.php HTTP/1.1" 404 16283 "https://www.yahoo.com/" "Mozilla/5.0 (Linux; Android 10; K) AppleWebKit/537.36 (KHTML, like Gecko) Chrome/117.0.0.0 Mobile Safari/537.36"
52.254.81.73 - - [26/Nov/2025:10:50:19 -0500] "GET /wp-content/plugins/shell/noimg.php HTTP/1.1" 404 16282 "https://www.google.co.uk/" "Mozilla/5.0 (iPhone; CPU iPhone OS 16_6_1 like Mac OS X) AppleWebKit/605.1.15 (KHTML, like Gecko) Version/16.6 Mobile/15E148 Safari/604.1"
52.254.81.73 - - [26/Nov/2025:10:50:20 -0500] "GET /wp-content/plugins/WordPressCore/cong.php HTTP/1.1" 404 16282 "https://www.google.com/" "Mozilla/5.0 (Linux; Android 12; 2201116SG) AppleWebKit/537.36 (KHTML, like Gecko) Chrome/116.0.0.0 Mobile Safari/537.36"
52.254.81.73 - - [26/Nov/2025:10:50:21 -0500] "GET /wp-content/plugins/wp-conflg.php HTTP/1.1" 404 16283 "https://www.yahoo.com/" "Mozilla/5.0 (iPad; CPU OS 16_7_2 like Mac OS X) AppleWebKit/605.1.15 (KHTML, like Gecko) Version/16.6 Mobile/15E148 Safari/604.1"
52.254.81.73 - - [26/Nov/2025:10:50:21 -0500] "GET /wp-content/themes/ HTTP/1.1" 200 0 "https://duckduckgo.com/" "Mozilla/5.0 (Linux; Android 10; LM-Q720) AppleWebKit/537.36 (KHTML, like Gecko) Chrome/116.0.0.0 Mobile Safari/537.36"
52.254.81.73 - - [26/Nov/2025:10:50:21 -0500] "GET /wp-content/themes/about.php HTTP/1.1" 404 16283 "https://www.google.de/" "Mozilla/5.0 (iPhone; CPU iPhone OS 16_6_1 like Mac OS X) AppleWebKit/605.1.15 (KHTML, like Gecko) Version/16.6 Mobile/15E148 Safari/604.1"
52.254.81.73 - - [26/Nov/2025:10:50:22 -0500] "GET /wp-content/themes/admin.php HTTP/1.1" 404 16282 "https://duckduckgo.com/" "Mozilla/5.0 (Linux; Android 11; CPH2251) AppleWebKit/537.36 (KHTML, like Gecko) Chrome/116.0.0.0 Mobile Safari/537.36"
52.254.81.73 - - [26/Nov/2025:10:50:23 -0500] "GET /wp-content/themes/index.php HTTP/1.1" 200 0 "https://www.google.com/" "Mozilla/5.0 (iPhone; CPU iPhone OS 17_0_3 like Mac OS X) AppleWebKit/605.1.15 (KHTML, like Gecko) Version/17.0.1 Mobile/15E148 Safari/604.1"
52.254.81.73 - - [26/Nov/2025:10:50:23 -0500] "GET /wp-content/themes/themes.php HTTP/1.1" 404 16282 "https://www.google.com/" "Mozilla/5.0 (iPhone; CPU iPhone OS 17_1 like Mac OS X) AppleWebKit/605.1.15 (KHTML, like Gecko) CriOS/119.0.6045.109 Mobile/15E148 Safari/604.1"
162.0.217.77 - - [26/Nov/2025:10:50:24 -0500] "POST /wp-cron.php?doing_wp_cron=1764172224.1358969211578369140625 HTTP/1.1" 200 0 "-" "WordPress/6.8.3; https://madeinbranded.com"
52.254.81.73 - - [26/Nov/2025:10:50:24 -0500] "GET /wp-content/themes/twentytwentytwo/index.php HTTP/1.1" 301 0 "https://www.google.fr/" "Mozilla/5.0 (iPad; CPU OS 16_7_2 like Mac OS X) AppleWebKit/605.1.15 (KHTML, like Gecko) Version/16.6 Mobile/15E148 Safari/604.1"
52.254.81.73 - - [26/Nov/2025:10:50:24 -0500] "GET /wp-content/themes/twentytwentytwo/ HTTP/1.1" 404 16282 "https://www.google.fr/" "Mozilla/5.0 (iPad; CPU OS 16_7_2 like Mac OS X) AppleWebKit/605.1.15 (KHTML, like Gecko) Version/16.6 Mobile/15E148 Safari/604.1"
52.254.81.73 - - [26/Nov/2025:10:50:24 -0500] "GET /wp-content/upgrade/index.php HTTP/1.1" 301 0 "https://duckduckgo.com/" "Mozilla/5.0 (iPhone; CPU iPhone OS 15_7_9 like Mac OS X) AppleWebKit/605.1.15 (KHTML, like Gecko) Version/15.6.5 Mobile/15E148 Safari/604.1"
52.254.81.73 - - [26/Nov/2025:10:50:25 -0500] "GET /wp-content/upgrade/ HTTP/1.1" 403 1242 "https://duckduckgo.com/" "Mozilla/5.0 (iPhone; CPU iPhone OS 15_7_9 like Mac OS X) AppleWebKit/605.1.15 (KHTML, like Gecko) Version/15.6.5 Mobile/15E148 Safari/604.1"
52.254.81.73 - - [26/Nov/2025:10:50:25 -0500] "GET /wp-content/uploads/ HTTP/1.1" 403 1242 "https://www.yahoo.com/" "Mozilla/5.0 (Linux; Android 14; Pixel 8 Pro) AppleWebKit/537.36 (KHTML, like Gecko) Chrome/119.0.0.0 Mobile Safari/537.36"
52.254.81.73 - - [26/Nov/2025:10:50:26 -0500] "GET /wp-content/uploads/de_fb_uploads/b.php HTTP/1.1" 404 16282 "https://www.bing.com/" "Mozilla/5.0 (Linux; Android 10; K) AppleWebKit/537.36 (KHTML, like Gecko) Chrome/117.0.0.0 Mobile Safari/537.36"
52.254.81.73 - - [26/Nov/2025:10:50:26 -0500] "GET /wp-content/uploads/index.php HTTP/1.1" 301 0 "https://www.bing.com/" "Mozilla/5.0 (Linux; Android 12; 2201116SG) AppleWebKit/537.36 (KHTML, like Gecko) Chrome/116.0.0.0 Mobile Safari/537.36"
52.254.81.73 - - [26/Nov/2025:10:50:26 -0500] "GET /wp-content/uploads/ HTTP/1.1" 403 1242 "https://www.bing.com/" "Mozilla/5.0 (Linux; Android 12; 2201116SG) AppleWebKit/537.36 (KHTML, like Gecko) Chrome/116.0.0.0 Mobile Safari/537.36"
52.254.81.73 - - [26/Nov/2025:10:50:27 -0500] "GET /wp-content/wp-conflg.php HTTP/1.1" 404 16282 "https://www.google.de/" "Mozilla/5.0 (Linux; Android 10; K) AppleWebKit/537.36 (KHTML, like Gecko) Chrome/117.0.0.0 Mobile Safari/537.36"
52.254.81.73 - - [26/Nov/2025:10:50:27 -0500] "GET /wp-file.php HTTP/1.1" 404 16282 "https://www.google.com/" "Mozilla/5.0 (Linux; Android 13; M2101K6G) AppleWebKit/537.36 (KHTML, like Gecko) Chrome/116.0.0.0 Mobile Safari/537.36"
52.254.81.73 - - [26/Nov/2025:10:50:27 -0500] "GET /wp-includes/ HTTP/1.1" 403 1242 "https://www.google.com/" "Mozilla/5.0 (iPhone; CPU iPhone OS 17_0_3 like Mac OS X) AppleWebKit/605.1.15 (KHTML, like Gecko) Version/17.0.1 Mobile/15E148 Safari/604.1"
52.254.81.73 - - [26/Nov/2025:10:50:28 -0500] "GET /wp-includes/404.php HTTP/1.1" 403 1242 "https://duckduckgo.com/" "Mozilla/5.0 (iPhone; CPU iPhone OS 17_1_1 like Mac OS X) AppleWebKit/605.1.15 (KHTML, like Gecko) Version/17.1 Mobile/15E148 Safari/604.1"
52.254.81.73 - - [26/Nov/2025:10:50:29 -0500] "GET /wp-includes/assets/ HTTP/1.1" 403 1242 "https://www.google.com/" "Mozilla/5.0 (Linux; Android 10; K) AppleWebKit/537.36 (KHTML, like Gecko) Chrome/117.0.0.0 Mobile Safari/537.36"
52.254.81.73 - - [26/Nov/2025:10:50:29 -0500] "GET /wp-includes/assets/autoload_classmap.php HTTP/1.1" 404 16282 "https://www.bing.com/" "Mozilla/5.0 (Linux; Android 13; M2101K6G) AppleWebKit/537.36 (KHTML, like Gecko) Chrome/116.0.0.0 Mobile Safari/537.36"
52.254.81.73 - - [26/Nov/2025:10:50:29 -0500] "GET /wp-includes/assets/index.php HTTP/1.1" 301 0 "https://www.google.com/" "Mozilla/5.0 (Linux; Android 13; M2101K6G) AppleWebKit/537.36 (KHTML, like Gecko) Chrome/116.0.0.0 Mobile Safari/537.36"
52.254.81.73 - - [26/Nov/2025:10:50:30 -0500] "GET /wp-includes/assets/ HTTP/1.1" 403 1242 "https://www.google.com/" "Mozilla/5.0 (Linux; Android 13; M2101K6G) AppleWebKit/537.36 (KHTML, like Gecko) Chrome/116.0.0.0 Mobile Safari/537.36"
52.254.81.73 - - [26/Nov/2025:10:50:30 -0500] "GET /wp-includes/bk/index.php HTTP/1.1" 301 0 "https://www.google.co.uk/" "Mozilla/5.0 (Linux; Android 12; 2201116SG) AppleWebKit/537.36 (KHTML, like Gecko) Chrome/116.0.0.0 Mobile Safari/537.36"
52.254.81.73 - - [26/Nov/2025:10:50:31 -0500] "GET /wp-includes/bk/ HTTP/1.1" 404 16283 "https://www.google.co.uk/" "Mozilla/5.0 (Linux; Android 12; 2201116SG) AppleWebKit/537.36 (KHTML, like Gecko) Chrome/116.0.0.0 Mobile Safari/537.36"
52.254.81.73 - - [26/Nov/2025:10:50:31 -0500] "GET /wp-includes/block-bindings/ HTTP/1.1" 403 1242 "https://www.google.fr/" "Mozilla/5.0 (iPhone; CPU iPhone OS 16_0 like Mac OS X) AppleWebKit/605.1.15 (KHTML, like Gecko) FxiOS/118.0 Mobile/15E148 Safari/605.1.15"
52.254.81.73 - - [26/Nov/2025:10:50:31 -0500] "GET /wp-includes/blocks/shortcode/index.php HTTP/1.1" 301 0 "https://www.google.co.uk/" "Mozilla/5.0 (Linux; Android 12; SM-A525F) AppleWebKit/537.36 (KHTML, like Gecko) Chrome/117.0.0.0 Mobile Safari/537.36"
52.254.81.73 - - [26/Nov/2025:10:50:32 -0500] "GET /wp-includes/blocks/shortcode/ HTTP/1.1" 403 1242 "https://www.google.co.uk/" "Mozilla/5.0 (Linux; Android 12; SM-A525F) AppleWebKit/537.36 (KHTML, like Gecko) Chrome/117.0.0.0 Mobile Safari/537.36"
52.254.81.73 - - [26/Nov/2025:10:50:32 -0500] "GET /wp-includes/certificates/ HTTP/1.1" 403 1242 "https://www.google.co.uk/" "Mozilla/5.0 (iPhone; CPU iPhone OS 15_7_9 like Mac OS X) AppleWebKit/605.1.15 (KHTML, like Gecko) Version/15.6.5 Mobile/15E148 Safari/604.1"
52.254.81.73 - - [26/Nov/2025:10:50:32 -0500] "GET /wp-includes/css/ HTTP/1.1" 403 1242 "https://www.google.de/" "Mozilla/5.0 (Linux; Android 13; M2101K6G) AppleWebKit/537.36 (KHTML, like Gecko) Chrome/116.0.0.0 Mobile Safari/537.36"
52.254.81.73 - - [26/Nov/2025:10:50:33 -0500] "GET /wp-includes/css/dist/widgets/about.php HTTP/1.1" 404 16282 "https://www.google.co.uk/" "Mozilla/5.0 (Linux; Android 14; Pixel 8 Pro) AppleWebKit/537.36 (KHTML, like Gecko) Chrome/119.0.0.0 Mobile Safari/537.36"
162.241.225.183 - - [26/Nov/2025:10:50:58 -0500] "GET /wp-login.php HTTP/1.1" 200 2276 "-" "Mozilla/4.0 (compatible; MSIE 7.0; Windows NT 6.2; Win64; x64; Trident/7.0; .NET4.0C; .NET4.0E)"
162.241.225.183 - - [26/Nov/2025:10:50:59 -0500] "POST /wp-login.php HTTP/1.1" 200 2374 "https://madeinbranded.com/wp-login.php" "Mozilla/4.0 (compatible; MSIE 7.0; Windows NT 6.2; Win64; x64; Trident/7.0; .NET4.0C; .NET4.0E)"
68.178.161.65 - - [26/Nov/2025:10:53:09 -0500] "POST /xmlrpc.php HTTP/1.1" 403 1242 "-" "Mozilla/5.0 (Windows NT 6.1; WOW64; Trident/7.0; apetito Gruppe; rv:11.0) like Gecko"
68.178.161.65 - - [26/Nov/2025:10:53:21 -0500] "POST /xmlrpc.php HTTP/1.1" 403 1242 "-" "Mozilla/5.0 (Windows NT 6.1; WOW64; Trident/7.0; apetito Gruppe; rv:11.0) like Gecko"
162.43.23.185 - - [26/Nov/2025:10:53:23 -0500] "GET /wp-login.php HTTP/1.1" 200 2276 "-" "Mozilla/4.0 (compatible; MSIE 7.0; Windows NT 6.1; Win64; x64; Trident/7.0; .NET CLR 2.0.50727; SLCC2; .NET4.0C; .NET4.0E; .NET CLR 3.5.30729; .NET CLR 3.0.30729)"
162.0.217.77 - - [26/Nov/2025:10:53:28 -0500] "POST /wp-cron.php?doing_wp_cron=1764172408.3597230911254882812500 HTTP/1.1" 200 0 "-" "WordPress/6.8.3; https://madeinbranded.com"
162.43.23.185 - - [26/Nov/2025:10:53:27 -0500] "POST /wp-login.php HTTP/1.1" 200 2374 "https://madeinbranded.com/wp-login.php" "Mozilla/4.0 (compatible; MSIE 7.0; Windows NT 6.1; Win64; x64; Trident/7.0; .NET CLR 2.0.50727; SLCC2; .NET4.0C; .NET4.0E; .NET CLR 3.5.30729; .NET CLR 3.0.30729)"
68.178.161.65 - - [26/Nov/2025:10:53:32 -0500] "POST /xmlrpc.php HTTP/1.1" 403 1242 "-" "Mozilla/5.0 (Windows NT 6.1; WOW64; Trident/7.0; apetito Gruppe; rv:11.0) like Gecko"
68.178.161.65 - - [26/Nov/2025:10:53:46 -0500] "POST /xmlrpc.php HTTP/1.1" 403 1242 "-" "Mozilla/5.0 (Windows NT 6.1; WOW64; Trident/7.0; apetito Gruppe; rv:11.0) like Gecko"
68.178.161.65 - - [26/Nov/2025:10:53:59 -0500] "POST /xmlrpc.php HTTP/1.1" 403 1242 "-" "Mozilla/5.0 (Windows NT 6.1; WOW64; Trident/7.0; apetito Gruppe; rv:11.0) like Gecko"
68.178.161.65 - - [26/Nov/2025:10:54:10 -0500] "POST /xmlrpc.php HTTP/1.1" 403 1242 "-" "Mozilla/5.0 (Windows NT 6.1; WOW64; Trident/7.0; apetito Gruppe; rv:11.0) like Gecko"
68.178.161.65 - - [26/Nov/2025:10:54:29 -0500] "POST /xmlrpc.php HTTP/1.1" 403 1242 "-" "Mozilla/5.0 (Windows NT 6.1; WOW64; Trident/7.0; apetito Gruppe; rv:11.0) like Gecko"
68.178.161.65 - - [26/Nov/2025:10:54:44 -0500] "POST /xmlrpc.php HTTP/1.1" 403 1242 "-" "Mozilla/5.0 (Windows NT 6.1; WOW64; Trident/7.0; apetito Gruppe; rv:11.0) like Gecko"
18.169.91.125 - - [26/Nov/2025:11:02:05 -0500] "GET /wp-login.php HTTP/1.1" 200 2276 "-" "Mozilla/5.0 (Windows NT 6.3; WOW64; Trident/7.0; MASBJS; rv:11.0) like Gecko"
162.0.217.77 - - [26/Nov/2025:11:02:11 -0500] "POST /wp-cron.php?doing_wp_cron=1764172931.3424139022827148437500 HTTP/1.1" 200 0 "-" "WordPress/6.8.3; https://madeinbranded.com"
18.169.91.125 - - [26/Nov/2025:11:02:08 -0500] "POST /wp-login.php HTTP/1.1" 200 2374 "https://madeinbranded.com/wp-login.php" "Mozilla/5.0 (Windows NT 6.3; WOW64; Trident/7.0; MASBJS; rv:11.0) like Gecko"
66.249.66.8 - - [26/Nov/2025:11:12:42 -0500] "GET /robots.txt HTTP/1.1" 304 0 "-" "Mozilla/5.0 (compatible; Googlebot/2.1; +http://www.google.com/bot.html)"
66.249.66.163 - - [26/Nov/2025:11:12:42 -0500] "GET /wp-content/uploads/2023/06/Fathers-Day-2023-Gifts-for-your-Sporty-DAD.jpg HTTP/1.1" 403 1242 "-" "Googlebot-Image/1.0"
162.214.80.155 - - [26/Nov/2025:11:15:09 -0500] "GET /wp-login.php HTTP/1.1" 200 2276 "-" "Mozilla/5.0 (Macintosh; Intel Mac OS X 10_13_4) AppleWebKit/537.36 (KHTML, like Gecko) Chrome/66.0.3359.181 Safari/537.36"
162.0.217.77 - - [26/Nov/2025:11:15:16 -0500] "POST /wp-cron.php?doing_wp_cron=1764173715.7786900997161865234375 HTTP/1.1" 200 0 "-" "WordPress/6.8.3; https://madeinbranded.com"
162.214.80.155 - - [26/Nov/2025:11:15:11 -0500] "POST /wp-login.php HTTP/1.1" 200 2374 "https://madeinbranded.com/wp-login.php" "Mozilla/5.0 (Macintosh; Intel Mac OS X 10_13_4) AppleWebKit/537.36 (KHTML, like Gecko) Chrome/66.0.3359.181 Safari/537.36"
2a0c:b641:30:1::22 - - [26/Nov/2025:11:16:48 -0500] "GET /wp-login.php HTTP/1.1" 200 2276 "-" "GRequests/0.10"
162.0.217.77 - - [26/Nov/2025:11:16:51 -0500] "POST /wp-cron.php?doing_wp_cron=1764173811.6469669342041015625000 HTTP/1.1" 200 0 "-" "WordPress/6.8.3; https://madeinbranded.com"
2a0c:b641:30:1::22 - - [26/Nov/2025:11:16:49 -0500] "POST /wp-login.php HTTP/1.1" 200 2374 "-" "GRequests/0.10"
92.204.210.204 - - [26/Nov/2025:11:19:07 -0500] "GET /wp-login.php HTTP/1.1" 200 2276 "-" "Mozilla/5.0 (Windows NT 6.1; rv:60.0) Gecko/20100101 Firefox/60.0"
162.0.217.77 - - [26/Nov/2025:11:19:08 -0500] "POST /wp-cron.php?doing_wp_cron=1764173948.8504259586334228515625 HTTP/1.1" 200 0 "-" "WordPress/6.8.3; https://madeinbranded.com"
92.204.210.204 - - [26/Nov/2025:11:19:07 -0500] "POST /wp-login.php HTTP/1.1" 200 2374 "https://madeinbranded.com/wp-login.php" "Mozilla/5.0 (Windows NT 6.1; rv:60.0) Gecko/20100101 Firefox/60.0"
204.246.68.66 - - [26/Nov/2025:11:36:12 -0500] "GET /wp-login.php HTTP/1.1" 200 2276 "-" "Mozilla/5.0 (Windows NT 6.1; WOW64; Trident/7.0; EIE10;ENCAWOL; rv:11.0) like Gecko"
162.0.217.77 - - [26/Nov/2025:11:36:16 -0500] "POST /wp-cron.php?doing_wp_cron=1764174975.9409680366516113281250 HTTP/1.1" 200 0 "-" "WordPress/6.8.3; https://madeinbranded.com"
204.246.68.66 - - [26/Nov/2025:11:36:13 -0500] "POST /wp-login.php HTTP/1.1" 200 2374 "https://madeinbranded.com/wp-login.php" "Mozilla/5.0 (Windows NT 6.1; WOW64; Trident/7.0; EIE10;ENCAWOL; rv:11.0) like Gecko"
41.73.206.99 - - [26/Nov/2025:11:47:32 -0500] "GET /wp-login.php HTTP/1.1" 200 2276 "-" "Mozilla/5.0 (Windows NT 6.3; WOW64; Trident/7.0; MALCJS; rv:11.0) like Gecko"
162.0.217.77 - - [26/Nov/2025:11:47:42 -0500] "POST /wp-cron.php?doing_wp_cron=1764175662.6934878826141357421875 HTTP/1.1" 200 0 "-" "WordPress/6.8.3; https://madeinbranded.com"
41.73.206.99 - - [26/Nov/2025:11:47:38 -0500] "POST /wp-login.php HTTP/1.1" 200 2374 "https://madeinbranded.com/wp-login.php" "Mozilla/5.0 (Windows NT 6.3; WOW64; Trident/7.0; MALCJS; rv:11.0) like Gecko"
103.130.11.21 - - [26/Nov/2025:11:53:01 -0500] "POST /xmlrpc.php HTTP/1.1" 403 1242 "-" "Mozilla/5.0 (X11; Ubuntu; Linux x86_64; arm64) AppleWebKit/537.36 (KHTML, like Gecko) Chrome/87.0.0.0 Safari/537.36"
162.241.224.209 - - [26/Nov/2025:12:04:13 -0500] "GET /wp-login.php HTTP/1.1" 200 2276 "-" "Mozilla/5.0 (Windows NT 6.1; WOW64; Trident/7.0; NISSC; rv:11.0) like Gecko"
162.0.217.77 - - [26/Nov/2025:12:04:17 -0500] "POST /wp-cron.php?doing_wp_cron=1764176657.5767860412597656250000 HTTP/1.1" 200 0 "-" "WordPress/6.8.3; https://madeinbranded.com"
162.241.224.209 - - [26/Nov/2025:12:04:15 -0500] "POST /wp-login.php HTTP/1.1" 200 2374 "https://madeinbranded.com/wp-login.php" "Mozilla/5.0 (Windows NT 6.1; WOW64; Trident/7.0; NISSC; rv:11.0) like Gecko"
109.168.120.125 - - [26/Nov/2025:12:09:53 -0500] "GET /wp-login.php HTTP/1.1" 200 2276 "-" "Mozilla/5.0 (Macintosh; Intel Mac OS X 10_11_6) AppleWebKit/604.5.6 (KHTML, like Gecko) Version/11.0.3 Safari/604.5.6"
162.0.217.77 - - [26/Nov/2025:12:10:02 -0500] "POST /wp-cron.php?doing_wp_cron=1764177001.9007980823516845703125 HTTP/1.1" 200 0 "-" "WordPress/6.8.3; https://madeinbranded.com"
109.168.120.125 - - [26/Nov/2025:12:09:58 -0500] "POST /wp-login.php HTTP/1.1" 200 2374 "https://madeinbranded.com/wp-login.php" "Mozilla/5.0 (Macintosh; Intel Mac OS X 10_11_6) AppleWebKit/604.5.6 (KHTML, like Gecko) Version/11.0.3 Safari/604.5.6"
133.167.69.42 - - [26/Nov/2025:12:10:59 -0500] "POST /xmlrpc.php HTTP/1.1" 403 1242 "-" "Mozilla/5.0 (Windows NT 6.1; WOW64; Trident/7.0; MASBJS; rv:11.0) like Gecko"
162.241.219.140 - - [26/Nov/2025:12:26:34 -0500] "GET /wp-login.php HTTP/1.1" 200 2276 "-" "Mozilla/5.0 (Windows NT 6.3; WOW64; Trident/7.0; MAARJS; rv:11.0) like Gecko"
162.0.217.77 - - [26/Nov/2025:12:26:41 -0500] "POST /wp-cron.php?doing_wp_cron=1764178001.5596001148223876953125 HTTP/1.1" 200 0 "-" "WordPress/6.8.3; https://madeinbranded.com"
162.241.219.140 - - [26/Nov/2025:12:26:39 -0500] "POST /wp-login.php HTTP/1.1" 200 2374 "https://madeinbranded.com/wp-login.php" "Mozilla/5.0 (Windows NT 6.3; WOW64; Trident/7.0; MAARJS; rv:11.0) like Gecko"
47.128.41.161 - - [26/Nov/2025:12:29:50 -0500] "GET /robots.txt HTTP/1.1" 304 0 "-" "Mozilla/5.0 (Linux; Android 5.0) AppleWebKit/537.36 (KHTML, like Gecko) Mobile Safari/537.36 (compatible; Bytespider; [email protected])"
92.205.169.29 - - [26/Nov/2025:12:34:23 -0500] "GET /wp-login.php HTTP/1.1" 200 2276 "-" "Mozilla/5.0 (Windows NT 10.0; Win64; x64) AppleWebKit/537.36 (KHTML, like Gecko) Chrome/64.0.3282.186 Safari/537.36 OPR/51.0.2830.55"
162.0.217.77 - - [26/Nov/2025:12:34:26 -0500] "POST /wp-cron.php?doing_wp_cron=1764178466.3313679695129394531250 HTTP/1.1" 200 0 "-" "WordPress/6.8.3; https://madeinbranded.com"
92.205.169.29 - - [26/Nov/2025:12:34:24 -0500] "POST /wp-login.php HTTP/1.1" 200 2374 "https://madeinbranded.com/wp-login.php" "Mozilla/5.0 (Windows NT 10.0; Win64; x64) AppleWebKit/537.36 (KHTML, like Gecko) Chrome/64.0.3282.186 Safari/537.36 OPR/51.0.2830.55"
162.0.217.77 - - [26/Nov/2025:12:44:17 -0500] "POST /wp-cron.php?doing_wp_cron=1764179057.6463499069213867187500 HTTP/1.1" 200 0 "-" "WordPress/6.8.3; https://madeinbranded.com"
91.206.169.102 - - [26/Nov/2025:12:44:15 -0500] "GET /postnews.php HTTP/1.1" 404 16283 "http://madeinbranded.com/postnews.php" "Go-http-client/2.0"
162.0.217.77 - - [26/Nov/2025:12:44:18 -0500] "POST /wp-cron.php?doing_wp_cron=1764179058.1186420917510986328125 HTTP/1.1" 200 0 "-" "WordPress/6.8.3; https://madeinbranded.com"
91.206.169.102 - - [26/Nov/2025:12:44:18 -0500] "GET /wp-content/postnews.php HTTP/1.1" 404 16283 "http://madeinbranded.com/wp-content/postnews.php" "Go-http-client/2.0"
91.206.169.102 - - [26/Nov/2025:12:44:18 -0500] "GET /wp-admin/postnews.php HTTP/1.1" 404 16283 "http://madeinbranded.com/wp-admin/postnews.php" "Go-http-client/2.0"
162.0.217.77 - - [26/Nov/2025:12:58:45 -0500] "POST /wp-cron.php?doing_wp_cron=1764179925.0692279338836669921875 HTTP/1.1" 200 0 "-" "WordPress/6.8.3; https://madeinbranded.com"
84.233.216.173 - - [26/Nov/2025:12:58:42 -0500] "GET /vendor/phpunit/phpunit/phpunit.xsd HTTP/1.1" 404 16282 "-" "Mozilla/5.0 (X11; Linux x86_64; rv:52.0) Gecko/20100101 Firefox/52.0"
104.223.45.229 - - [26/Nov/2025:12:59:03 -0500] "POST /xmlrpc.php HTTP/1.1" 403 1242 "-" "Mozilla/5.0 (Windows NT 6.1; WOW64; Trident/7.0; FSJB; rv:11.0) like Gecko"
104.223.45.229 - - [26/Nov/2025:12:59:39 -0500] "POST /xmlrpc.php HTTP/1.1" 403 1242 "-" "Mozilla/5.0 (Windows NT 6.1; WOW64; Trident/7.0; FSJB; rv:11.0) like Gecko"
104.223.45.229 - - [26/Nov/2025:12:59:50 -0500] "POST /xmlrpc.php HTTP/1.1" 403 1242 "-" "Mozilla/5.0 (Windows NT 6.1; WOW64; Trident/7.0; FSJB; rv:11.0) like Gecko"
104.223.45.229 - - [26/Nov/2025:12:59:58 -0500] "POST /xmlrpc.php HTTP/1.1" 403 1242 "-" "Mozilla/5.0 (Windows NT 6.1; WOW64; Trident/7.0; FSJB; rv:11.0) like Gecko"
104.223.45.229 - - [26/Nov/2025:13:00:03 -0500] "POST /xmlrpc.php HTTP/1.1" 403 1242 "-" "Mozilla/5.0 (Windows NT 6.1; WOW64; Trident/7.0; FSJB; rv:11.0) like Gecko"
45.149.207.158 - - [26/Nov/2025:13:14:17 -0500] "POST /xmlrpc.php HTTP/1.1" 403 1242 "-" "Mozilla/4.0 (compatible; MSIE 8.0; Windows NT 6.2; WOW64; Trident/7.0; .NET4.0C; .NET4.0E; .NET CLR 2.0.50727; .NET CLR 3.0.30729; .NET CLR 3.5.30729)"
104.234.53.188 - - [26/Nov/2025:13:17:33 -0500] "GET /.env HTTP/1.1" 403 1242 "-" "Mozilla/5.0 (Macintosh; Intel Mac OS X 10.15; rv:77.0) Gecko/20100101 Firefox/77.0"
104.234.53.190 - - [26/Nov/2025:13:17:33 -0500] "GET /wp-content/ HTTP/1.1" 200 0 "-" "Mozilla/5.0 (Macintosh; Intel Mac OS X 10.15; rv:77.0) Gecko/20100101 Firefox/77.0"
45.149.173.235 - - [26/Nov/2025:13:21:52 -0500] "GET / HTTP/1.1" 200 22252 "-" "Mozilla/5.0 (Windows NT 10.0; Win64; x64) AppleWebKit/537.36 (KHTML, like Gecko) Chrome/78.0.3904.108 Safari/537.36"
162.0.217.77 - - [26/Nov/2025:13:21:56 -0500] "POST /wp-cron.php?doing_wp_cron=1764181315.9552989006042480468750 HTTP/1.1" 200 0 "-" "WordPress/6.8.3; https://madeinbranded.com"
45.149.173.235 - - [26/Nov/2025:13:21:52 -0500] "GET //wp-includes/wlwmanifest.xml HTTP/1.1" 301 0 "-" "Mozilla/5.0 (Windows NT 10.0; Win64; x64) AppleWebKit/537.36 (KHTML, like Gecko) Chrome/78.0.3904.108 Safari/537.36"
45.149.173.235 - - [26/Nov/2025:13:21:57 -0500] "GET / HTTP/1.1" 200 22252 "-" "Mozilla/5.0 (Windows NT 10.0; Win64; x64) AppleWebKit/537.36 (KHTML, like Gecko) Chrome/78.0.3904.108 Safari/537.36"
45.149.173.235 - - [26/Nov/2025:13:21:57 -0500] "GET //?author=1 HTTP/1.1" 403 1242 "-" "Mozilla/5.0 (Windows NT 10.0; Win64; x64) AppleWebKit/537.36 (KHTML, like Gecko) Chrome/78.0.3904.108 Safari/537.36"
45.149.173.235 - - [26/Nov/2025:13:21:58 -0500] "GET //?author=2 HTTP/1.1" 403 1242 "-" "Mozilla/5.0 (Windows NT 10.0; Win64; x64) AppleWebKit/537.36 (KHTML, like Gecko) Chrome/78.0.3904.108 Safari/537.36"
45.149.173.235 - - [26/Nov/2025:13:21:58 -0500] "GET //wp-json/wp/v2/users/ HTTP/1.1" 200 1507 "-" "Mozilla/5.0 (Windows NT 10.0; Win64; x64) AppleWebKit/537.36 (KHTML, like Gecko) Chrome/78.0.3904.108 Safari/537.36"
91.92.243.249 - - [26/Nov/2025:13:22:03 -0500] "POST /wp-login.php HTTP/1.1" 200 2352 "-" "Mozilla/5.0"
91.92.243.249 - - [26/Nov/2025:13:22:03 -0500] "POST /wp-login.php HTTP/1.1" 200 2352 "-" "Mozilla/5.0"
162.0.217.77 - - [26/Nov/2025:13:31:54 -0500] "POST /wp-cron.php?doing_wp_cron=1764181913.9540560245513916015625 HTTP/1.1" 200 0 "-" "WordPress/6.8.3; https://madeinbranded.com"
172.190.142.176 - - [26/Nov/2025:13:31:49 -0500] "GET /wp-content/plugins/hellopress/wp_filemanager.php HTTP/1.1" 404 16283 "-" "-"
172.190.142.176 - - [26/Nov/2025:13:31:56 -0500] "GET /shoha.php HTTP/1.1" 404 16283 "-" "-"
172.190.142.176 - - [26/Nov/2025:13:31:57 -0500] "GET /bkxzo.php HTTP/1.1" 404 16283 "-" "-"
172.190.142.176 - - [26/Nov/2025:13:31:58 -0500] "GET /ioxi-o2.php HTTP/1.1" 404 16283 "-" "-"
172.190.142.176 - - [26/Nov/2025:13:31:58 -0500] "GET /777.php HTTP/1.1" 404 16283 "-" "-"
172.190.142.176 - - [26/Nov/2025:13:31:59 -0500] "GET /404.php HTTP/1.1" 404 16283 "-" "-"
172.190.142.176 - - [26/Nov/2025:13:32:01 -0500] "GET /raw.php HTTP/1.1" 404 16283 "-" "-"
172.190.142.176 - - [26/Nov/2025:13:32:01 -0500] "GET /m.php HTTP/1.1" 404 16282 "-" "-"
172.190.142.176 - - [26/Nov/2025:13:32:02 -0500] "GET /bolt.php HTTP/1.1" 404 16282 "-" "-"
172.190.142.176 - - [26/Nov/2025:13:32:03 -0500] "GET /efile.php HTTP/1.1" 404 16282 "-" "-"
172.190.142.176 - - [26/Nov/2025:13:32:06 -0500] "GET /db.php HTTP/1.1" 404 16282 "-" "-"
172.190.142.176 - - [26/Nov/2025:13:32:07 -0500] "GET /222.php HTTP/1.1" 404 16282 "-" "-"
172.190.142.176 - - [26/Nov/2025:13:32:08 -0500] "GET /ton.php HTTP/1.1" 404 16282 "-" "-"
172.190.142.176 - - [26/Nov/2025:13:32:09 -0500] "GET /wp.php HTTP/1.1" 404 16282 "-" "-"
172.190.142.176 - - [26/Nov/2025:13:32:10 -0500] "GET /sto.php HTTP/1.1" 404 16283 "-" "-"
172.190.142.176 - - [26/Nov/2025:13:32:13 -0500] "GET /n3.php HTTP/1.1" 404 16283 "-" "-"
172.190.142.176 - - [26/Nov/2025:13:32:14 -0500] "GET /luxe.php HTTP/1.1" 404 16283 "-" "-"
172.190.142.176 - - [26/Nov/2025:13:32:15 -0500] "GET /mans.php HTTP/1.1" 404 16283 "-" "-"
172.190.142.176 - - [26/Nov/2025:13:32:16 -0500] "GET /an.php HTTP/1.1" 404 16283 "-" "-"
172.190.142.176 - - [26/Nov/2025:13:32:17 -0500] "GET /bless5.php HTTP/1.1" 404 16283 "-" "-"
162.0.217.77 - - [26/Nov/2025:13:32:18 -0500] "POST /wp-cron.php?doing_wp_cron=1764181938.6742649078369140625000 HTTP/1.1" 200 0 "-" "WordPress/6.8.3; https://madeinbranded.com"
172.190.142.176 - - [26/Nov/2025:13:32:18 -0500] "GET /403.php HTTP/1.1" 404 16283 "-" "-"
172.190.142.176 - - [26/Nov/2025:13:32:19 -0500] "GET /1.php HTTP/1.1" 404 16283 "-" "-"
172.190.142.176 - - [26/Nov/2025:13:32:19 -0500] "GET /abc.php HTTP/1.1" 404 16282 "-" "-"
172.190.142.176 - - [26/Nov/2025:13:32:20 -0500] "GET /o.php HTTP/1.1" 404 16282 "-" "-"
172.190.142.176 - - [26/Nov/2025:13:32:21 -0500] "GET /classwithtostring.php HTTP/1.1" 404 16283 "-" "-"
162.0.217.77 - - [26/Nov/2025:13:32:22 -0500] "POST /wp-cron.php?doing_wp_cron=1764181942.3763949871063232421875 HTTP/1.1" 200 0 "-" "WordPress/6.8.3; https://madeinbranded.com"
172.190.142.176 - - [26/Nov/2025:13:32:22 -0500] "GET /system.php HTTP/1.1" 404 16282 "-" "-"
172.190.142.176 - - [26/Nov/2025:13:32:22 -0500] "GET /ahax.php HTTP/1.1" 404 16282 "-" "-"
172.190.142.176 - - [26/Nov/2025:13:32:23 -0500] "GET /chosen.php HTTP/1.1" 404 16282 "-" "-"
162.0.217.77 - - [26/Nov/2025:13:32:24 -0500] "POST /wp-cron.php?doing_wp_cron=1764181944.2446179389953613281250 HTTP/1.1" 200 0 "-" "WordPress/6.8.3; https://madeinbranded.com"
172.190.142.176 - - [26/Nov/2025:13:32:24 -0500] "GET /inputs.php HTTP/1.1" 404 16282 "-" "-"
172.190.142.176 - - [26/Nov/2025:13:32:24 -0500] "GET /shell.php HTTP/1.1" 404 16282 "-" "-"
172.190.142.176 - - [26/Nov/2025:13:32:25 -0500] "GET /ze.php HTTP/1.1" 404 16282 "-" "-"
172.190.142.176 - - [26/Nov/2025:13:32:25 -0500] "GET /wsd.php HTTP/1.1" 404 16282 "-" "-"
172.190.142.176 - - [26/Nov/2025:13:32:27 -0500] "GET /file32.php HTTP/1.1" 404 16282 "-" "-"
172.190.142.176 - - [26/Nov/2025:13:32:28 -0500] "GET /wp-is.php HTTP/1.1" 404 16282 "-" "-"
172.190.142.176 - - [26/Nov/2025:13:32:29 -0500] "GET /p.php HTTP/1.1" 404 16282 "-" "-"
172.190.142.176 - - [26/Nov/2025:13:32:30 -0500] "GET /gmo.php HTTP/1.1" 404 16282 "-" "-"
172.190.142.176 - - [26/Nov/2025:13:32:32 -0500] "GET /class19.php HTTP/1.1" 404 16282 "-" "-"
172.190.142.176 - - [26/Nov/2025:13:32:32 -0500] "GET /wp-configs.php HTTP/1.1" 404 16282 "-" "-"
172.190.142.176 - - [26/Nov/2025:13:32:34 -0500] "GET /file.php HTTP/1.1" 404 16282 "-" "-"
172.190.142.176 - - [26/Nov/2025:13:32:34 -0500] "GET /asas.php HTTP/1.1" 404 16282 "-" "-"
172.190.142.176 - - [26/Nov/2025:13:32:35 -0500] "GET /a.php HTTP/1.1" 404 16282 "-" "-"
172.190.142.176 - - [26/Nov/2025:13:32:36 -0500] "GET /bless.php HTTP/1.1" 404 16282 "-" "-"
172.190.142.176 - - [26/Nov/2025:13:32:36 -0500] "GET /file15.php HTTP/1.1" 404 16282 "-" "-"
172.190.142.176 - - [26/Nov/2025:13:32:37 -0500] "GET /an7.php HTTP/1.1" 404 16282 "-" "-"
172.190.142.176 - - [26/Nov/2025:13:32:38 -0500] "GET /333.php HTTP/1.1" 404 16282 "-" "-"
172.190.142.176 - - [26/Nov/2025:13:32:38 -0500] "GET /n.php HTTP/1.1" 404 16282 "-" "-"
172.190.142.176 - - [26/Nov/2025:13:32:39 -0500] "GET /mds.php HTTP/1.1" 404 16282 "-" "-"
172.190.142.176 - - [26/Nov/2025:13:32:40 -0500] "GET /admir.php HTTP/1.1" 404 16283 "-" "-"
172.190.142.176 - - [26/Nov/2025:13:32:41 -0500] "GET /wp-admin/maint/wp-is.php HTTP/1.1" 404 16283 "-" "-"
172.190.142.176 - - [26/Nov/2025:13:32:42 -0500] "GET /moon.php HTTP/1.1" 404 16282 "-" "-"
172.190.142.176 - - [26/Nov/2025:13:32:42 -0500] "GET /wp-admin/admin-post.php HTTP/1.1" 200 0 "-" "-"
172.190.142.176 - - [26/Nov/2025:13:32:43 -0500] "GET /wp-content/themes/admin.php HTTP/1.1" 404 16282 "-" "-"
172.190.142.176 - - [26/Nov/2025:13:32:44 -0500] "GET /wp-admin/includes/xmrlpc.php HTTP/1.1" 403 1242 "-" "-"
172.190.142.176 - - [26/Nov/2025:13:32:44 -0500] "GET /alfa.php HTTP/1.1" 404 16282 "-" "-"
172.190.142.176 - - [26/Nov/2025:13:32:46 -0500] "GET /cong.php HTTP/1.1" 404 16282 "-" "-"
172.190.142.176 - - [26/Nov/2025:13:32:56 -0500] "GET /123.php HTTP/1.1" 404 16282 "-" "-"
172.190.142.176 - - [26/Nov/2025:13:32:57 -0500] "GET /lock360.php HTTP/1.1" 404 16282 "-" "-"
172.190.142.176 - - [26/Nov/2025:13:32:58 -0500] "GET /wp-admin/css/colour.php HTTP/1.1" 404 16282 "-" "-"
172.190.142.176 - - [26/Nov/2025:13:32:59 -0500] "GET /NewFile.php HTTP/1.1" 404 16282 "-" "-"
172.190.142.176 - - [26/Nov/2025:13:33:00 -0500] "GET /wp-x7.php HTTP/1.1" 404 16283 "-" "-"
172.190.142.176 - - [26/Nov/2025:13:33:01 -0500] "GET /v3.php HTTP/1.1" 404 16283 "-" "-"
172.190.142.176 - - [26/Nov/2025:13:33:01 -0500] "GET /wp-includes/sodium_compat/index.php HTTP/1.1" 301 0 "-" "-"
172.190.142.176 - - [26/Nov/2025:13:33:02 -0500] "GET /wp-includes/sodium_compat/ HTTP/1.1" 403 1242 "-" "-"
172.190.142.176 - - [26/Nov/2025:13:33:02 -0500] "GET /555.php HTTP/1.1" 404 16282 "-" "-"
172.190.142.176 - - [26/Nov/2025:13:33:02 -0500] "GET /menu.phphttps://robertatimothy.com/wp-content/packed.php HTTP/1.1" 301 0 "-" "-"
172.190.142.176 - - [26/Nov/2025:13:33:03 -0500] "GET /menu.phphttps:/robertatimothy.com/wp-content/packed.php HTTP/1.1" 404 16282 "-" "-"
172.190.142.176 - - [26/Nov/2025:13:33:03 -0500] "GET /AxAo.php HTTP/1.1" 404 16282 "-" "-"
172.190.142.176 - - [26/Nov/2025:13:33:04 -0500] "GET /wp-content/themes/sketch/404.php HTTP/1.1" 404 16282 "-" "-"
172.190.142.176 - - [26/Nov/2025:13:33:05 -0500] "GET /nc.php HTTP/1.1" 404 16282 "-" "-"
172.190.142.176 - - [26/Nov/2025:13:33:06 -0500] "GET /file1.php HTTP/1.1" 404 16282 "-" "-"
172.190.142.176 - - [26/Nov/2025:13:33:07 -0500] "GET /hook.php HTTP/1.1" 404 16282 "-" "-"
172.190.142.176 - - [26/Nov/2025:13:33:08 -0500] "GET /wp-includes/style-engine/index.php HTTP/1.1" 301 0 "-" "-"
172.190.142.176 - - [26/Nov/2025:13:33:08 -0500] "GET /wp-includes/style-engine/ HTTP/1.1" 403 1242 "-" "-"
172.190.142.176 - - [26/Nov/2025:13:33:08 -0500] "GET /file4.php HTTP/1.1" 404 16282 "-" "-"
172.190.142.176 - - [26/Nov/2025:13:33:09 -0500] "GET /ffile.php HTTP/1.1" 404 16282 "-" "-"
172.190.142.176 - - [26/Nov/2025:13:33:10 -0500] "GET /wp1.php HTTP/1.1" 404 16283 "-" "-"
172.190.142.176 - - [26/Nov/2025:13:33:11 -0500] "GET /aa.php HTTP/1.1" 404 16283 "-" "-"
172.190.142.176 - - [26/Nov/2025:13:33:12 -0500] "GET /666.php HTTP/1.1" 404 16283 "-" "-"
172.190.142.176 - - [26/Nov/2025:13:33:13 -0500] "GET /wb.php HTTP/1.1" 404 16283 "-" "-"
172.190.142.176 - - [26/Nov/2025:13:33:14 -0500] "GET /fs.php HTTP/1.1" 404 16283 "-" "-"
172.190.142.176 - - [26/Nov/2025:13:33:15 -0500] "GET /0x.php HTTP/1.1" 404 16283 "-" "-"
