165.73.85.124 - - [26/Nov/2025:21:04:19 -0500] "POST /xmlrpc.php HTTP/1.1" 403 1242 "-" "Mozilla/5.0 (Windows NT 10.0; WOW64) AppleWebKit/537.36 (KHTML, like Gecko) Chrome/63.0.3239.132 Safari/537.36 OPR/50.0.2762.67"
165.73.85.124 - - [26/Nov/2025:21:04:35 -0500] "POST /xmlrpc.php HTTP/1.1" 403 1242 "-" "Mozilla/5.0 (Windows NT 10.0; WOW64) AppleWebKit/537.36 (KHTML, like Gecko) Chrome/63.0.3239.132 Safari/537.36 OPR/50.0.2762.67"
27.147.191.110 - - [26/Nov/2025:21:04:16 -0500] "POST /wp-login.php HTTP/1.1" 200 0 "-" "Mozilla/5.0"
162.0.217.77 - - [26/Nov/2025:21:11:24 -0500] "POST /wp-cron.php?doing_wp_cron=1764209483.9824090003967285156250 HTTP/1.1" 200 0 "-" "WordPress/6.8.3; https://madeinbranded.com"
124.198.132.195 - - [26/Nov/2025:21:11:21 -0500] "POST / HTTP/1.1" 200 22175 "-" "Mozilla/5.0 (Windows NT 10.0; Win64; x64; rv:58.0) Gecko/20100101 Firefox/58.0"
103.2.226.132 - - [26/Nov/2025:21:13:19 -0500] "GET /wp-login.php HTTP/1.1" 200 2276 "-" "Mozilla/5.0 (Windows NT 6.1; WOW64; Trident/7.0; BOIE9;ENUS; rv:11.0) like Gecko"
162.0.217.77 - - [26/Nov/2025:21:13:20 -0500] "POST /wp-cron.php?doing_wp_cron=1764209600.8255829811096191406250 HTTP/1.1" 200 0 "-" "WordPress/6.8.3; https://madeinbranded.com"
103.2.226.132 - - [26/Nov/2025:21:13:19 -0500] "POST /wp-login.php HTTP/1.1" 200 2374 "https://madeinbranded.com/wp-login.php" "Mozilla/5.0 (Windows NT 6.1; WOW64; Trident/7.0; BOIE9;ENUS; rv:11.0) like Gecko"
27.147.191.110 - - [26/Nov/2025:21:15:32 -0500] "POST /wp-login.php HTTP/1.1" 200 0 "-" "Mozilla/5.0"
95.111.229.21 - - [26/Nov/2025:21:16:00 -0500] "POST /xmlrpc.php HTTP/1.1" 403 1242 "-" "Mozilla/5.0 (Windows NT 6.2; Win64; x64) AppleWebKit/537.36 (KHTML, like Gecko) Chrome/66.0.3359.117 Safari/537.36"
95.111.229.21 - - [26/Nov/2025:21:16:01 -0500] "POST /xmlrpc.php HTTP/1.1" 403 1242 "-" "Mozilla/5.0 (Windows NT 6.2; Win64; x64) AppleWebKit/537.36 (KHTML, like Gecko) Chrome/66.0.3359.117 Safari/537.36"
95.111.229.21 - - [26/Nov/2025:21:16:01 -0500] "POST /xmlrpc.php HTTP/1.1" 403 1242 "-" "Mozilla/5.0 (Windows NT 6.2; Win64; x64) AppleWebKit/537.36 (KHTML, like Gecko) Chrome/66.0.3359.117 Safari/537.36"
95.111.229.21 - - [26/Nov/2025:21:16:02 -0500] "POST /xmlrpc.php HTTP/1.1" 403 1242 "-" "Mozilla/5.0 (Windows NT 6.2; Win64; x64) AppleWebKit/537.36 (KHTML, like Gecko) Chrome/66.0.3359.117 Safari/537.36"
95.111.229.21 - - [26/Nov/2025:21:16:02 -0500] "POST /xmlrpc.php HTTP/1.1" 403 1242 "-" "Mozilla/5.0 (Windows NT 6.2; Win64; x64) AppleWebKit/537.36 (KHTML, like Gecko) Chrome/66.0.3359.117 Safari/537.36"
95.111.229.21 - - [26/Nov/2025:21:16:02 -0500] "POST /xmlrpc.php HTTP/1.1" 403 1242 "-" "Mozilla/5.0 (Windows NT 6.2; Win64; x64) AppleWebKit/537.36 (KHTML, like Gecko) Chrome/66.0.3359.117 Safari/537.36"
27.147.191.110 - - [26/Nov/2025:21:26:12 -0500] "POST /wp-login.php HTTP/1.1" 200 0 "-" "Mozilla/5.0"
27.254.134.98 - - [26/Nov/2025:21:29:48 -0500] "GET /wp-login.php HTTP/1.1" 200 2276 "-" "Mozilla/4.0 (compatible; MSIE 7.0; Windows NT 10.0; WOW64; Trident/7.0; .NET4.0C; .NET4.0E)"
162.0.217.77 - - [26/Nov/2025:21:29:54 -0500] "POST /wp-cron.php?doing_wp_cron=1764210594.4073750972747802734375 HTTP/1.1" 200 0 "-" "WordPress/6.8.3; https://madeinbranded.com"
27.254.134.98 - - [26/Nov/2025:21:29:51 -0500] "POST /wp-login.php HTTP/1.1" 200 2374 "https://madeinbranded.com/wp-login.php" "Mozilla/4.0 (compatible; MSIE 7.0; Windows NT 10.0; WOW64; Trident/7.0; .NET4.0C; .NET4.0E)"
162.241.224.128 - - [26/Nov/2025:21:32:55 -0500] "POST /xmlrpc.php HTTP/1.1" 403 1242 "-" "Mozilla/5.0 (Windows NT 6.3; Win64; x64; Trident/7.0; Touch; ASU2JS; rv:11.0) like Gecko"
162.241.224.128 - - [26/Nov/2025:21:33:06 -0500] "POST /xmlrpc.php HTTP/1.1" 403 1242 "-" "Mozilla/5.0 (Windows NT 6.3; Win64; x64; Trident/7.0; Touch; ASU2JS; rv:11.0) like Gecko"
162.241.224.128 - - [26/Nov/2025:21:33:16 -0500] "POST /xmlrpc.php HTTP/1.1" 403 1242 "-" "Mozilla/5.0 (Windows NT 6.3; Win64; x64; Trident/7.0; Touch; ASU2JS; rv:11.0) like Gecko"
162.241.224.128 - - [26/Nov/2025:21:33:26 -0500] "POST /xmlrpc.php HTTP/1.1" 403 1242 "-" "Mozilla/5.0 (Windows NT 6.3; Win64; x64; Trident/7.0; Touch; ASU2JS; rv:11.0) like Gecko"
162.241.224.128 - - [26/Nov/2025:21:33:35 -0500] "POST /xmlrpc.php HTTP/1.1" 403 1242 "-" "Mozilla/5.0 (Windows NT 6.3; Win64; x64; Trident/7.0; Touch; ASU2JS; rv:11.0) like Gecko"
162.241.224.128 - - [26/Nov/2025:21:33:45 -0500] "POST /xmlrpc.php HTTP/1.1" 403 1242 "-" "Mozilla/5.0 (Windows NT 6.3; Win64; x64; Trident/7.0; Touch; ASU2JS; rv:11.0) like Gecko"
162.0.217.77 - - [26/Nov/2025:21:36:49 -0500] "POST /wp-cron.php?doing_wp_cron=1764211009.5033769607543945312500 HTTP/1.1" 200 0 "-" "WordPress/6.8.3; https://madeinbranded.com"
51.77.95.18 - - [26/Nov/2025:21:36:46 -0500] "GET /images/images/cache.php HTTP/1.1" 404 16287 "-" "Mozilla/5.0 (Windows NT 10.0; Win64; x64) AppleWebKit/537.36 (KHTML, like Gecko) Chrome/127.0.0.0 Safari/537.36"
51.77.95.18 - - [26/Nov/2025:21:36:52 -0500] "GET /assets/images/accesson.php HTTP/1.1" 404 16287 "-" "Mozilla/5.0 (Windows NT 10.0; Win64; x64) AppleWebKit/537.36 (KHTML, like Gecko) Chrome/127.0.0.0 Safari/537.36"
27.147.191.110 - - [26/Nov/2025:21:37:41 -0500] "POST /wp-login.php HTTP/1.1" 200 0 "-" "Mozilla/5.0"
104.223.45.229 - - [26/Nov/2025:21:46:50 -0500] "GET /wp-login.php HTTP/1.1" 200 2276 "-" "Mozilla/5.0 (Windows NT 10.0; WOW64; Trident/7.0; Touch; MALNJS; rv:11.0) like Gecko"
162.0.217.77 - - [26/Nov/2025:21:46:55 -0500] "POST /wp-cron.php?doing_wp_cron=1764211614.9949030876159667968750 HTTP/1.1" 200 0 "-" "WordPress/6.8.3; https://madeinbranded.com"
104.223.45.229 - - [26/Nov/2025:21:46:53 -0500] "POST /wp-login.php HTTP/1.1" 200 2374 "https://madeinbranded.com/wp-login.php" "Mozilla/5.0 (Windows NT 10.0; WOW64; Trident/7.0; Touch; MALNJS; rv:11.0) like Gecko"
27.147.191.110 - - [26/Nov/2025:21:48:43 -0500] "POST /wp-login.php HTTP/1.1" 200 0 "-" "Mozilla/5.0"
162.0.217.77 - - [26/Nov/2025:21:52:57 -0500] "POST /wp-cron.php?doing_wp_cron=1764211977.6517961025238037109375 HTTP/1.1" 200 0 "-" "WordPress/6.8.3; https://madeinbranded.com"
221.229.106.25 - - [26/Nov/2025:21:52:55 -0500] "GET / HTTP/1.1" 301 0 "http://www.madeinbranded.com" "Mozilla/5.0 (iPhone; CPU iPhone OS 13_2_3 like Mac OS X) AppleWebKit/605.1.15 (KHTML, like Gecko) Version/13.0.3 Mobile/15E148 Safari/604.1"
221.229.106.25 - - [26/Nov/2025:21:53:01 -0500] "GET / HTTP/1.1" 200 22252 "https://www.madeinbranded.com/" "Mozilla/5.0 (iPhone; CPU iPhone OS 13_2_3 like Mac OS X) AppleWebKit/605.1.15 (KHTML, like Gecko) Version/13.0.3 Mobile/15E148 Safari/604.1"
178.63.40.42 - - [26/Nov/2025:21:57:19 -0500] "GET /wp-login.php HTTP/1.1" 200 2276 "-" "Mozilla/5.0 (IE 11.0; Windows NT 6.3; Trident/7.0; .NET4.0E; .NET4.0C; rv:11.0) like Gecko"
162.0.217.77 - - [26/Nov/2025:21:57:24 -0500] "POST /wp-cron.php?doing_wp_cron=1764212244.2504389286041259765625 HTTP/1.1" 200 0 "-" "WordPress/6.8.3; https://madeinbranded.com"
178.63.40.42 - - [26/Nov/2025:21:57:23 -0500] "POST /wp-login.php HTTP/1.1" 200 2374 "https://madeinbranded.com/wp-login.php" "Mozilla/5.0 (IE 11.0; Windows NT 6.3; Trident/7.0; .NET4.0E; .NET4.0C; rv:11.0) like Gecko"
27.147.191.110 - - [26/Nov/2025:22:00:11 -0500] "POST /wp-login.php HTTP/1.1" 200 0 "-" "Mozilla/5.0"
163.61.112.5 - - [26/Nov/2025:22:02:31 -0500] "GET /wp-login.php HTTP/1.1" 200 2276 "-" "Mozilla/5.0 (Windows NT 6.2; WOW64; Trident/7.0; rv:11.0) like Gecko"
162.0.217.77 - - [26/Nov/2025:22:02:37 -0500] "POST /wp-cron.php?doing_wp_cron=1764212557.3510990142822265625000 HTTP/1.1" 200 0 "-" "WordPress/6.8.3; https://madeinbranded.com"
163.61.112.5 - - [26/Nov/2025:22:02:36 -0500] "POST /wp-login.php HTTP/1.1" 200 2374 "https://madeinbranded.com/wp-login.php" "Mozilla/5.0 (Windows NT 6.2; WOW64; Trident/7.0; rv:11.0) like Gecko"
162.0.217.77 - - [26/Nov/2025:22:08:01 -0500] "POST /wp-cron.php?doing_wp_cron=1764212881.6140520572662353515625 HTTP/1.1" 200 0 "-" "WordPress/6.8.3; https://madeinbranded.com"
162.0.217.77 - - [26/Nov/2025:22:08:01 -0500] "POST /wp-cron.php?doing_wp_cron=1764212881.6144590377807617187500 HTTP/1.1" 200 0 "-" "WordPress/6.8.3; https://madeinbranded.com"
91.92.243.249 - - [26/Nov/2025:22:08:00 -0500] "POST /wp-login.php HTTP/1.1" 200 2361 "-" "Mozilla/5.0"
91.92.243.249 - - [26/Nov/2025:22:08:00 -0500] "POST /wp-login.php HTTP/1.1" 200 2361 "-" "Mozilla/5.0"
27.147.191.110 - - [26/Nov/2025:22:11:35 -0500] "POST /wp-login.php HTTP/1.1" 200 0 "-" "Mozilla/5.0"
45.132.49.182 - - [26/Nov/2025:22:14:41 -0500] "GET / HTTP/1.1" 200 22252 "https://madeinbranded.com/" "Mozilla/5.0 (Windows NT 10.0; Win64; x64) AppleWebKit/537.36 (KHTML, like Gecko) Chrome/131.0.0.0 Safari/537.36 Avast/131.0.0.0"
45.132.49.182 - - [26/Nov/2025:22:14:41 -0500] "GET /contact-us/ HTTP/1.1" 200 17579 "https://madeinbranded.com/contact-us/" "Mozilla/5.0 (Windows NT 10.0; Win64; x64) AppleWebKit/537.36 (KHTML, like Gecko) Chrome/131.0.0.0 Safari/537.36 Avast/131.0.0.0"
27.147.191.110 - - [26/Nov/2025:22:22:56 -0500] "POST /wp-login.php HTTP/1.1" 200 0 "-" "Mozilla/5.0"
103.90.230.18 - - [26/Nov/2025:22:24:31 -0500] "GET /wp-login.php HTTP/1.1" 200 2276 "-" "GRequests/0.10"
162.0.217.77 - - [26/Nov/2025:22:24:36 -0500] "POST /wp-cron.php?doing_wp_cron=1764213876.4773530960083007812500 HTTP/1.1" 200 0 "-" "WordPress/6.8.3; https://madeinbranded.com"
103.90.230.18 - - [26/Nov/2025:22:24:32 -0500] "POST /wp-login.php HTTP/1.1" 200 2374 "-" "GRequests/0.10"
208.109.34.85 - - [26/Nov/2025:22:25:43 -0500] "GET /wp-login.php HTTP/1.1" 200 2276 "-" "Mozilla/5.0 (Windows NT 6.3; ARM; Trident/7.0; Touch; rv:11.0) like Gecko"
162.0.217.77 - - [26/Nov/2025:22:25:44 -0500] "POST /wp-cron.php?doing_wp_cron=1764213944.3003530502319335937500 HTTP/1.1" 200 0 "-" "WordPress/6.8.3; https://madeinbranded.com"
208.109.34.85 - - [26/Nov/2025:22:25:44 -0500] "POST /wp-login.php HTTP/1.1" 200 2374 "https://madeinbranded.com/wp-login.php" "Mozilla/5.0 (Windows NT 6.3; ARM; Trident/7.0; Touch; rv:11.0) like Gecko"
173.201.181.20 - - [26/Nov/2025:22:29:49 -0500] "POST /xmlrpc.php HTTP/1.1" 403 1242 "-" "Mozilla/5.0 (Windows NT 10.0; WOW64; Trident/7.0; Touch; rv:11.0) like Gecko"
173.201.181.20 - - [26/Nov/2025:22:29:58 -0500] "POST /xmlrpc.php HTTP/1.1" 403 1242 "-" "Mozilla/5.0 (Windows NT 10.0; WOW64; Trident/7.0; Touch; rv:11.0) like Gecko"
173.201.181.20 - - [26/Nov/2025:22:30:09 -0500] "POST /xmlrpc.php HTTP/1.1" 403 1242 "-" "Mozilla/5.0 (Windows NT 10.0; WOW64; Trident/7.0; Touch; rv:11.0) like Gecko"
173.201.181.20 - - [26/Nov/2025:22:30:16 -0500] "POST /xmlrpc.php HTTP/1.1" 403 1242 "-" "Mozilla/5.0 (Windows NT 10.0; WOW64; Trident/7.0; Touch; rv:11.0) like Gecko"
173.201.181.20 - - [26/Nov/2025:22:30:23 -0500] "POST /xmlrpc.php HTTP/1.1" 403 1242 "-" "Mozilla/5.0 (Windows NT 10.0; WOW64; Trident/7.0; Touch; rv:11.0) like Gecko"
173.201.181.20 - - [26/Nov/2025:22:30:28 -0500] "POST /xmlrpc.php HTTP/1.1" 403 1242 "-" "Mozilla/5.0 (Windows NT 10.0; WOW64; Trident/7.0; Touch; rv:11.0) like Gecko"
103.124.95.251 - - [26/Nov/2025:22:34:00 -0500] "GET /wp-login.php HTTP/1.1" 200 2276 "-" "Mozilla/5.0 (Windows NT 6.1; WOW64) AppleWebKit/537.36 (KHTML, like Gecko) Chrome/65.0.3325.181 Safari/537.36"
162.0.217.77 - - [26/Nov/2025:22:34:08 -0500] "POST /wp-cron.php?doing_wp_cron=1764214448.0121109485626220703125 HTTP/1.1" 200 0 "-" "WordPress/6.8.3; https://madeinbranded.com"
103.124.95.251 - - [26/Nov/2025:22:34:05 -0500] "POST /wp-login.php HTTP/1.1" 200 2374 "https://madeinbranded.com/wp-login.php" "Mozilla/5.0 (Windows NT 6.1; WOW64) AppleWebKit/537.36 (KHTML, like Gecko) Chrome/65.0.3325.181 Safari/537.36"
27.147.191.110 - - [26/Nov/2025:22:34:05 -0500] "POST /wp-login.php HTTP/1.1" 200 0 "-" "Mozilla/5.0"
162.241.224.242 - - [26/Nov/2025:22:39:11 -0500] "GET /wp-login.php HTTP/1.1" 200 2276 "-" "Mozilla/5.0 (Windows NT 10.0) AppleWebKit/537.36 (KHTML, like Gecko) Chrome/66.0.3359.181 Safari/537.36"
162.0.217.77 - - [26/Nov/2025:22:39:13 -0500] "POST /wp-cron.php?doing_wp_cron=1764214753.1105279922485351562500 HTTP/1.1" 200 0 "-" "WordPress/6.8.3; https://madeinbranded.com"
162.241.224.242 - - [26/Nov/2025:22:39:11 -0500] "POST /wp-login.php HTTP/1.1" 200 2374 "https://madeinbranded.com/wp-login.php" "Mozilla/5.0 (Windows NT 10.0) AppleWebKit/537.36 (KHTML, like Gecko) Chrome/66.0.3359.181 Safari/537.36"
27.147.191.110 - - [26/Nov/2025:22:45:25 -0500] "POST /wp-login.php HTTP/1.1" 200 0 "-" "Mozilla/5.0"
74.208.27.148 - - [26/Nov/2025:22:49:47 -0500] "GET /wp-login.php HTTP/1.1" 200 2276 "-" "Mozilla/5.0 (compatible; MSIE 9.0; Windows NT 6.1; WOW64; Trident/7.0)"
162.0.217.77 - - [26/Nov/2025:22:49:53 -0500] "POST /wp-cron.php?doing_wp_cron=1764215393.2006230354309082031250 HTTP/1.1" 200 0 "-" "WordPress/6.8.3; https://madeinbranded.com"
74.208.27.148 - - [26/Nov/2025:22:49:51 -0500] "POST /wp-login.php HTTP/1.1" 200 2374 "https://madeinbranded.com/wp-login.php" "Mozilla/5.0 (compatible; MSIE 9.0; Windows NT 6.1; WOW64; Trident/7.0)"
27.147.191.110 - - [26/Nov/2025:22:56:28 -0500] "POST /wp-login.php HTTP/1.1" 200 0 "-" "Mozilla/5.0"
49.51.73.183 - - [26/Nov/2025:23:03:49 -0500] "GET / HTTP/1.1" 200 22252 "http://madeinbranded.com" "Mozilla/5.0 (iPhone; CPU iPhone OS 13_2_3 like Mac OS X) AppleWebKit/605.1.15 (KHTML, like Gecko) Version/13.0.3 Mobile/15E148 Safari/604.1"
101.53.147.194 - - [26/Nov/2025:23:05:35 -0500] "GET /wp-login.php HTTP/1.1" 200 2276 "-" "Mozilla/4.0 (compatible; MSIE 7.0; Windows NT 6.2; WOW64; Trident/7.0; .NET4.0C; .NET4.0E; InfoPath.3; .NET CLR 2.0.50727; .NET CLR 3.0.30729; .NET CLR 3.5.30729)"
162.0.217.77 - - [26/Nov/2025:23:05:39 -0500] "POST /wp-cron.php?doing_wp_cron=1764216338.9571740627288818359375 HTTP/1.1" 200 0 "-" "WordPress/6.8.3; https://madeinbranded.com"
101.53.147.194 - - [26/Nov/2025:23:05:36 -0500] "POST /wp-login.php HTTP/1.1" 200 2374 "https://madeinbranded.com/wp-login.php" "Mozilla/4.0 (compatible; MSIE 7.0; Windows NT 6.2; WOW64; Trident/7.0; .NET4.0C; .NET4.0E; InfoPath.3; .NET CLR 2.0.50727; .NET CLR 3.0.30729; .NET CLR 3.5.30729)"
212.48.68.22 - - [26/Nov/2025:23:07:32 -0500] "GET /wp-login.php HTTP/1.1" 200 2276 "-" "Mozilla/5.0 (Windows NT 10.0) AppleWebKit/537.36 (KHTML, like Gecko) Chrome/58.0.3029.110 Safari/537.36 Edge/16.16299"
162.0.217.77 - - [26/Nov/2025:23:07:37 -0500] "POST /wp-cron.php?doing_wp_cron=1764216457.5873560905456542968750 HTTP/1.1" 200 0 "-" "WordPress/6.8.3; https://madeinbranded.com"
212.48.68.22 - - [26/Nov/2025:23:07:36 -0500] "POST /wp-login.php HTTP/1.1" 200 2374 "https://madeinbranded.com/wp-login.php" "Mozilla/5.0 (Windows NT 10.0) AppleWebKit/537.36 (KHTML, like Gecko) Chrome/58.0.3029.110 Safari/537.36 Edge/16.16299"
27.147.191.110 - - [26/Nov/2025:23:07:17 -0500] "POST /wp-login.php HTTP/1.1" 200 0 "-" "Mozilla/5.0"
103.42.58.162 - - [26/Nov/2025:23:16:03 -0500] "GET /wp-login.php HTTP/1.1" 200 2276 "-" "Mozilla/5.0 (Windows NT 10.0; WOW64; Trident/7.0; MAARJS; rv:11.0) like Gecko"
162.0.217.77 - - [26/Nov/2025:23:16:05 -0500] "POST /wp-cron.php?doing_wp_cron=1764216965.2737538814544677734375 HTTP/1.1" 200 0 "-" "WordPress/6.8.3; https://madeinbranded.com"
103.42.58.162 - - [26/Nov/2025:23:16:04 -0500] "POST /wp-login.php HTTP/1.1" 200 2374 "https://madeinbranded.com/wp-login.php" "Mozilla/5.0 (Windows NT 10.0; WOW64; Trident/7.0; MAARJS; rv:11.0) like Gecko"
43.130.105.21 - - [26/Nov/2025:23:18:07 -0500] "GET /xmlrpc.php HTTP/1.1" 403 1242 "-" "Mozilla/5.0 (iPhone; CPU iPhone OS 13_2_3 like Mac OS X) AppleWebKit/605.1.15 (KHTML, like Gecko) Version/13.0.3 Mobile/15E148 Safari/604.1"
27.147.191.110 - - [26/Nov/2025:23:18:50 -0500] "POST /wp-login.php HTTP/1.1" 200 0 "-" "Mozilla/5.0"
50.116.92.73 - - [26/Nov/2025:23:23:40 -0500] "GET /wp-login.php HTTP/1.1" 200 2276 "-" "Mozilla/4.0 (compatible; MSIE 7.0; Windows NT 6.1; WOW64; Trident/7.0; SLCC2; .NET CLR 2.0.50727; .NET4.0C; .NET4.0E)"
162.0.217.77 - - [26/Nov/2025:23:23:43 -0500] "POST /wp-cron.php?doing_wp_cron=1764217423.0172910690307617187500 HTTP/1.1" 200 0 "-" "WordPress/6.8.3; https://madeinbranded.com"
50.116.92.73 - - [26/Nov/2025:23:23:41 -0500] "POST /wp-login.php HTTP/1.1" 200 2374 "https://madeinbranded.com/wp-login.php" "Mozilla/4.0 (compatible; MSIE 7.0; Windows NT 6.1; WOW64; Trident/7.0; SLCC2; .NET CLR 2.0.50727; .NET4.0C; .NET4.0E)"
27.147.191.110 - - [26/Nov/2025:23:29:54 -0500] "POST /wp-login.php HTTP/1.1" 200 0 "-" "Mozilla/5.0"
52.242.231.163 - - [26/Nov/2025:23:30:14 -0500] "POST /xmlrpc.php HTTP/1.1" 403 1242 "-" "Mozilla/5.0 (compatible; MSIE 9.0; Windows NT 6.1; Win64; x64; Trident/7.0)"
52.242.231.163 - - [26/Nov/2025:23:30:19 -0500] "POST /xmlrpc.php HTTP/1.1" 403 1242 "-" "Mozilla/5.0 (compatible; MSIE 9.0; Windows NT 6.1; Win64; x64; Trident/7.0)"
52.242.231.163 - - [26/Nov/2025:23:30:24 -0500] "POST /xmlrpc.php HTTP/1.1" 403 1242 "-" "Mozilla/5.0 (compatible; MSIE 9.0; Windows NT 6.1; Win64; x64; Trident/7.0)"
52.242.231.163 - - [26/Nov/2025:23:30:30 -0500] "POST /xmlrpc.php HTTP/1.1" 403 1242 "-" "Mozilla/5.0 (compatible; MSIE 9.0; Windows NT 6.1; Win64; x64; Trident/7.0)"
52.242.231.163 - - [26/Nov/2025:23:30:32 -0500] "POST /xmlrpc.php HTTP/1.1" 403 1242 "-" "Mozilla/5.0 (compatible; MSIE 9.0; Windows NT 6.1; Win64; x64; Trident/7.0)"
52.242.231.163 - - [26/Nov/2025:23:30:35 -0500] "POST /xmlrpc.php HTTP/1.1" 403 1242 "-" "Mozilla/5.0 (compatible; MSIE 9.0; Windows NT 6.1; Win64; x64; Trident/7.0)"
195.24.207.137 - - [26/Nov/2025:23:31:52 -0500] "GET /wp-login.php HTTP/1.1" 200 2276 "-" "Mozilla/5.0 (Macintosh; Intel Mac OS X 10_13_1) AppleWebKit/537.36 (KHTML, like Gecko) Chrome/66.0.3359.181 Safari/537.36"
162.0.217.77 - - [26/Nov/2025:23:31:56 -0500] "POST /wp-cron.php?doing_wp_cron=1764217915.9807479381561279296875 HTTP/1.1" 200 0 "-" "WordPress/6.8.3; https://madeinbranded.com"
195.24.207.137 - - [26/Nov/2025:23:31:54 -0500] "POST /wp-login.php HTTP/1.1" 200 2374 "https://madeinbranded.com/wp-login.php" "Mozilla/5.0 (Macintosh; Intel Mac OS X 10_13_1) AppleWebKit/537.36 (KHTML, like Gecko) Chrome/66.0.3359.181 Safari/537.36"
162.0.217.77 - - [26/Nov/2025:23:33:49 -0500] "POST /wp-cron.php?doing_wp_cron=1764218029.8710389137268066406250 HTTP/1.1" 200 0 "-" "WordPress/6.8.3; https://madeinbranded.com"
162.0.217.77 - - [26/Nov/2025:23:33:49 -0500] "POST /wp-cron.php?doing_wp_cron=1764218029.8710620403289794921875 HTTP/1.1" 200 0 "-" "WordPress/6.8.3; https://madeinbranded.com"
91.92.243.249 - - [26/Nov/2025:23:33:48 -0500] "POST /wp-login.php HTTP/1.1" 200 2361 "-" "Mozilla/5.0"
91.92.243.249 - - [26/Nov/2025:23:33:48 -0500] "POST /wp-login.php HTTP/1.1" 200 2346 "-" "Mozilla/5.0"
43.165.65.75 - - [26/Nov/2025:23:38:14 -0500] "GET /fathers-day-2023-gifts-for-your-sporty-dad/ HTTP/1.1" 200 26728 "-" "Mozilla/5.0 (iPhone; CPU iPhone OS 13_2_3 like Mac OS X) AppleWebKit/605.1.15 (KHTML, like Gecko) Version/13.0.3 Mobile/15E148 Safari/604.1"
27.147.191.110 - - [26/Nov/2025:23:40:58 -0500] "POST /wp-login.php HTTP/1.1" 200 0 "-" "Mozilla/5.0"
162.241.244.76 - - [26/Nov/2025:23:41:52 -0500] "GET /wp-login.php HTTP/1.1" 200 2276 "-" "Mozilla/5.0 (Macintosh; Intel Mac OS X 10_11_6) AppleWebKit/604.4.7 (KHTML, like Gecko) Version/11.0.2 Safari/604.4.7"
162.0.217.77 - - [26/Nov/2025:23:41:56 -0500] "POST /wp-cron.php?doing_wp_cron=1764218515.9178099632263183593750 HTTP/1.1" 200 0 "-" "WordPress/6.8.3; https://madeinbranded.com"
162.241.244.76 - - [26/Nov/2025:23:41:53 -0500] "POST /wp-login.php HTTP/1.1" 200 2374 "https://madeinbranded.com/wp-login.php" "Mozilla/5.0 (Macintosh; Intel Mac OS X 10_11_6) AppleWebKit/604.4.7 (KHTML, like Gecko) Version/11.0.2 Safari/604.4.7"
2a0c:b641:30:1::22 - - [26/Nov/2025:23:46:24 -0500] "GET /wp-login.php HTTP/1.1" 200 2276 "-" "GRequests/0.10"
162.0.217.77 - - [26/Nov/2025:23:46:26 -0500] "POST /wp-cron.php?doing_wp_cron=1764218786.4511981010437011718750 HTTP/1.1" 200 0 "-" "WordPress/6.8.3; https://madeinbranded.com"
2a0c:b641:30:1::22 - - [26/Nov/2025:23:46:24 -0500] "POST /wp-login.php HTTP/1.1" 200 2374 "-" "GRequests/0.10"
80.85.245.241 - - [26/Nov/2025:23:48:06 -0500] "GET / HTTP/1.1" 200 22252 "http://MADEINBRANDED.COM" "Mozilla/5.0 (Windows NT 10.0; Win64; x64) AppleWebKit/537.36 (KHTML, like Gecko) Chrome/120.0.0.0 Safari/537.36"
68.178.161.65 - - [26/Nov/2025:23:49:01 -0500] "GET /wp-login.php HTTP/1.1" 200 2276 "-" "Mozilla/5.0 (Windows NT 6.3; WOW64; Trident/7.0; MALNJS; rv:11.0) like Gecko"
162.0.217.77 - - [26/Nov/2025:23:49:05 -0500] "POST /wp-cron.php?doing_wp_cron=1764218945.0290760993957519531250 HTTP/1.1" 200 0 "-" "WordPress/6.8.3; https://madeinbranded.com"
68.178.161.65 - - [26/Nov/2025:23:49:03 -0500] "POST /wp-login.php HTTP/1.1" 200 2374 "https://madeinbranded.com/wp-login.php" "Mozilla/5.0 (Windows NT 6.3; WOW64; Trident/7.0; MALNJS; rv:11.0) like Gecko"
74.50.118.211 - - [26/Nov/2025:23:50:07 -0500] "POST /xmlrpc.php HTTP/1.1" 403 1242 "-" "Mozilla/5.0 (Windows NT 10.0; WOW64; Trident/7.0; MASMJS; rv:11.0) like Gecko"
74.50.118.211 - - [26/Nov/2025:23:50:09 -0500] "POST /xmlrpc.php HTTP/1.1" 403 1242 "-" "Mozilla/5.0 (Windows NT 10.0; WOW64; Trident/7.0; MASMJS; rv:11.0) like Gecko"
74.50.118.211 - - [26/Nov/2025:23:50:10 -0500] "POST /xmlrpc.php HTTP/1.1" 403 1242 "-" "Mozilla/5.0 (Windows NT 10.0; WOW64; Trident/7.0; MASMJS; rv:11.0) like Gecko"
74.50.118.211 - - [26/Nov/2025:23:50:13 -0500] "POST /xmlrpc.php HTTP/1.1" 403 1242 "-" "Mozilla/5.0 (Windows NT 10.0; WOW64; Trident/7.0; MASMJS; rv:11.0) like Gecko"
74.50.118.211 - - [26/Nov/2025:23:50:16 -0500] "POST /xmlrpc.php HTTP/1.1" 403 1242 "-" "Mozilla/5.0 (Windows NT 10.0; WOW64; Trident/7.0; MASMJS; rv:11.0) like Gecko"
74.50.118.211 - - [26/Nov/2025:23:50:17 -0500] "POST /xmlrpc.php HTTP/1.1" 403 1242 "-" "Mozilla/5.0 (Windows NT 10.0; WOW64; Trident/7.0; MASMJS; rv:11.0) like Gecko"
80.85.245.241 - - [26/Nov/2025:23:56:37 -0500] "GET / HTTP/1.1" 200 22252 "-" "\"Mozilla/5.0 (Macintosh; Intel Mac OS X 10_15_7) AppleWebKit/537.36 (KHTML, like Gecko) Chrome/134.0.0.0 Safari/537.36\""
80.85.245.241 - - [26/Nov/2025:23:56:37 -0500] "GET /wp-includes/js/jquery/jquery-migrate.min.js?ver=3.4.1 HTTP/1.1" 200 4678 "https://madeinbranded.com/" "\"Mozilla/5.0 (Macintosh; Intel Mac OS X 10_15_7) AppleWebKit/537.36 (KHTML, like Gecko) Chrome/134.0.0.0 Safari/537.36\""
80.85.245.241 - - [26/Nov/2025:23:56:37 -0500] "GET /wp-includes/js/jquery/jquery.min.js?ver=3.7.1 HTTP/1.1" 200 29744 "https://madeinbranded.com/" "\"Mozilla/5.0 (Macintosh; Intel Mac OS X 10_15_7) AppleWebKit/537.36 (KHTML, like Gecko) Chrome/134.0.0.0 Safari/537.36\""
80.85.245.241 - - [26/Nov/2025:23:56:37 -0500] "GET /wp-content/themes/rehub-theme/js/inview.js?ver=1.1 HTTP/1.1" 200 681 "https://madeinbranded.com/" "\"Mozilla/5.0 (Macintosh; Intel Mac OS X 10_15_7) AppleWebKit/537.36 (KHTML, like Gecko) Chrome/134.0.0.0 Safari/537.36\""
80.85.245.241 - - [26/Nov/2025:23:56:37 -0500] "GET /wp-content/themes/rehub-theme/js/pgwmodal.js?ver=2.0 HTTP/1.1" 200 1442 "https://madeinbranded.com/" "\"Mozilla/5.0 (Macintosh; Intel Mac OS X 10_15_7) AppleWebKit/537.36 (KHTML, like Gecko) Chrome/134.0.0.0 Safari/537.36\""
80.85.245.241 - - [26/Nov/2025:23:56:37 -0500] "GET /wp-content/themes/rehub-theme/js/unveil.js?ver=5.2.1 HTTP/1.1" 200 3243 "https://madeinbranded.com/" "\"Mozilla/5.0 (Macintosh; Intel Mac OS X 10_15_7) AppleWebKit/537.36 (KHTML, like Gecko) Chrome/134.0.0.0 Safari/537.36\""
80.85.245.241 - - [26/Nov/2025:23:56:37 -0500] "GET /wp-content/themes/rehub-theme/js/hoverintent.js?ver=1.9 HTTP/1.1" 200 782 "https://madeinbranded.com/" "\"Mozilla/5.0 (Macintosh; Intel Mac OS X 10_15_7) AppleWebKit/537.36 (KHTML, like Gecko) Chrome/134.0.0.0 Safari/537.36\""
80.85.245.241 - - [26/Nov/2025:23:56:37 -0500] "GET /wp-content/themes/rehub-theme/js/countdown.js?ver=1.1 HTTP/1.1" 200 1244 "https://madeinbranded.com/" "\"Mozilla/5.0 (Macintosh; Intel Mac OS X 10_15_7) AppleWebKit/537.36 (KHTML, like Gecko) Chrome/134.0.0.0 Safari/537.36\""
80.85.245.241 - - [26/Nov/2025:23:56:37 -0500] "GET /wp-content/themes/rehub-theme/js/custom.js?ver=18.9.7 HTTP/1.1" 200 5698 "https://madeinbranded.com/" "\"Mozilla/5.0 (Macintosh; Intel Mac OS X 10_15_7) AppleWebKit/537.36 (KHTML, like Gecko) Chrome/134.0.0.0 Safari/537.36\""
80.85.245.241 - - [26/Nov/2025:23:56:37 -0500] "GET /wp-content/themes/rehub-theme/js/ajaxsearch.js?ver=18.9.7 HTTP/1.1" 200 1944 "https://madeinbranded.com/" "\"Mozilla/5.0 (Macintosh; Intel Mac OS X 10_15_7) AppleWebKit/537.36 (KHTML, like Gecko) Chrome/134.0.0.0 Safari/537.36\""
80.85.245.241 - - [26/Nov/2025:23:56:37 -0500] "GET /wp-content/themes/rehub-theme/js/filterpanel.js?ver=1.1 HTTP/1.1" 200 1480 "https://madeinbranded.com/" "\"Mozilla/5.0 (Macintosh; Intel Mac OS X 10_15_7) AppleWebKit/537.36 (KHTML, like Gecko) Chrome/134.0.0.0 Safari/537.36\""
80.85.245.241 - - [26/Nov/2025:23:56:37 -0500] "GET /wp-content/themes/rehub-theme/js/ajaxpagination.js?ver=1.1 HTTP/1.1" 200 1329 "https://madeinbranded.com/" "\"Mozilla/5.0 (Macintosh; Intel Mac OS X 10_15_7) AppleWebKit/537.36 (KHTML, like Gecko) Chrome/134.0.0.0 Safari/537.36\""
80.85.245.241 - - [26/Nov/2025:23:56:37 -0500] "GET /wp-content/themes/rehub-theme/js/wishcount.js?ver=1.1 HTTP/1.1" 200 1013 "https://madeinbranded.com/" "\"Mozilla/5.0 (Macintosh; Intel Mac OS X 10_15_7) AppleWebKit/537.36 (KHTML, like Gecko) Chrome/134.0.0.0 Safari/537.36\""
80.85.245.241 - - [26/Nov/2025:23:56:37 -0500] "GET /wp-content/themes/rehub-theme/js/hotcount.js?ver=1.1 HTTP/1.1" 200 765 "https://madeinbranded.com/" "\"Mozilla/5.0 (Macintosh; Intel Mac OS X 10_15_7) AppleWebKit/537.36 (KHTML, like Gecko) Chrome/134.0.0.0 Safari/537.36\""
43.153.26.165 - - [26/Nov/2025:23:52:35 -0500] "GET /feed/ HTTP/1.1" 200 41601 "-" "Mozilla/5.0 (iPhone; CPU iPhone OS 13_2_3 like Mac OS X) AppleWebKit/605.1.15 (KHTML, like Gecko) Version/13.0.3 Mobile/15E148 Safari/604.1"
27.147.191.110 - - [26/Nov/2025:23:52:25 -0500] "POST /wp-login.php HTTP/1.1" 200 0 "-" "Mozilla/5.0"
57.130.20.252 - - [27/Nov/2025:00:01:19 -0500] "GET /wp-login.php HTTP/1.1" 200 2276 "-" "Mozilla/5.0 (Windows NT 6.1; WOW64) AppleWebKit/537.36 (KHTML, like Gecko) Chrome/67.0.3396.79 Safari/537.36"
162.0.217.77 - - [27/Nov/2025:00:01:26 -0500] "POST /wp-cron.php?doing_wp_cron=1764219686.5453488826751708984375 HTTP/1.1" 200 0 "-" "WordPress/6.8.3; https://madeinbranded.com"
57.130.20.252 - - [27/Nov/2025:00:01:23 -0500] "POST /wp-login.php HTTP/1.1" 200 2374 "https://madeinbranded.com/wp-login.php" "Mozilla/5.0 (Windows NT 6.1; WOW64) AppleWebKit/537.36 (KHTML, like Gecko) Chrome/67.0.3396.79 Safari/537.36"
80.85.245.241 - - [26/Nov/2025:23:56:37 -0500] "GET /wp-includes/js/wp-emoji-release.min.js?ver=6.8.3 HTTP/1.1" 200 4769 "https://madeinbranded.com/" "\"Mozilla/5.0 (Macintosh; Intel Mac OS X 10_15_7) AppleWebKit/537.36 (KHTML, like Gecko) Chrome/134.0.0.0 Safari/537.36\""
80.85.245.241 - - [26/Nov/2025:23:56:48 -0500] "GET /contact-us/ HTTP/1.1" 200 17579 "-" "\"Mozilla/5.0 (Macintosh; Intel Mac OS X 10_15_7) AppleWebKit/537.36 (KHTML, like Gecko) Chrome/134.0.0.0 Safari/537.36\""
43.166.255.102 - - [26/Nov/2025:23:57:42 -0500] "GET /best-7-cute-office-supplies-for-women-desk/ HTTP/1.1" 200 26060 "-" "Mozilla/5.0 (iPhone; CPU iPhone OS 13_2_3 like Mac OS X) AppleWebKit/605.1.15 (KHTML, like Gecko) Version/13.0.3 Mobile/15E148 Safari/604.1"
27.147.191.110 - - [27/Nov/2025:00:04:01 -0500] "POST /wp-login.php HTTP/1.1" 200 0 "-" "Mozilla/5.0"
172.191.197.110 - - [27/Nov/2025:00:06:02 -0500] "GET /wp-login.php HTTP/1.1" 200 2276 "-" "Mozilla/5.0 (Windows NT 6.1; WOW64; Trident/7.0; CTL_11; rv:11.0) like Gecko"
162.0.217.77 - - [27/Nov/2025:00:06:08 -0500] "POST /wp-cron.php?doing_wp_cron=1764219968.1685009002685546875000 HTTP/1.1" 200 0 "-" "WordPress/6.8.3; https://madeinbranded.com"
172.191.197.110 - - [27/Nov/2025:00:06:05 -0500] "POST /wp-login.php HTTP/1.1" 200 2374 "https://madeinbranded.com/wp-login.php" "Mozilla/5.0 (Windows NT 6.1; WOW64; Trident/7.0; CTL_11; rv:11.0) like Gecko"
162.0.217.77 - - [27/Nov/2025:00:07:05 -0500] "POST /wp-cron.php?doing_wp_cron=1764220025.5047969818115234375000 HTTP/1.1" 200 0 "-" "WordPress/6.8.3; https://madeinbranded.com"
43.165.67.57 - - [27/Nov/2025:00:07:05 -0500] "GET /top-7-mothers-day-gifts-2023/ HTTP/1.1" 200 29360 "-" "Mozilla/5.0 (iPhone; CPU iPhone OS 13_2_3 like Mac OS X) AppleWebKit/605.1.15 (KHTML, like Gecko) Version/13.0.3 Mobile/15E148 Safari/604.1"
185.102.115.93 - - [27/Nov/2025:00:07:07 -0500] "GET /style.php HTTP/1.1" 404 16287 "-" "Mozilla/4.0 (compatible; MSIE 6.0; Windows NT 5.1; SV1)"
148.66.155.82 - - [27/Nov/2025:00:08:04 -0500] "POST /xmlrpc.php HTTP/1.1" 403 1242 "-" "Mozilla/5.0 (Windows NT 6.1; WOW64; Trident/7.0; NP08; NP08; MAAU; rv:11.0) like Gecko"
27.147.191.110 - - [27/Nov/2025:00:15:53 -0500] "POST /wp-login.php HTTP/1.1" 200 0 "-" "Mozilla/5.0"
43.155.162.41 - - [27/Nov/2025:00:17:40 -0500] "GET /fathers-day-2023-gifts-for-your-sporty-dad/ HTTP/1.1" 200 26728 "-" "Mozilla/5.0 (iPhone; CPU iPhone OS 13_2_3 like Mac OS X) AppleWebKit/605.1.15 (KHTML, like Gecko) Version/13.0.3 Mobile/15E148 Safari/604.1"
217.160.232.112 - - [27/Nov/2025:00:17:43 -0500] "GET /wp-login.php HTTP/1.1" 200 2276 "-" "Mozilla/5.0 (X11; CrOS armv7l 10323.67.0) AppleWebKit/537.36 (KHTML, like Gecko) Chrome/65.0.3325.209 Safari/537.36"
162.0.217.77 - - [27/Nov/2025:00:17:48 -0500] "POST /wp-cron.php?doing_wp_cron=1764220668.9259519577026367187500 HTTP/1.1" 200 0 "-" "WordPress/6.8.3; https://madeinbranded.com"
217.160.232.112 - - [27/Nov/2025:00:17:46 -0500] "POST /wp-login.php HTTP/1.1" 200 2374 "https://madeinbranded.com/wp-login.php" "Mozilla/5.0 (X11; CrOS armv7l 10323.67.0) AppleWebKit/537.36 (KHTML, like Gecko) Chrome/65.0.3325.209 Safari/537.36"
172.191.197.110 - - [27/Nov/2025:00:20:25 -0500] "POST /xmlrpc.php HTTP/1.1" 403 1242 "-" "Mozilla/5.0 (Windows NT 6.1; WOW64; Trident/7.0; QwestIE8x64; rv:11.0) like Gecko"
172.191.197.110 - - [27/Nov/2025:00:20:25 -0500] "POST /xmlrpc.php HTTP/1.1" 403 1242 "-" "Mozilla/5.0 (Windows NT 6.1; WOW64; Trident/7.0; QwestIE8x64; rv:11.0) like Gecko"
172.191.197.110 - - [27/Nov/2025:00:20:26 -0500] "POST /xmlrpc.php HTTP/1.1" 403 1242 "-" "Mozilla/5.0 (Windows NT 6.1; WOW64; Trident/7.0; QwestIE8x64; rv:11.0) like Gecko"
172.191.197.110 - - [27/Nov/2025:00:20:27 -0500] "POST /xmlrpc.php HTTP/1.1" 403 1242 "-" "Mozilla/5.0 (Windows NT 6.1; WOW64; Trident/7.0; QwestIE8x64; rv:11.0) like Gecko"
172.191.197.110 - - [27/Nov/2025:00:20:28 -0500] "POST /xmlrpc.php HTTP/1.1" 403 1242 "-" "Mozilla/5.0 (Windows NT 6.1; WOW64; Trident/7.0; QwestIE8x64; rv:11.0) like Gecko"
172.191.197.110 - - [27/Nov/2025:00:20:28 -0500] "POST /xmlrpc.php HTTP/1.1" 403 1242 "-" "Mozilla/5.0 (Windows NT 6.1; WOW64; Trident/7.0; QwestIE8x64; rv:11.0) like Gecko"
103.124.95.251 - - [27/Nov/2025:00:21:37 -0500] "GET /wp-login.php HTTP/1.1" 200 2276 "-" "Mozilla/4.0 (compatible; MSIE 7.0; Windows NT 6.1; WOW64; Trident/7.0; SLCC2; .NET CLR 2.0.50727; .NET CLR 3.5.30729; .NET CLR 3.0.30729; Media Center PC 6.0; .NET4.0C; .NET4.0E; GWX:RESERVED)"
162.0.217.77 - - [27/Nov/2025:00:21:43 -0500] "POST /wp-cron.php?doing_wp_cron=1764220903.0901010036468505859375 HTTP/1.1" 200 0 "-" "WordPress/6.8.3; https://madeinbranded.com"
103.124.95.251 - - [27/Nov/2025:00:21:41 -0500] "POST /wp-login.php HTTP/1.1" 200 2374 "https://madeinbranded.com/wp-login.php" "Mozilla/4.0 (compatible; MSIE 7.0; Windows NT 6.1; WOW64; Trident/7.0; SLCC2; .NET CLR 2.0.50727; .NET CLR 3.5.30729; .NET CLR 3.0.30729; Media Center PC 6.0; .NET4.0C; .NET4.0E; GWX:RESERVED)"
159.65.169.90 - - [27/Nov/2025:00:23:17 -0500] "HEAD /readme.html HTTP/1.1" 403 0 "-" "Mozilla/5.0 (Macintosh; Intel Mac OS X 10_15_7)"
159.65.169.90 - - [27/Nov/2025:00:23:18 -0500] "HEAD /xmlrpc.php HTTP/1.1" 403 0 "-" "Mozilla/5.0 (Windows NT 10.0; Win64; x64)"
159.65.169.90 - - [27/Nov/2025:00:23:18 -0500] "HEAD /wp-login.php HTTP/1.1" 200 0 "-" "Mozilla/5.0 (X11; Linux x86_64)"
192.159.99.170 - - [27/Nov/2025:00:27:16 -0500] "GET / HTTP/1.1" 200 22252 "-" "-"
162.0.217.77 - - [27/Nov/2025:00:27:18 -0500] "POST /wp-cron.php?doing_wp_cron=1764221238.3262989521026611328125 HTTP/1.1" 200 0 "-" "WordPress/6.8.3; https://madeinbranded.com"
192.159.99.170 - - [27/Nov/2025:00:27:16 -0500] "GET /wp-admin/install.php HTTP/1.1" 200 440 "-" "-"
192.159.99.170 - - [27/Nov/2025:00:27:18 -0500] "GET /wp-admin/setup-config.php HTTP/1.1" 403 1242 "-" "-"
27.147.191.110 - - [27/Nov/2025:00:27:14 -0500] "POST /wp-login.php HTTP/1.1" 200 0 "-" "Mozilla/5.0"
175.117.144.122 - - [27/Nov/2025:00:36:01 -0500] "GET /wp-login.php HTTP/1.1" 200 2276 "-" "Mozilla/5.0 (Windows NT 6.2; ARM; Trident/7.0; Touch; rv:11.0; WPDesktop; NOKIA; Lumia 530) like Gecko"
162.0.217.77 - - [27/Nov/2025:00:36:08 -0500] "POST /wp-cron.php?doing_wp_cron=1764221768.1008930206298828125000 HTTP/1.1" 200 0 "-" "WordPress/6.8.3; https://madeinbranded.com"
175.117.144.122 - - [27/Nov/2025:00:36:06 -0500] "POST /wp-login.php HTTP/1.1" 200 2374 "https://madeinbranded.com/wp-login.php" "Mozilla/5.0 (Windows NT 6.2; ARM; Trident/7.0; Touch; rv:11.0; WPDesktop; NOKIA; Lumia 530) like Gecko"
162.0.217.77 - - [27/Nov/2025:00:37:01 -0500] "POST /wp-cron.php?doing_wp_cron=1764221821.0778350830078125000000 HTTP/1.1" 200 0 "-" "WordPress/6.8.3; https://madeinbranded.com"
43.130.16.140 - - [27/Nov/2025:00:37:00 -0500] "GET /category/amazon/ HTTP/1.1" 200 21385 "-" "Mozilla/5.0 (iPhone; CPU iPhone OS 13_2_3 like Mac OS X) AppleWebKit/605.1.15 (KHTML, like Gecko) Version/13.0.3 Mobile/15E148 Safari/604.1"
27.147.191.110 - - [27/Nov/2025:00:38:07 -0500] "POST /wp-login.php HTTP/1.1" 200 0 "-" "Mozilla/5.0"
52.215.86.173 - - [27/Nov/2025:00:39:18 -0500] "POST /xmlrpc.php HTTP/1.1" 403 1242 "-" "Mozilla/5.0 (Windows NT 10.0; Win64; x64) AppleWebKit/537.36 (KHTML, like Gecko) Chrome/67.0.3396.62 Safari/537.36"
52.215.86.173 - - [27/Nov/2025:00:39:19 -0500] "POST /xmlrpc.php HTTP/1.1" 403 1242 "-" "Mozilla/5.0 (Windows NT 10.0; Win64; x64) AppleWebKit/537.36 (KHTML, like Gecko) Chrome/67.0.3396.62 Safari/537.36"
52.215.86.173 - - [27/Nov/2025:00:39:20 -0500] "POST /xmlrpc.php HTTP/1.1" 403 1242 "-" "Mozilla/5.0 (Windows NT 10.0; Win64; x64) AppleWebKit/537.36 (KHTML, like Gecko) Chrome/67.0.3396.62 Safari/537.36"
162.0.217.77 - - [27/Nov/2025:00:46:18 -0500] "POST /wp-cron.php?doing_wp_cron=1764222378.8771660327911376953125 HTTP/1.1" 200 0 "-" "WordPress/6.8.3; https://madeinbranded.com"
49.51.233.46 - - [27/Nov/2025:00:46:15 -0500] "GET /?p=410 HTTP/1.1" 301 0 "-" "Mozilla/5.0 (iPhone; CPU iPhone OS 13_2_3 like Mac OS X) AppleWebKit/605.1.15 (KHTML, like Gecko) Version/13.0.3 Mobile/15E148 Safari/604.1"
49.51.233.46 - - [27/Nov/2025:00:46:24 -0500] "GET /top-11-fitness-accessories-for-2023/ HTTP/1.1" 200 30990 "https://madeinbranded.com/?p=410" "Mozilla/5.0 (iPhone; CPU iPhone OS 13_2_3 like Mac OS X) AppleWebKit/605.1.15 (KHTML, like Gecko) Version/13.0.3 Mobile/15E148 Safari/604.1"
103.178.231.51 - - [27/Nov/2025:00:47:49 -0500] "GET /wp-login.php HTTP/1.1" 200 2276 "-" "Mozilla/5.0 (Windows NT 6.2; Win64; x64) AppleWebKit/537.36 (KHTML, like Gecko) Chrome/52.0.2743.116 Safari/537.36 Edge/15.15063"
162.0.217.77 - - [27/Nov/2025:00:47:52 -0500] "POST /wp-cron.php?doing_wp_cron=1764222472.8075990676879882812500 HTTP/1.1" 200 0 "-" "WordPress/6.8.3; https://madeinbranded.com"
103.178.231.51 - - [27/Nov/2025:00:47:51 -0500] "POST /wp-login.php HTTP/1.1" 200 2374 "https://madeinbranded.com/wp-login.php" "Mozilla/5.0 (Windows NT 6.2; Win64; x64) AppleWebKit/537.36 (KHTML, like Gecko) Chrome/52.0.2743.116 Safari/537.36 Edge/15.15063"
162.241.217.21 - - [27/Nov/2025:00:49:55 -0500] "GET /wp-login.php HTTP/1.1" 200 2276 "-" "Mozilla/5.0 (Windows NT 10.0; WOW64; Trident/7.0; LCJB; rv:11.0) like Gecko"
27.147.191.110 - - [27/Nov/2025:00:49:17 -0500] "POST /wp-login.php HTTP/1.1" 200 0 "-" "Mozilla/5.0"
162.0.217.77 - - [27/Nov/2025:00:50:02 -0500] "POST /wp-cron.php?doing_wp_cron=1764222602.1729469299316406250000 HTTP/1.1" 200 0 "-" "WordPress/6.8.3; https://madeinbranded.com"
162.241.217.21 - - [27/Nov/2025:00:50:00 -0500] "POST /wp-login.php HTTP/1.1" 200 2374 "https://madeinbranded.com/wp-login.php" "Mozilla/5.0 (Windows NT 10.0; WOW64; Trident/7.0; LCJB; rv:11.0) like Gecko"
162.0.217.77 - - [27/Nov/2025:01:02:26 -0500] "POST /wp-cron.php?doing_wp_cron=1764223346.8161039352416992187500 HTTP/1.1" 200 0 "-" "WordPress/6.8.3; https://madeinbranded.com"
52.169.206.229 - - [27/Nov/2025:01:02:25 -0500] "GET /wp-content/plugins/hellopress/wp_filemanager.php HTTP/1.1" 404 16287 "-" "-"
52.169.206.229 - - [27/Nov/2025:01:02:27 -0500] "GET /class-t.api.php HTTP/1.1" 404 16287 "-" "-"
52.169.206.229 - - [27/Nov/2025:01:02:28 -0500] "GET /zwso.php HTTP/1.1" 404 16287 "-" "-"
52.169.206.229 - - [27/Nov/2025:01:02:29 -0500] "GET /wp-admin/css/colors/blue/index.php HTTP/1.1" 301 0 "-" "-"
52.169.206.229 - - [27/Nov/2025:01:02:29 -0500] "GET /wp-admin/css/colors/blue/ HTTP/1.1" 403 1242 "-" "-"
52.169.206.229 - - [27/Nov/2025:01:02:29 -0500] "GET /admin.php?p= HTTP/1.1" 301 0 "-" "-"
52.169.206.229 - - [27/Nov/2025:01:02:30 -0500] "GET /admin.php HTTP/1.1" 404 16287 "-" "-"
52.169.206.229 - - [27/Nov/2025:01:02:30 -0500] "GET /randkeyword.php HTTP/1.1" 404 16286 "-" "-"
52.169.206.229 - - [27/Nov/2025:01:02:31 -0500] "GET /fwe.php HTTP/1.1" 404 16287 "-" "-"
52.169.206.229 - - [27/Nov/2025:01:02:32 -0500] "GET /images/m.php HTTP/1.1" 404 16287 "-" "-"
52.169.206.229 - - [27/Nov/2025:01:02:32 -0500] "GET /g.php HTTP/1.1" 404 16287 "-" "-"
52.169.206.229 - - [27/Nov/2025:01:02:32 -0500] "GET /tx1.php HTTP/1.1" 404 16287 "-" "-"
52.169.206.229 - - [27/Nov/2025:01:02:33 -0500] "GET /xv.php HTTP/1.1" 404 16287 "-" "-"
52.169.206.229 - - [27/Nov/2025:01:02:33 -0500] "GET /x56.php HTTP/1.1" 404 16287 "-" "-"
52.169.206.229 - - [27/Nov/2025:01:02:33 -0500] "GET /htaccess.php HTTP/1.1" 404 16287 "-" "-"
52.169.206.229 - - [27/Nov/2025:01:02:33 -0500] "GET /readme.php HTTP/1.1" 404 16287 "-" "-"
52.169.206.229 - - [27/Nov/2025:01:02:34 -0500] "GET /x50.php HTTP/1.1" 404 16287 "-" "-"
52.169.206.229 - - [27/Nov/2025:01:02:34 -0500] "GET /fv.php HTTP/1.1" 404 16287 "-" "-"
52.169.206.229 - - [27/Nov/2025:01:02:34 -0500] "GET /file.php? HTTP/1.1" 404 16287 "-" "-"
52.169.206.229 - - [27/Nov/2025:01:02:35 -0500] "GET /as.php HTTP/1.1" 404 16287 "-" "-"
52.169.206.229 - - [27/Nov/2025:01:02:35 -0500] "GET /wsd.php HTTP/1.1" 404 16287 "-" "-"
52.169.206.229 - - [27/Nov/2025:01:02:35 -0500] "GET /gtc.php HTTP/1.1" 404 16287 "-" "-"
52.169.206.229 - - [27/Nov/2025:01:02:35 -0500] "GET /atx.php HTTP/1.1" 404 16287 "-" "-"
52.169.206.229 - - [27/Nov/2025:01:02:35 -0500] "GET /z60.php HTTP/1.1" 404 16287 "-" "-"
52.169.206.229 - - [27/Nov/2025:01:02:36 -0500] "GET /z60.php?p= HTTP/1.1" 301 0 "-" "-"
52.169.206.229 - - [27/Nov/2025:01:02:36 -0500] "GET /z60.php HTTP/1.1" 404 16287 "-" "-"
52.169.206.229 - - [27/Nov/2025:01:02:36 -0500] "GET /403.php HTTP/1.1" 404 16287 "-" "-"
52.169.206.229 - - [27/Nov/2025:01:02:36 -0500] "GET /m.php HTTP/1.1" 404 16287 "-" "-"
52.169.206.229 - - [27/Nov/2025:01:02:36 -0500] "GET /themes.php HTTP/1.1" 404 16287 "-" "-"
52.169.206.229 - - [27/Nov/2025:01:02:37 -0500] "GET /wp-admin/maint/about.php HTTP/1.1" 404 16287 "-" "-"
52.169.206.229 - - [27/Nov/2025:01:02:37 -0500] "GET /wp-admin/network/wp-conflg.php?p= HTTP/1.1" 301 0 "-" "-"
52.169.206.229 - - [27/Nov/2025:01:02:37 -0500] "GET /wp-admin/network/wp-conflg.php HTTP/1.1" 404 16287 "-" "-"
52.169.206.229 - - [27/Nov/2025:01:02:37 -0500] "GET /click.php HTTP/1.1" 404 16287 "-" "-"
52.169.206.229 - - [27/Nov/2025:01:02:38 -0500] "GET /install.php HTTP/1.1" 404 16287 "-" "-"
52.169.206.229 - - [27/Nov/2025:01:02:38 -0500] "GET /lv.php HTTP/1.1" 404 16287 "-" "-"
52.169.206.229 - - [27/Nov/2025:01:02:38 -0500] "GET /simple.php HTTP/1.1" 404 16287 "-" "-"
52.169.206.229 - - [27/Nov/2025:01:02:38 -0500] "GET /css.php HTTP/1.1" 404 16287 "-" "-"
52.169.206.229 - - [27/Nov/2025:01:02:39 -0500] "GET /cong.php HTTP/1.1" 404 16287 "-" "-"
52.169.206.229 - - [27/Nov/2025:01:02:39 -0500] "GET /wp-includes/images/wp-login.php HTTP/1.1" 404 16287 "-" "-"
52.169.206.229 - - [27/Nov/2025:01:02:39 -0500] "GET /cong.php HTTP/1.1" 404 16287 "-" "-"
52.169.206.229 - - [27/Nov/2025:01:02:39 -0500] "GET /w.php HTTP/1.1" 404 16287 "-" "-"
52.169.206.229 - - [27/Nov/2025:01:02:40 -0500] "GET /404.php HTTP/1.1" 404 16287 "-" "-"
52.169.206.229 - - [27/Nov/2025:01:02:40 -0500] "GET /ioxi-o.php HTTP/1.1" 404 16287 "-" "-"
52.169.206.229 - - [27/Nov/2025:01:02:40 -0500] "GET /0x.php HTTP/1.1" 404 16286 "-" "-"
52.169.206.229 - - [27/Nov/2025:01:02:41 -0500] "GET /css.php HTTP/1.1" 404 16287 "-" "-"
52.169.206.229 - - [27/Nov/2025:01:02:41 -0500] "GET /222.php HTTP/1.1" 404 16287 "-" "-"
52.169.206.229 - - [27/Nov/2025:01:02:42 -0500] "GET /wp-content/index.php HTTP/1.1" 200 0 "-" "-"
52.169.206.229 - - [27/Nov/2025:01:02:42 -0500] "GET /1.php HTTP/1.1" 404 16287 "-" "-"
52.169.206.229 - - [27/Nov/2025:01:02:43 -0500] "GET /admin.php HTTP/1.1" 404 16287 "-" "-"
52.169.206.229 - - [27/Nov/2025:01:02:44 -0500] "GET /wp-admin/maint/maint.php HTTP/1.1" 404 16287 "-" "-"
52.169.206.229 - - [27/Nov/2025:01:02:44 -0500] "GET /classwithtostring.php HTTP/1.1" 404 16287 "-" "-"
52.169.206.229 - - [27/Nov/2025:01:02:45 -0500] "GET /abcd.php HTTP/1.1" 404 16287 "-" "-"
52.169.206.229 - - [27/Nov/2025:01:02:45 -0500] "GET /0x.php HTTP/1.1" 404 16286 "-" "-"
52.169.206.229 - - [27/Nov/2025:01:02:45 -0500] "GET /moon.php?p= HTTP/1.1" 301 0 "-" "-"
52.169.206.229 - - [27/Nov/2025:01:02:45 -0500] "GET /moon.php HTTP/1.1" 404 16287 "-" "-"
52.169.206.229 - - [27/Nov/2025:01:02:46 -0500] "GET /autoload_classmap.php?p= HTTP/1.1" 301 0 "-" "-"
52.169.206.229 - - [27/Nov/2025:01:02:46 -0500] "GET /autoload_classmap.php HTTP/1.1" 404 16287 "-" "-"
52.169.206.229 - - [27/Nov/2025:01:02:46 -0500] "GET /inputs.php HTTP/1.1" 404 16287 "-" "-"
52.169.206.229 - - [27/Nov/2025:01:02:47 -0500] "GET /about.php HTTP/1.1" 404 16287 "-" "-"
52.169.206.229 - - [27/Nov/2025:01:02:47 -0500] "GET /alfa.php HTTP/1.1" 404 16287 "-" "-"
52.169.206.229 - - [27/Nov/2025:01:02:48 -0500] "GET /themes/twentytwentytwo/index.php HTTP/1.1" 301 0 "-" "-"
52.169.206.229 - - [27/Nov/2025:01:02:49 -0500] "GET /themes/twentytwentytwo/ HTTP/1.1" 404 16287 "-" "-"
52.169.206.229 - - [27/Nov/2025:01:02:50 -0500] "GET /wp-admin/js/wp-conflg.php?p= HTTP/1.1" 301 0 "-" "-"
52.169.206.229 - - [27/Nov/2025:01:02:50 -0500] "GET /wp-admin/js/wp-conflg.php HTTP/1.1" 404 16287 "-" "-"
52.169.206.229 - - [27/Nov/2025:01:02:50 -0500] "GET /wp-admin/wp-conflg.php?p= HTTP/1.1" 301 0 "-" "-"
52.169.206.229 - - [27/Nov/2025:01:02:51 -0500] "GET /wp-admin/wp-conflg.php HTTP/1.1" 404 16286 "-" "-"
52.169.206.229 - - [27/Nov/2025:01:02:51 -0500] "GET /wp-admin/css/wp-conflg.php?p= HTTP/1.1" 301 0 "-" "-"
52.169.206.229 - - [27/Nov/2025:01:02:52 -0500] "GET /wp-admin/css/wp-conflg.php HTTP/1.1" 404 16287 "-" "-"
52.169.206.229 - - [27/Nov/2025:01:02:52 -0500] "GET /manager.php?p= HTTP/1.1" 301 0 "-" "-"
52.169.206.229 - - [27/Nov/2025:01:02:53 -0500] "GET /manager.php HTTP/1.1" 404 16287 "-" "-"
52.169.206.229 - - [27/Nov/2025:01:02:53 -0500] "GET /item.php HTTP/1.1" 404 16287 "-" "-"
52.169.206.229 - - [27/Nov/2025:01:02:54 -0500] "GET /plugins/Cache/footer.php HTTP/1.1" 404 16287 "-" "-"
52.169.206.229 - - [27/Nov/2025:01:02:54 -0500] "GET /404.php HTTP/1.1" 404 16287 "-" "-"
52.169.206.229 - - [27/Nov/2025:01:02:54 -0500] "GET /mail.php HTTP/1.1" 404 16287 "-" "-"
52.169.206.229 - - [27/Nov/2025:01:02:54 -0500] "GET /wp-content/plugins/index.php HTTP/1.1" 200 0 "-" "-"
52.169.206.229 - - [27/Nov/2025:01:02:54 -0500] "GET /sx.php HTTP/1.1" 404 16287 "-" "-"
52.169.206.229 - - [27/Nov/2025:01:02:54 -0500] "GET /wp-admin/maint/admin.php HTTP/1.1" 404 16287 "-" "-"
52.169.206.229 - - [27/Nov/2025:01:02:55 -0500] "GET /alfa.php HTTP/1.1" 404 16287 "-" "-"
52.169.206.229 - - [27/Nov/2025:01:02:56 -0500] "GET /1.php HTTP/1.1" 404 16287 "-" "-"
52.169.206.229 - - [27/Nov/2025:01:02:56 -0500] "GET /byp.php HTTP/1.1" 404 16287 "-" "-"
52.169.206.229 - - [27/Nov/2025:01:02:56 -0500] "GET /wp-trackback.php HTTP/1.1" 404 91 "-" "-"
52.169.206.229 - - [27/Nov/2025:01:02:56 -0500] "GET /.well-known/index.php HTTP/1.1" 301 0 "-" "-"
52.169.206.229 - - [27/Nov/2025:01:02:57 -0500] "GET /.well-known/ HTTP/1.1" 403 1242 "-" "-"
52.169.206.229 - - [27/Nov/2025:01:02:57 -0500] "GET /wp-admin/network/plugins.php HTTP/1.1" 302 0 "-" "-"
52.169.206.229 - - [27/Nov/2025:01:02:58 -0500] "GET /wp-login.php?redirect_to=https%3A%2F%2Fmadeinbranded.com%2Fwp-admin%2Fnetwork%2Fplugins.php&reauth=1 HTTP/1.1" 200 2286 "-" "-"
52.169.206.229 - - [27/Nov/2025:01:02:58 -0500] "GET /wp-admin/about.php HTTP/1.1" 302 0 "-" "-"
52.169.206.229 - - [27/Nov/2025:01:02:58 -0500] "GET /wp-login.php?redirect_to=https%3A%2F%2Fmadeinbranded.com%2Fwp-admin%2Fabout.php&reauth=1 HTTP/1.1" 200 2280 "-" "-"
52.169.206.229 - - [27/Nov/2025:01:02:58 -0500] "GET /gmo.php HTTP/1.1" 404 16287 "-" "-"
52.169.206.229 - - [27/Nov/2025:01:02:59 -0500] "GET /wp-includes/ID3/about.php HTTP/1.1" 404 16287 "-" "-"
52.169.206.229 - - [27/Nov/2025:01:02:59 -0500] "GET /css/index.php HTTP/1.1" 301 0 "-" "-"
52.169.206.229 - - [27/Nov/2025:01:02:59 -0500] "GET /css/ HTTP/1.1" 404 16287 "-" "-"
52.169.206.229 - - [27/Nov/2025:01:03:00 -0500] "GET /wp-includes/SimplePie/wp-login.php HTTP/1.1" 404 16286 "-" "-"
52.169.206.229 - - [27/Nov/2025:01:03:01 -0500] "GET /wp-content/themes/about.php HTTP/1.1" 404 16287 "-" "-"
52.169.206.229 - - [27/Nov/2025:01:03:02 -0500] "GET /filemanager/dialog.php HTTP/1.1" 404 16287 "-" "-"
52.169.206.229 - - [27/Nov/2025:01:03:02 -0500] "GET /wp-admin/maint/index.php HTTP/1.1" 301 0 "-" "-"
52.169.206.229 - - [27/Nov/2025:01:03:03 -0500] "GET /wp-admin/maint/ HTTP/1.1" 403 1242 "-" "-"
52.169.206.229 - - [27/Nov/2025:01:03:03 -0500] "GET /wp-includes/customize/about.php HTTP/1.1" 404 16287 "-" "-"
52.169.206.229 - - [27/Nov/2025:01:03:03 -0500] "GET /index/function.php HTTP/1.1" 404 16287 "-" "-"
52.169.206.229 - - [27/Nov/2025:01:03:03 -0500] "GET /uploads/autoload_classmap.php HTTP/1.1" 404 16287 "-" "-"
52.169.206.229 - - [27/Nov/2025:01:03:04 -0500] "GET /wp-includes/style-engine/about.php HTTP/1.1" 404 16287 "-" "-"
52.169.206.229 - - [27/Nov/2025:01:03:04 -0500] "GET /ww1.php HTTP/1.1" 404 16287 "-" "-"
52.169.206.229 - - [27/Nov/2025:01:03:04 -0500] "GET /about/function.php HTTP/1.1" 404 16287 "-" "-"
52.169.206.229 - - [27/Nov/2025:01:03:05 -0500] "GET /admin/function.php HTTP/1.1" 404 16287 "-" "-"
52.169.206.229 - - [27/Nov/2025:01:03:05 -0500] "GET /.well-known/acme-challenge/index.php HTTP/1.1" 301 0 "-" "-"
52.169.206.229 - - [27/Nov/2025:01:03:05 -0500] "GET /.well-known/acme-challenge/ HTTP/1.1" 404 16287 "-" "-"
52.169.206.229 - - [27/Nov/2025:01:03:06 -0500] "GET /css/colors/blue/index.php HTTP/1.1" 301 0 "-" "-"
52.169.206.229 - - [27/Nov/2025:01:03:06 -0500] "GET /css/colors/blue/ HTTP/1.1" 404 16287 "-" "-"
52.169.206.229 - - [27/Nov/2025:01:03:06 -0500] "GET /security.php HTTP/1.1" 404 16287 "-" "-"
52.169.206.229 - - [27/Nov/2025:01:03:07 -0500] "GET /wp-admin/user/about.php HTTP/1.1" 302 0 "-" "-"
52.169.206.229 - - [27/Nov/2025:01:03:07 -0500] "GET /wp-login.php?redirect_to=https%3A%2F%2Fmadeinbranded.com%2Fwp-admin%2Fuser%2Fabout.php&reauth=1 HTTP/1.1" 200 2280 "-" "-"
52.169.206.229 - - [27/Nov/2025:01:03:07 -0500] "GET /wp-admin/js/index.php HTTP/1.1" 301 0 "-" "-"
52.169.206.229 - - [27/Nov/2025:01:03:08 -0500] "GET /wp-admin/js/ HTTP/1.1" 403 1242 "-" "-"
52.169.206.229 - - [27/Nov/2025:01:03:08 -0500] "GET /wp-content/upgrade/about.php HTTP/1.1" 404 16287 "-" "-"
52.169.206.229 - - [27/Nov/2025:01:03:08 -0500] "GET /wp-includes/assets/index.php HTTP/1.1" 301 0 "-" "-"
52.169.206.229 - - [27/Nov/2025:01:03:08 -0500] "GET /wp-includes/assets/ HTTP/1.1" 403 1242 "-" "-"
52.169.206.229 - - [27/Nov/2025:01:03:08 -0500] "GET /wp-content/radio.php HTTP/1.1" 404 16287 "-" "-"
52.169.206.229 - - [27/Nov/2025:01:03:09 -0500] "GET /wp-includes/fonts/index.php?p= HTTP/1.1" 301 0 "-" "-"
52.169.206.229 - - [27/Nov/2025:01:03:09 -0500] "GET /wp-includes/fonts/ HTTP/1.1" 403 1242 "-" "-"
52.169.206.229 - - [27/Nov/2025:01:03:09 -0500] "GET /.well-known/admin.php HTTP/1.1" 404 16287 "-" "-"
52.169.206.229 - - [27/Nov/2025:01:03:09 -0500] "GET /wp-content/admin.php HTTP/1.1" 404 16286 "-" "-"
52.169.206.229 - - [27/Nov/2025:01:03:10 -0500] "GET /wp-content/plugins/admin.php HTTP/1.1" 404 16286 "-" "-"
52.169.206.229 - - [27/Nov/2025:01:03:10 -0500] "GET /wp-content/themes/twentytwentytwo/index.php?p= HTTP/1.1" 301 0 "-" "-"
52.169.206.229 - - [27/Nov/2025:01:03:10 -0500] "GET /wp-content/themes/twentytwentytwo/ HTTP/1.1" 404 16286 "-" "-"
52.169.206.229 - - [27/Nov/2025:01:03:10 -0500] "GET /.well-known/log.php HTTP/1.1" 404 16286 "-" "-"
52.169.206.229 - - [27/Nov/2025:01:03:10 -0500] "GET /class.php HTTP/1.1" 404 16286 "-" "-"
52.169.206.229 - - [27/Nov/2025:01:03:11 -0500] "GET /bless5.php HTTP/1.1" 404 16286 "-" "-"
52.169.206.229 - - [27/Nov/2025:01:03:11 -0500] "GET /wp-includes/js/codemirror/index.php HTTP/1.1" 301 0 "-" "-"
52.169.206.229 - - [27/Nov/2025:01:03:11 -0500] "GET /wp-includes/js/codemirror/ HTTP/1.1" 403 1242 "-" "-"
52.169.206.229 - - [27/Nov/2025:01:03:11 -0500] "GET /wp-includes/block-patterns/index.php HTTP/1.1" 301 0 "-" "-"
52.169.206.229 - - [27/Nov/2025:01:03:11 -0500] "GET /wp-includes/block-patterns/ HTTP/1.1" 403 1242 "-" "-"
52.169.206.229 - - [27/Nov/2025:01:03:11 -0500] "GET /lock360.php HTTP/1.1" 404 16286 "-" "-"
52.169.206.229 - - [27/Nov/2025:01:03:11 -0500] "GET /f35.php HTTP/1.1" 404 16286 "-" "-"
52.169.206.229 - - [27/Nov/2025:01:03:12 -0500] "GET /ioxi-o1.php HTTP/1.1" 404 16286 "-" "-"
52.169.206.229 - - [27/Nov/2025:01:03:12 -0500] "GET /juuuu.php HTTP/1.1" 404 16286 "-" "-"
52.169.206.229 - - [27/Nov/2025:01:03:12 -0500] "GET /ha.php HTTP/1.1" 404 16286 "-" "-"
