40.77.167.235 - - [24/Nov/2025:15:02:20 -0500] "GET /wp-content/uploads/2023/07/Tekken-8-characters-Asuka-Kazama-1024x576.jpg HTTP/1.1" 403 1242 "-" "Mozilla/5.0 AppleWebKit/537.36 (KHTML, like Gecko; compatible; bingbot/2.0; +http://www.bing.com/bingbot.htm) Chrome/116.0.1938.76 Safari/537.36"
5.255.231.116 - - [24/Nov/2025:15:22:58 -0500] "GET /robots.txt HTTP/1.1" 304 0 "-" "Mozilla/5.0 (compatible; YandexBot/3.0; +http://yandex.com/bots)"
213.180.203.162 - - [24/Nov/2025:15:22:59 -0500] "GET /wp-content/uploads/2019/10/1_onmyoji.jpg HTTP/1.1" 200 500 "-" "Mozilla/5.0 (compatible; YandexImages/3.0; +http://yandex.com/bots)"
185.244.183.69 - - [24/Nov/2025:15:51:36 -0500] "GET /contact/ HTTP/1.1" 200 500 "https://gamepointpk.com/contact/" "Mozilla/5.0 (Windows NT 6.3; WOW64) AppleWebKit/537.36 (KHTML, like Gecko) Chrome/103.0.5060.114 Safari/537.36"
185.244.183.69 - - [24/Nov/2025:15:51:36 -0500] "GET / HTTP/1.1" 200 500 "https://gamepointpk.com/" "Mozilla/5.0 (Windows NT 6.3; WOW64) AppleWebKit/537.36 (KHTML, like Gecko) Chrome/103.0.5060.114 Safari/537.36"
180.110.203.108 - - [24/Nov/2025:16:07:52 -0500] "GET / HTTP/1.1" 200 500 "http://www.gamepointpk.com" "Mozilla/5.0 (iPhone; CPU iPhone OS 13_2_3 like Mac OS X) AppleWebKit/605.1.15 (KHTML, like Gecko) Version/13.0.3 Mobile/15E148 Safari/604.1"
51.79.137.110 - - [24/Nov/2025:16:11:02 -0500] "GET /postnews.php HTTP/1.1" 200 500 "http://gamepointpk.com/postnews.php" "Go-http-client/2.0"
51.79.137.110 - - [24/Nov/2025:16:11:03 -0500] "GET /wp-content/postnews.php HTTP/1.1" 200 500 "http://gamepointpk.com/wp-content/postnews.php" "Go-http-client/2.0"
51.79.137.110 - - [24/Nov/2025:16:11:06 -0500] "GET /wp-admin/postnews.php HTTP/1.1" 200 500 "http://gamepointpk.com/wp-admin/postnews.php" "Go-http-client/2.0"
114.119.129.107 - - [24/Nov/2025:16:32:10 -0500] "GET /2021/01/subway-surfers-space-station-world-tour.html HTTP/1.1" 200 500 "https://www.gamepointpk.com/2021/01/sand-balls-walkthrough-gameplay-level.html" "Mozilla/5.0 (Linux; Android 7.0;) AppleWebKit/537.36 (KHTML, like Gecko) Mobile Safari/537.36 (compatible; PetalBot;+https://webmaster.petalsearch.com/site/petalbot)"
2a03:2880:f806:11:: - - [24/Nov/2025:16:41:47 -0500] "GET /best-android-games-in-2023-the-ultimate-guide/ HTTP/1.1" 200 500 "-" "meta-externalagent/1.1 (+https://developers.facebook.com/docs/sharing/webmasters/crawler)"
66.249.69.224 - - [24/Nov/2025:16:42:34 -0500] "GET /robots.txt HTTP/1.1" 304 0 "-" "Mozilla/5.0 (compatible; Googlebot/2.1; +http://www.google.com/bot.html)"
66.249.69.225 - - [24/Nov/2025:16:42:34 -0500] "GET /sitemap_index.xml HTTP/1.1" 200 500 "-" "Mozilla/5.0 (compatible; Googlebot/2.1; +http://www.google.com/bot.html)"
103.21.148.76 - - [24/Nov/2025:16:55:44 -0500] "GET /index.php?option=com_joomanager&controller=details&task=download&path=configuration.php HTTP/1.1" 200 500 "-" "python-requests/2.32.5"
114.119.129.82 - - [24/Nov/2025:17:08:15 -0500] "GET /2021/07/bricks-ball-crusher-gameplay-infinity.html?m=1 HTTP/1.1" 200 500 "-" "Mozilla/5.0 (Linux; Android 7.0;) AppleWebKit/537.36 (KHTML, like Gecko) Mobile Safari/537.36 (compatible; PetalBot;+https://webmaster.petalsearch.com/site/petalbot)"
185.192.16.176 - - [24/Nov/2025:17:17:16 -0500] "GET /.env HTTP/1.1" 403 1242 "-" "Mozilla/5.0 (Macintosh; Intel Mac OS X 10.15; rv:77.0) Gecko/20100101 Firefox/77.0"
185.192.16.207 - - [24/Nov/2025:17:17:16 -0500] "GET /wp-content/ HTTP/1.1" 200 14 "-" "Mozilla/5.0 (Macintosh; Intel Mac OS X 10.15; rv:77.0) Gecko/20100101 Firefox/77.0"
66.249.75.167 - - [24/Nov/2025:17:21:58 -0500] "GET /robots.txt HTTP/1.1" 304 0 "-" "Mozilla/5.0 (compatible; Googlebot/2.1; +http://www.google.com/bot.html)"
66.249.75.166 - - [24/Nov/2025:17:21:59 -0500] "GET /ads.txt HTTP/1.1" 200 58 "-" "Mozilla/5.0 (compatible; Googlebot/2.1; +http://www.google.com/bot.html)"
205.210.31.153 - - [24/Nov/2025:17:23:20 -0500] "GET / HTTP/1.1" 200 500 "http://172.67.221.185:80/" "-"
93.113.98.172 - - [24/Nov/2025:17:39:33 -0500] "HEAD /wp/wp-login.php HTTP/1.1" 200 0 "-" "Mozilla/5.0 (Windows NT 10.0; Win64; x64) AppleWebKit/537.36 (KHTML, like Gecko) Chrome/120.0.0.0 Safari/537.36"
2a02:598:96:8a00::1200:13b - - [24/Nov/2025:17:39:48 -0500] "GET /best-android-games-in-2023-the-ultimate-guide/ HTTP/1.1" 200 500 "-" "Mozilla/5.0 (compatible; SeznamBot/4.0; +https://o-seznam.cz/napoveda/vyhledavani/en/seznambot-crawler/)"
162.0.217.77 - - [24/Nov/2025:17:45:45 -0500] "GET / HTTP/1.1" 200 500 "-" "Mozilla/5.0 (Windows NT 10.0; Win64; x64; rv:122.0) Gecko/20100101 Firefox/122.0"
104.244.72.193 - - [24/Nov/2025:18:01:59 -0500] "GET /?author=1 HTTP/1.1" 403 1242 "http://www.google.com.hk" "Mozilla/5.0 (Windows NT 6.1; WOW64) AppleWebKit/537.36 (KHTML, like Gecko) Chrome/42.0.2311.90 Safari/537.36"
212.34.129.45 - - [24/Nov/2025:18:26:03 -0500] "GET /privet-mir/ HTTP/1.1" 200 500 "https://gamepointpk.com/privet-mir/" "Mozilla/5.0 (Windows NT 10.0; Win64; x64) AppleWebKit/537.36 (KHTML, like Gecko) Chrome/131.0.0.0 Safari/537.36 Avast/131.0.0.0"
212.34.129.45 - - [24/Nov/2025:18:26:03 -0500] "GET / HTTP/1.1" 200 500 "https://gamepointpk.com/" "Mozilla/5.0 (Windows NT 10.0; Win64; x64) AppleWebKit/537.36 (KHTML, like Gecko) Chrome/131.0.0.0 Safari/537.36 Avast/131.0.0.0"
135.181.213.219 - - [24/Nov/2025:18:26:17 -0500] "GET /robots.txt HTTP/1.1" 302 771 "-" "Mozilla/5.0 (compatible; MJ12bot/v1.4.8; http://mj12bot.com/)"
135.181.213.219 - - [24/Nov/2025:18:26:20 -0500] "GET /1-Paar-2-F%C3%BC%C3%9Fe-8cm-gr%C3%BCn-Baby-Fu%C3%9F-Abdruck-Spur-Aufkleber-Tattoo-M%C3%B6bel-Deko-Folie-Karosserie-&-Exterieur-Styling-u1805/ HTTP/1.1" 200 500 "-" "Mozilla/5.0 (compatible; MJ12bot/v1.4.8; http://mj12bot.com/)"
135.181.213.219 - - [24/Nov/2025:18:26:23 -0500] "GET /1-Paar-R%C3%BCckscheibe-Sonnenschutz-Autoscheibe-Abdeckung-Sonneschirm-XL-AutoKindersitze-&-Zubeh%C3%B6r-Sonnenschutz-u3685/ HTTP/1.1" 200 500 "-" "Mozilla/5.0 (compatible; MJ12bot/v1.4.8; http://mj12bot.com/)"
135.181.213.219 - - [24/Nov/2025:18:26:26 -0500] "GET /Pebble-Plus-NEU-petrol-Baby-Sommerbezug-Schonbezug-Frottee-f%C3%BCr-Maxicosi-Pebble-u2666/ HTTP/1.1" 200 500 "-" "Mozilla/5.0 (compatible; MJ12bot/v1.4.8; http://mj12bot.com/)"
135.181.213.219 - - [24/Nov/2025:18:26:29 -0500] "GET /Pink-CabrioFix-DOOKY-HOODY-Style-UV-Universal-Verdeck-f%C3%BCr-Maxi-Cosi-Cabrio-u3603/ HTTP/1.1" 200 500 "-" "Mozilla/5.0 (compatible; MJ12bot/v1.4.8; http://mj12bot.com/)"
135.181.213.219 - - [24/Nov/2025:18:26:32 -0500] "GET /Rosenthal-Rosenthal-Maria-weiss-Kerzenst%C3%A4nder-Antiquit%C3%A4ten-&-Kunst-u884/ HTTP/1.1" 200 500 "-" "Mozilla/5.0 (compatible; MJ12bot/v1.4.8; http://mj12bot.com/)"
135.181.213.219 - - [24/Nov/2025:18:26:35 -0500] "GET /Rosette-in-Nickel-gl%C3%A4nzend-Nostalgie-&-Neuware-T%C3%BCrRosetten-Dr%C3%BCckerrosetten-Zimmert%C3%BCren-u224/ HTTP/1.1" 200 500 "-" "Mozilla/5.0 (compatible; MJ12bot/v1.4.8; http://mj12bot.com/)"
135.181.213.219 - - [24/Nov/2025:18:26:39 -0500] "GET /R%C3%A4uchermann-Beamtin-weiblich-NEUHEIT-Antiquit%C3%A4ten-&-Kunst-u1067/ HTTP/1.1" 200 500 "-" "Mozilla/5.0 (compatible; MJ12bot/v1.4.8; http://mj12bot.com/)"
45.3.43.32 - - [24/Nov/2025:18:26:42 -0500] "GET /wp/wp-login.php HTTP/1.1" 200 500 "-" "Mozilla/5.0 (Windows NT 10.0; Win64; x64) AppleWebKit/537.36 (KHTML, like Gecko) Chrome/115.0.0.0 Safari/537.36 Edg/115.0.1901.203"
135.181.213.219 - - [24/Nov/2025:18:26:42 -0500] "GET /R%C3%A4uchermann-T%C3%BCrke-rot-R%C3%A4ucherm%C3%A4nner-u1059/ HTTP/1.1" 200 500 "-" "Mozilla/5.0 (compatible; MJ12bot/v1.4.8; http://mj12bot.com/)"
135.181.213.219 - - [24/Nov/2025:18:26:45 -0500] "GET /R%C3%B6mer-Lord-oder-Duo-Bezug-Ersatzbezug-blau-kariert-Ersatzbez%C3%BCge-u2753/ HTTP/1.1" 200 500 "-" "Mozilla/5.0 (compatible; MJ12bot/v1.4.8; http://mj12bot.com/)"
135.181.213.219 - - [24/Nov/2025:18:26:48 -0500] "GET /R%C3%B6mer-Lord-oder-Duo-Bezug-Ersatzbezug-schwarz-Ersatzbez%C3%BCge-u2476/ HTTP/1.1" 200 500 "-" "Mozilla/5.0 (compatible; MJ12bot/v1.4.8; http://mj12bot.com/)"
135.181.213.219 - - [24/Nov/2025:18:26:51 -0500] "GET /R%C3%BCckenlehnenschutz-2-St%C3%BCck-R%C3%BCckenlehnenschutz-f%C3%BCr-Auto-R%C3%BCcksitz-Organizer-Auto-f%C3%BCr-Kinder-NIA-u3419/ HTTP/1.1" 200 500 "-" "Mozilla/5.0 (compatible; MJ12bot/v1.4.8; http://mj12bot.com/)"
135.181.213.219 - - [24/Nov/2025:18:26:54 -0500] "GET /R%C3%BCckenlehnenschutz-Auto-R%C3%BCcksitz-OrganizerKinder-Schmutzabweisender-R%C3%BCckenlehnenschutz-Kick-ne-Baby-u3221/ HTTP/1.1" 200 500 "-" "Mozilla/5.0 (compatible; MJ12bot/v1.4.8; http://mj12bot.com/)"
135.181.213.219 - - [24/Nov/2025:18:26:57 -0500] "GET /R%C3%BCckenlehnenschutz-AutoKindersitze-&-Zubeh%C3%B6r-2-X-R%C3%BCcksitztasche-R%C3%BCckenlehnentasche-R%C3%BCckenlehnenschutz-Auto-Tasche-Schutzfolie-u3406/ HTTP/1.1" 200 500 "-" "Mozilla/5.0 (compatible; MJ12bot/v1.4.8; http://mj12bot.com/)"
135.181.213.219 - - [24/Nov/2025:18:27:00 -0500] "GET /R%C3%BCckenlehnenschutz-AutoR%C3%BCcksitzOrganizerKinderSchmutzabweisender-R%C3%BCckenlehnenAutositzauflage-u3230/ HTTP/1.1" 200 500 "-" "Mozilla/5.0 (compatible; MJ12bot/v1.4.8; http://mj12bot.com/)"
135.181.213.219 - - [24/Nov/2025:18:27:03 -0500] "GET /R%C3%BCckenlehnenschutz-Baby-2xPULeder-Auto-R%C3%BCcksitz-Organizer-Kinder-Schmutzabweisender-R%C3%BCckenlehnen-schutz-u3329/ HTTP/1.1" 200 500 "-" "Mozilla/5.0 (compatible; MJ12bot/v1.4.8; http://mj12bot.com/)"
135.181.213.219 - - [24/Nov/2025:18:27:12 -0500] "GET /R%C3%BCckenlehnenschutz-Baby-R%C3%BCcklehnenschutz-Disney-STAR-WARS-Schutzmatte-f%C3%BCr-R%C3%BCckseite-Sitzschoner-Auto-u3401/ HTTP/1.1" 200 500 "-" "Mozilla/5.0 (compatible; MJ12bot/v1.4.8; http://mj12bot.com/)"
135.181.213.219 - - [24/Nov/2025:18:27:16 -0500] "GET /R%C3%BCckenlehnenschutz-R%C3%BCcksitzschoner-Sitzschoner-Auto-KFZ-Kindersitz-Unterlage-R%C3%BCckenlehnenschutz-AutoKindersitze-&-Zubeh%C3%B6r-u3228/ HTTP/1.1" 200 500 "-" "Mozilla/5.0 (compatible; MJ12bot/v1.4.8; http://mj12bot.com/)"
135.181.213.219 - - [24/Nov/2025:18:27:19 -0500] "GET /R%C3%BCckenlehnenschutz-auto-Baby-u3139/ HTTP/1.1" 200 500 "-" "Mozilla/5.0 (compatible; MJ12bot/v1.4.8; http://mj12bot.com/)"
135.181.213.219 - - [24/Nov/2025:18:27:22 -0500] "GET /R%C3%BCckenlehnenschutz-f%C3%BCr-Auto-Kinder-von-ZAROSO-mit-gro%C3%9Fer-Tasche-und-2-St%C3%BCck-u3125/ HTTP/1.1" 200 500 "-" "Mozilla/5.0 (compatible; MJ12bot/v1.4.8; http://mj12bot.com/)"
135.181.213.219 - - [24/Nov/2025:18:27:25 -0500] "GET /R%C3%BCckenlehnentasche-R%C3%BCcksitztasche-R%C3%BCcklehnenschutz-Organizer-Autositztasch-TEM-Sonstige-u1437/ HTTP/1.1" 200 500 "-" "Mozilla/5.0 (compatible; MJ12bot/v1.4.8; http://mj12bot.com/)"
135.181.213.219 - - [24/Nov/2025:18:27:28 -0500] "GET /R%C3%BCckenlehnentasche-R%C3%BCcksitztasche-R%C3%BCcklehnenschutz-Organizer-Autositztasch-TZl-Innenausstattung-u1441/ HTTP/1.1" 200 500 "-" "Mozilla/5.0 (compatible; MJ12bot/v1.4.8; http://mj12bot.com/)"
135.181.213.219 - - [24/Nov/2025:18:27:31 -0500] "GET /R%C3%BCcksitztasche-Auto-R%C3%BCcklehnenschutz-Organizer-Autositztasche-1tlg-Halter-u3137/ HTTP/1.1" 200 500 "-" "Mozilla/5.0 (compatible; MJ12bot/v1.4.8; http://mj12bot.com/)"
135.181.213.219 - - [24/Nov/2025:18:27:34 -0500] "GET /R%C3%BCcksitztasche-LuckyTomSpielzeugtascheR%C3%BCckenlehnentascheAuto-TascheOrganizer-Baby-u3231/ HTTP/1.1" 200 500 "-" "Mozilla/5.0 (compatible; MJ12bot/v1.4.8; http://mj12bot.com/)"
135.181.213.219 - - [24/Nov/2025:18:27:37 -0500] "GET /R%C3%BCcksitztasche-Spielzeugtasche-R%C3%BCckenlehnentasche-Auto-Tasche-Organizer-KFZ-rosa-AutoKindersitze-&-Zubeh%C3%B6r-R%C3%BCckenlehnenschutz-u3131/ HTTP/1.1" 200 500 "-" "Mozilla/5.0 (compatible; MJ12bot/v1.4.8; http://mj12bot.com/)"
135.181.213.219 - - [24/Nov/2025:18:27:40 -0500] "GET /SONNENSCHUTZ-SET-UNIVERSAL-PASSEND-SEITEN-HECKFENSTER-44-x-36-cm-SUNSHADE-BLACK-Sonnenschutz-AutoKindersitze-&-Zubeh%C3%B6r-u3796/ HTTP/1.1" 200 500 "-" "Mozilla/5.0 (compatible; MJ12bot/v1.4.8; http://mj12bot.com/)"
135.181.213.219 - - [24/Nov/2025:18:27:43 -0500] "GET /SONNENSCHUTZ-Sonnenblende-SEITENSCHEIBE-44-x-35cm-Disney-CARS-Lizenz-NEU-Baby-Zubeh%C3%B6r-u3779/ HTTP/1.1" 200 500 "-" "Mozilla/5.0 (compatible; MJ12bot/v1.4.8; http://mj12bot.com/)"
135.181.213.219 - - [24/Nov/2025:18:27:46 -0500] "GET /SP135-2x-Fisher-Price-Sonnenrollo-Auto-Sonnenschutzrollo-Kinder-Sonnenschutz-G2-Sonnenschutz-Zubeh%C3%B6r-u3985/ HTTP/1.1" 200 500 "-" "Mozilla/5.0 (compatible; MJ12bot/v1.4.8; http://mj12bot.com/)"
135.181.213.219 - - [24/Nov/2025:18:27:49 -0500] "GET /STAR-iBaby%C2%A0%C2%A0Kinderbett-dimmbar-6%C2%A0aturas-neigbar-CoSleeping-u4533/ HTTP/1.1" 200 500 "-" "Mozilla/5.0 (compatible; MJ12bot/v1.4.8; http://mj12bot.com/)"
135.181.213.219 - - [24/Nov/2025:18:27:52 -0500] "GET /ST%C3%9CCKAUTOR%C3%9CCKENLEHNENSCHUTZ-R%C3%BCckenlehnenschutz-AutoKindersitze-&-Zubeh%C3%B6r-u3404/ HTTP/1.1" 200 500 "-" "Mozilla/5.0 (compatible; MJ12bot/v1.4.8; http://mj12bot.com/)"
135.181.213.219 - - [24/Nov/2025:18:27:55 -0500] "GET /Sauciere-125-cm-205-cm-Breite-ca-Maria-wei%C3%9F-Rosenthal-L%C3%A4nge-ca-u882/ HTTP/1.1" 200 500 "-" "Mozilla/5.0 (compatible; MJ12bot/v1.4.8; http://mj12bot.com/)"
135.181.213.219 - - [24/Nov/2025:18:27:58 -0500] "GET /Schardt-Bettset-Lovely-Birds-Yellow-Babybett-Set-Himmel-Nestchen-Bettw%C3%A4sche-Baby-Bettsets-u4440/ HTTP/1.1" 200 500 "-" "Mozilla/5.0 (compatible; MJ12bot/v1.4.8; http://mj12bot.com/)"
135.181.213.219 - - [24/Nov/2025:18:28:01 -0500] "GET /Schardt-Bettset-Maliz-Bunt-Babybett-Set-KinderbettSet-Himmel-Nestchen-Bettw%C3%A4sche-Baby-u4633/ HTTP/1.1" 200 500 "-" "Mozilla/5.0 (compatible; MJ12bot/v1.4.8; http://mj12bot.com/)"
135.181.213.219 - - [24/Nov/2025:18:28:04 -0500] "GET /Schl%C3%BCssellochrosette-in-Eisen-antik-gerostet-SchlossRosette-Calendula-BB-Historische-Baustoffe-u226/ HTTP/1.1" 200 500 "-" "Mozilla/5.0 (compatible; MJ12bot/v1.4.8; http://mj12bot.com/)"
135.181.213.219 - - [24/Nov/2025:18:28:07 -0500] "GET /Schmuckschatullen-Schatulle-Windm%C3%BChle-Holz-Buchattrappe-Box-K%C3%A4stchen-Etui-Buch-antik-Stil-book-L-u24/ HTTP/1.1" 200 500 "-" "Mozilla/5.0 (compatible; MJ12bot/v1.4.8; http://mj12bot.com/)"
135.181.213.219 - - [24/Nov/2025:18:28:10 -0500] "GET /Schmutzschutz-Zubeh%C3%B6r-Sitzschutz-Reer-Hochwertige-Schutzunterlage-f%C3%BCr-Autositze-u3504/ HTTP/1.1" 200 500 "-" "Mozilla/5.0 (compatible; MJ12bot/v1.4.8; http://mj12bot.com/)"
135.181.213.219 - - [24/Nov/2025:18:28:13 -0500] "GET /Schutz-f%C3%BCr-Kinder-und-Babys-vor-Sonne-2er-SET-UVSonnenschutz-f%C3%BCrs-Auto-PKW-u3797/ HTTP/1.1" 200 500 "-" "Mozilla/5.0 (compatible; MJ12bot/v1.4.8; http://mj12bot.com/)"
135.181.213.219 - - [24/Nov/2025:18:28:16 -0500] "GET /Schwarz-Autositzauflage-Sitzschoner-Sitzschutz-Kindersitzunterlage-Schonbezug-DE-Zubeh%C3%B6r-u3512/ HTTP/1.1" 200 500 "-" "Mozilla/5.0 (compatible; MJ12bot/v1.4.8; http://mj12bot.com/)"
135.181.213.219 - - [24/Nov/2025:18:28:19 -0500] "GET /Schwarze-Rosette-f%C3%BCr-T%C3%BCrbeschl%C3%A4ge-Rosette-f%C3%BCr-T%C3%BCrklinken-T%C3%BCr-&-Fensterbeschl%C3%A4ge-u312/ HTTP/1.1" 200 500 "-" "Mozilla/5.0 (compatible; MJ12bot/v1.4.8; http://mj12bot.com/)"
135.181.213.219 - - [24/Nov/2025:18:28:22 -0500] "GET /Sch%C3%BCssel-Kleine-Suppen-Ammerland-Ceracron-Melitta-Friesland-Katen-u863/ HTTP/1.1" 200 500 "-" "Mozilla/5.0 (compatible; MJ12bot/v1.4.8; http://mj12bot.com/)"
135.181.213.219 - - [24/Nov/2025:18:28:25 -0500] "GET /Sch%C3%BCtzt-vor-Schmutz-R%C3%9CCKENLEHNENSCHONER-Lizenz-NINJA-TURTLES-NEU-u3510/ HTTP/1.1" 200 500 "-" "Mozilla/5.0 (compatible; MJ12bot/v1.4.8; http://mj12bot.com/)"
135.181.213.219 - - [24/Nov/2025:18:28:28 -0500] "GET /Sehr-altF%C3%BCrstenbergPorzellanTellerFr%C3%BCchteZitronePflaumeum-1860handbemalt-F%C3%BCrstenberg-u788/ HTTP/1.1" 200 500 "-" "Mozilla/5.0 (compatible; MJ12bot/v1.4.8; http://mj12bot.com/)"
135.181.213.219 - - [24/Nov/2025:18:28:31 -0500] "GET /Selbsthaftende-Sonnenblenden-f%C3%BCr-Seitenfenster-Kinder-AutoSonnenschutz-2-u4071/ HTTP/1.1" 200 500 "-" "Mozilla/5.0 (compatible; MJ12bot/v1.4.8; http://mj12bot.com/)"
135.181.213.219 - - [24/Nov/2025:18:28:34 -0500] "GET /Set-Gurtpolster-3tlg-Schrittpolster-Maxi-Cosi-R%C3%B6mer-Babyschalen-Gruppe0-KL-6-u2944/ HTTP/1.1" 200 500 "-" "Mozilla/5.0 (compatible; MJ12bot/v1.4.8; http://mj12bot.com/)"
135.181.213.219 - - [24/Nov/2025:18:28:37 -0500] "GET /SicherheitsGurtpolster-Autogurtpolster-Schulterpolster-kind-Schlafkissen-rosa-Zubeh%C3%B6r-AutoKindersitze-&-Zubeh%C3%B6r-u3025/ HTTP/1.1" 200 500 "-" "Mozilla/5.0 (compatible; MJ12bot/v1.4.8; http://mj12bot.com/)"
135.181.213.219 - - [24/Nov/2025:18:28:40 -0500] "GET /Silikon-Abziehlippe-Wischer-Fenster-Abzieher-Streifenfrei-Fensterwischer-AutoAnbau-&-Zubeh%C3%B6rteile-Auto-&-Motorrad-Teile-u1159/ HTTP/1.1" 200 500 "-" "Mozilla/5.0 (compatible; MJ12bot/v1.4.8; http://mj12bot.com/)"
135.181.213.219 - - [24/Nov/2025:18:28:43 -0500] "GET /Sitzschutz-Alvi-Autositzschutz-f%C3%BCr-R%C3%BCckbank-u3496/ HTTP/1.1" 200 500 "-" "Mozilla/5.0 (compatible; MJ12bot/v1.4.8; http://mj12bot.com/)"
135.181.213.219 - - [24/Nov/2025:18:28:46 -0500] "GET /Sitzschutz-Auto-R%C3%BCcksitz-Organizer-f%C3%BCr-Kinder-4-Seitentaschen-inklusive-iPadTabletFach-u3508/ HTTP/1.1" 200 500 "-" "Mozilla/5.0 (compatible; MJ12bot/v1.4.8; http://mj12bot.com/)"
135.181.213.219 - - [24/Nov/2025:18:28:49 -0500] "GET /Sitzschutz-Zubeh%C3%B6r-Kindersitzunterlage-Schutzmatte-Autositzauflage-R%C3%BCckenlehnenschutz-Unterlage-DE-u3514/ HTTP/1.1" 200 500 "-" "Mozilla/5.0 (compatible; MJ12bot/v1.4.8; http://mj12bot.com/)"
135.181.213.219 - - [24/Nov/2025:18:28:52 -0500] "GET /Sommerbezug-Schonbezug-Frottee-R%C3%B6mer-King-TS-u-Duo-und-Plus-NEU-lila-Plus-u2671/ HTTP/1.1" 200 500 "-" "Mozilla/5.0 (compatible; MJ12bot/v1.4.8; http://mj12bot.com/)"
135.181.213.219 - - [24/Nov/2025:18:28:55 -0500] "GET /Sommerbezug-Schonbezug-Frottee-f-AutoKindersitze-&-Zubeh%C3%B6r-HTS-Besafe-iZi-Comfort-X3-Combi-X4-NEU-petrol-u2751/ HTTP/1.1" 200 500 "-" "Mozilla/5.0 (compatible; MJ12bot/v1.4.8; http://mj12bot.com/)"
135.181.213.219 - - [24/Nov/2025:18:28:58 -0500] "GET /Sommerbezug-Schonbezug-Frottee-f%C3%BCr-Cybex-Pallas-M-und-S-M-und-SFix-NEU-t%C3%BCrkis-Zubeh%C3%B6r-u2667/ HTTP/1.1" 200 500 "-" "Mozilla/5.0 (compatible; MJ12bot/v1.4.8; http://mj12bot.com/)"
135.181.213.219 - - [24/Nov/2025:18:29:01 -0500] "GET /Sommerbezug-Schonbezug-Frottee-f%C3%BCr-Kiddy-Guardianfix-3-NEU-petrol-AutoKindersitze-&-Zubeh%C3%B6r-u2571/ HTTP/1.1" 200 500 "-" "Mozilla/5.0 (compatible; MJ12bot/v1.4.8; http://mj12bot.com/)"
135.181.213.219 - - [24/Nov/2025:18:29:04 -0500] "GET /Sonnenschutz-Frontscheibe-Windschutzscheibe-F%C3%BCr-Jeep-Wrangler-20072017-T4-Zubeh%C3%B6r-u4060/ HTTP/1.1" 200 500 "-" "Mozilla/5.0 (compatible; MJ12bot/v1.4.8; http://mj12bot.com/)"
135.181.213.219 - - [24/Nov/2025:18:29:07 -0500] "GET /Sonnenschutz-Zubeh%C3%B6r-Walser-30283-Sonnenrollo-Set-53-X-56-cm-u3597/ HTTP/1.1" 200 500 "-" "Mozilla/5.0 (compatible; MJ12bot/v1.4.8; http://mj12bot.com/)"
135.181.213.219 - - [24/Nov/2025:18:29:10 -0500] "GET /Sonnenschutz-die-katze-Gr%C3%B6sse-43x43-cm-mit-4-saugn%C3%A4pfe-6-tlg-Auto-Zubeh%C3%B6r-u3684/ HTTP/1.1" 200 500 "-" "Mozilla/5.0 (compatible; MJ12bot/v1.4.8; http://mj12bot.com/)"
135.181.213.219 - - [24/Nov/2025:18:29:13 -0500] "GET /Sonnenschutz-f%C3%BCr-AutoSeitenfenste-AutoSonnenSchutz-und-SonnenBlende-f%C3%BCr-Baby-und-Kind-u3687/ HTTP/1.1" 200 500 "-" "Mozilla/5.0 (compatible; MJ12bot/v1.4.8; http://mj12bot.com/)"
135.181.213.219 - - [24/Nov/2025:18:29:16 -0500] "GET /Sonnenschutz-f%C3%BCr-Ihr-Baby-im-Auto-Sonnenblendenset-f%C3%BCr-Kinder-mit-UV-Schutz-AutoKindersitze-&-Zubeh%C3%B6r-u4066/ HTTP/1.1" 200 500 "-" "Mozilla/5.0 (compatible; MJ12bot/v1.4.8; http://mj12bot.com/)"
135.181.213.219 - - [24/Nov/2025:18:29:19 -0500] "GET /Sonnenschutz-f%C3%BCrs-Auto-KFZ-%E2%80%9EANGEL-CAT-SUGER-1Set-2-St%C3%BCck-Hello-Kitty-rosa-Zubeh%C3%B6r-u3599/ HTTP/1.1" 200 500 "-" "Mozilla/5.0 (compatible; MJ12bot/v1.4.8; http://mj12bot.com/)"
135.181.213.219 - - [24/Nov/2025:18:29:22 -0500] "GET /Sonstige-2-in-1-Universal-Auto-R%C3%BCcksitz-Aufbewahrung-Tasche-Organizer-mit-Netz-Kofferraum-u1443/ HTTP/1.1" 200 500 "-" "Mozilla/5.0 (compatible; MJ12bot/v1.4.8; http://mj12bot.com/)"
135.181.213.219 - - [24/Nov/2025:18:29:25 -0500] "GET /Sonstige-3-get%C3%B6pferte-Tulpen-2-u695/ HTTP/1.1" 200 500 "-" "Mozilla/5.0 (compatible; MJ12bot/v1.4.8; http://mj12bot.com/)"
135.181.213.219 - - [24/Nov/2025:18:29:28 -0500] "GET /Sonstige-Auto-&-Motorrad-Teile-AUDI-Kantenschutz-Schwarz-T%C3%BCrkantenschutz-mit-3M-Kleber-2-St%C3%BCck-120-Cm-u1912/ HTTP/1.1" 200 500 "-" "Mozilla/5.0 (compatible; MJ12bot/v1.4.8; http://mj12bot.com/)"
135.181.213.219 - - [24/Nov/2025:18:29:31 -0500] "GET /Sonstige-Duschrinne-Linien-Schlitz-500-x-70-mm-h%C3%B6henverstellbar-Duschablauf-Duschgitter-u2283/ HTTP/1.1" 200 500 "-" "Mozilla/5.0 (compatible; MJ12bot/v1.4.8; http://mj12bot.com/)"
135.181.213.219 - - [24/Nov/2025:18:29:34 -0500] "GET /Sonstige-Duschrost-Wellen-Ablaufabdeckung-Abdeckgitter-f%C3%BCr-700-x-70-mm-Duschrinne-u2282/ HTTP/1.1" 200 500 "-" "Mozilla/5.0 (compatible; MJ12bot/v1.4.8; http://mj12bot.com/)"
135.181.213.219 - - [24/Nov/2025:18:29:37 -0500] "GET /Sonstige-R%C3%BCckenlehnentasche-R%C3%BCcksitztasche-R%C3%BCcklehnenschutz-Organizer-Autositztasch-TR7-Innenausstattung-u1440/ HTTP/1.1" 200 500 "-" "Mozilla/5.0 (compatible; MJ12bot/v1.4.8; http://mj12bot.com/)"
135.181.213.219 - - [24/Nov/2025:18:29:40 -0500] "GET /Sonstige-Werkzeuge-Duschrinne-Wellen-700-x-70-mm-h%C3%B6henverstellbar-Bodenablauf-Duschrost-Duschgitter-u2292/ HTTP/1.1" 200 500 "-" "Mozilla/5.0 (compatible; MJ12bot/v1.4.8; http://mj12bot.com/)"
135.181.213.219 - - [24/Nov/2025:18:29:43 -0500] "GET /Sonstige-get%C3%B6pferter-Krokusgruppe-Porzellan-&-Keramik-u697/ HTTP/1.1" 200 500 "-" "Mozilla/5.0 (compatible; MJ12bot/v1.4.8; http://mj12bot.com/)"
135.181.213.219 - - [24/Nov/2025:18:29:46 -0500] "GET /Spiegel-von-Tchibo-f%C3%BCr-MAXI-COSI-Pebble-original-Regenschutz-und-Sommerbezug-u2669/ HTTP/1.1" 200 500 "-" "Mozilla/5.0 (compatible; MJ12bot/v1.4.8; http://mj12bot.com/)"
135.181.213.219 - - [24/Nov/2025:18:29:49 -0500] "GET /Stalltore-D%C3%A4nischer-Torriegel-Antik-Torverschl%C3%BCsse-Heberiegel-u317/ HTTP/1.1" 200 500 "-" "Mozilla/5.0 (compatible; MJ12bot/v1.4.8; http://mj12bot.com/)"
135.181.213.219 - - [24/Nov/2025:18:29:52 -0500] "GET /Starter-Unisex-Mam-Easy-Start-AntiKolik-Babyflasche-Starter-Set-St%C3%BCck-Baby-Bettausstattung-u4444/ HTTP/1.1" 200 500 "-" "Mozilla/5.0 (compatible; MJ12bot/v1.4.8; http://mj12bot.com/)"
135.181.213.219 - - [24/Nov/2025:18:29:55 -0500] "GET /Sterntaler-Emelie-ovp-neu-u-Nestchen-und-Bettw%C3%A4sche-Bettset-u4638/ HTTP/1.1" 200 500 "-" "Mozilla/5.0 (compatible; MJ12bot/v1.4.8; http://mj12bot.com/)"
135.181.213.219 - - [24/Nov/2025:18:29:58 -0500] "GET /Sterntaler-Nackenst%C3%BCtze-Hexe-Helene-ArtNr-34922-Neu-u3039/ HTTP/1.1" 200 500 "-" "Mozilla/5.0 (compatible; MJ12bot/v1.4.8; http://mj12bot.com/)"
135.181.213.219 - - [24/Nov/2025:18:30:01 -0500] "GET /Stickerbomb-Sky-Galaxy-Autofolie-1x152m-Blasenfrei-Luftkan%C3%A4le-oft-korrigierbar-AutoTuning-&-Styling-Auto-&-Motorrad-Teile-u1901/ HTTP/1.1" 200 500 "-" "Mozilla/5.0 (compatible; MJ12bot/v1.4.8; http://mj12bot.com/)"
135.181.213.219 - - [24/Nov/2025:18:30:04 -0500] "GET /Stillkissen-Sterne-blau-Wickelauflage-Tr%C3%A4umeland-Bettset-6teilig-inkl-u4534/ HTTP/1.1" 200 500 "-" "Mozilla/5.0 (compatible; MJ12bot/v1.4.8; http://mj12bot.com/)"
135.181.213.219 - - [24/Nov/2025:18:30:07 -0500] "GET /StubenwagensetKorbwiegeBabykorb-Zubeh%C3%B6r-Bettw%C3%A4sche-Set-mit-Himmel-M%C3%A4dchen-Bettausstattung-u4254/ HTTP/1.1" 200 500 "-" "Mozilla/5.0 (compatible; MJ12bot/v1.4.8; http://mj12bot.com/)"
135.181.213.219 - - [24/Nov/2025:18:30:10 -0500] "GET /Systemoto-Hochwertiger-Autositzschoner-F%C3%BCr-Kindersitz-Auto-Kindersitzunterlag-Baby-u4073/ HTTP/1.1" 200 500 "-" "Mozilla/5.0 (compatible; MJ12bot/v1.4.8; http://mj12bot.com/)"
135.181.213.219 - - [24/Nov/2025:18:30:13 -0500] "GET /TCM-Kindersitz-Unterlage-Sitzschoner-inkl-Steckf%C3%A4cher-am-Fu%C3%9Fende-Zubeh%C3%B6r-u3495/ HTTP/1.1" 200 500 "-" "Mozilla/5.0 (compatible; MJ12bot/v1.4.8; http://mj12bot.com/)"
135.181.213.219 - - [24/Nov/2025:18:30:16 -0500] "GET /TRIBAL-R%C3%B6mer-King-PLUS-etc-DOOKY-2in1-Sitzbezug-Schonbezug-Maxi-Cosi-TOBI-u2475/ HTTP/1.1" 200 500 "-" "Mozilla/5.0 (compatible; MJ12bot/v1.4.8; http://mj12bot.com/)"
135.181.213.219 - - [24/Nov/2025:18:30:20 -0500] "GET /TRIMAX-ANTHRAZITSchwarz-Grau-ERSATZBEZUG-zu-Concord-Trimax-Baby-Zubeh%C3%B6r-u2659/ HTTP/1.1" 200 500 "-" "Mozilla/5.0 (compatible; MJ12bot/v1.4.8; http://mj12bot.com/)"
135.181.213.219 - - [24/Nov/2025:18:30:23 -0500] "GET /Taufsack-Tauf%C3%BCberwurf-Spitze-weiss-Innenfutter-neuwertig-u4627/ HTTP/1.1" 200 500 "-" "Mozilla/5.0 (compatible; MJ12bot/v1.4.8; http://mj12bot.com/)"
135.181.213.219 - - [24/Nov/2025:18:30:26 -0500] "GET /Teppiche-&-Flachgewebe-ALTER-WOLLTEPPICH-WOLLE-HANDGEKN%C3%9CPFT-GEBETSTEPPICH-180x120cm-Antiquit%C3%A4ten-&-Kunst-u973/ HTTP/1.1" 200 500 "-" "Mozilla/5.0 (compatible; MJ12bot/v1.4.8; http://mj12bot.com/)"
2a03:2880:f806:2f:: - - [24/Nov/2025:18:32:44 -0500] "GET /sitemap.txt HTTP/1.1" 200 500 "-" "meta-externalagent/1.1 (+https://developers.facebook.com/docs/sharing/webmasters/crawler)"
2a03:2880:f806:15:: - - [24/Nov/2025:18:32:58 -0500] "GET /news_sitemap.xml HTTP/1.1" 200 500 "-" "meta-externalagent/1.1 (+https://developers.facebook.com/docs/sharing/webmasters/crawler)"
2a03:2880:f806:40:: - - [24/Nov/2025:18:34:22 -0500] "GET /news-sitemap.xml HTTP/1.1" 200 500 "-" "meta-externalagent/1.1 (+https://developers.facebook.com/docs/sharing/webmasters/crawler)"
185.39.19.49 - - [24/Nov/2025:18:34:47 -0500] "GET / HTTP/1.1" 200 500 "https://gamepointpk.com/" "Mozilla/5.0 (Windows NT 10.0; Win64; x64) AppleWebKit/537.36 (KHTML, like Gecko) Chrome/131.0.0.0 Safari/537.36"
2a03:2880:f806:11:: - - [24/Nov/2025:18:39:29 -0500] "GET /sitemap_index.xml HTTP/1.1" 200 500 "-" "meta-externalagent/1.1 (+https://developers.facebook.com/docs/sharing/webmasters/crawler)"
2a03:2880:f806:16:: - - [24/Nov/2025:18:43:47 -0500] "GET /sitemap-index.xml HTTP/1.1" 200 500 "-" "meta-externalagent/1.1 (+https://developers.facebook.com/docs/sharing/webmasters/crawler)"
2a03:2880:f806:8:: - - [24/Nov/2025:18:44:43 -0500] "GET /SiteMap.aspx HTTP/1.1" 200 500 "-" "meta-externalagent/1.1 (+https://developers.facebook.com/docs/sharing/webmasters/crawler)"
114.119.157.142 - - [24/Nov/2025:18:50:12 -0500] "GET /search/label/Street%20Fighter%20IV HTTP/1.1" 200 500 "https://www.gamepointpk.com/search/label/Street%20Fighter%20IV" "Mozilla/5.0 (Linux; Android 7.0;) AppleWebKit/537.36 (KHTML, like Gecko) Mobile Safari/537.36 (compatible; PetalBot;+https://webmaster.petalsearch.com/site/petalbot)"
114.119.136.190 - - [24/Nov/2025:18:51:35 -0500] "GET /search/label/Call%20of%20Duty:%20Mobile HTTP/1.1" 200 500 "https://www.gamepointpk.com/2019/10/1-call-of-duty-mobile-gameplay-new.html" "Mozilla/5.0 (Linux; Android 7.0;) AppleWebKit/537.36 (KHTML, like Gecko) Mobile Safari/537.36 (compatible; PetalBot;+https://webmaster.petalsearch.com/site/petalbot)"
114.119.157.142 - - [24/Nov/2025:18:52:59 -0500] "GET /tag/stunt-car-extreme-game HTTP/1.1" 200 500 "-" "Mozilla/5.0 (Linux; Android 7.0;) AppleWebKit/537.36 (KHTML, like Gecko) Mobile Safari/537.36 (compatible; PetalBot;+https://webmaster.petalsearch.com/site/petalbot)"
2a03:b0c0:3:d0::fae:a001 - - [24/Nov/2025:18:53:03 -0500] "GET / HTTP/1.1" 200 500 "-" "-"
2a03:b0c0:3:d0::fae:a001 - - [24/Nov/2025:18:53:03 -0500] "GET / HTTP/1.1" 200 500 "-" "Mozilla/5.0 (l9scan/2.0.46936353a353138363a3a363330333a303037343a363036323; +https://leakix.net)"
2604:a880:400:d0::24fe:a001 - - [24/Nov/2025:18:53:03 -0500] "GET / HTTP/1.1" 200 500 "-" "-"
165.227.39.235 - - [24/Nov/2025:18:53:03 -0500] "GET / HTTP/1.1" 200 500 "-" "-"
46.101.111.185 - - [24/Nov/2025:18:53:03 -0500] "GET / HTTP/1.1" 200 500 "-" "-"
2604:a880:400:d0::24fe:a001 - - [24/Nov/2025:18:53:03 -0500] "GET / HTTP/1.1" 200 500 "-" "Mozilla/5.0 (l9scan/2.0.93264646a333433616a3a353330333a303037343a363036323; +https://leakix.net)"
46.101.111.185 - - [24/Nov/2025:18:53:03 -0500] "GET / HTTP/1.1" 200 500 "-" "Mozilla/5.0 (l9scan/2.0.538313e2132323e27363e2237313; +https://leakix.net)"
165.227.39.235 - - [24/Nov/2025:18:53:03 -0500] "GET / HTTP/1.1" 200 500 "-" "Mozilla/5.0 (l9scan/2.0.735313e26383e21323e2430313; +https://leakix.net)"
165.227.39.235 - - [24/Nov/2025:18:53:04 -0500] "POST /graphql HTTP/1.1" 200 500 "-" "Mozilla/5.0 (l9scan/2.0.735313e26383e21323e2430313; +https://leakix.net)"
46.101.111.185 - - [24/Nov/2025:18:53:04 -0500] "POST /graphql HTTP/1.1" 200 500 "-" "Mozilla/5.0 (l9scan/2.0.538313e2132323e27363e2237313; +https://leakix.net)"
165.227.39.235 - - [24/Nov/2025:18:53:04 -0500] "POST /api HTTP/1.1" 200 500 "-" "Mozilla/5.0 (l9scan/2.0.735313e26383e21323e2430313; +https://leakix.net)"
46.101.111.185 - - [24/Nov/2025:18:53:04 -0500] "POST /api HTTP/1.1" 200 500 "-" "Mozilla/5.0 (l9scan/2.0.538313e2132323e27363e2237313; +https://leakix.net)"
165.227.39.235 - - [24/Nov/2025:18:53:04 -0500] "POST /api/graphql HTTP/1.1" 200 500 "-" "Mozilla/5.0 (l9scan/2.0.735313e26383e21323e2430313; +https://leakix.net)"
165.227.39.235 - - [24/Nov/2025:18:53:04 -0500] "POST /graphql/api HTTP/1.1" 200 500 "-" "Mozilla/5.0 (l9scan/2.0.735313e26383e21323e2430313; +https://leakix.net)"
46.101.111.185 - - [24/Nov/2025:18:53:04 -0500] "POST /api/graphql HTTP/1.1" 200 500 "-" "Mozilla/5.0 (l9scan/2.0.538313e2132323e27363e2237313; +https://leakix.net)"
165.227.39.235 - - [24/Nov/2025:18:53:04 -0500] "POST /api/gql HTTP/1.1" 200 500 "-" "Mozilla/5.0 (l9scan/2.0.735313e26383e21323e2430313; +https://leakix.net)"
46.101.111.185 - - [24/Nov/2025:18:53:04 -0500] "POST /graphql/api HTTP/1.1" 200 500 "-" "Mozilla/5.0 (l9scan/2.0.538313e2132323e27363e2237313; +https://leakix.net)"
165.227.39.235 - - [24/Nov/2025:18:53:05 -0500] "GET /swagger-ui.html HTTP/1.1" 200 500 "-" "Mozilla/5.0 (l9scan/2.0.735313e26383e21323e2430313; +https://leakix.net)"
165.227.39.235 - - [24/Nov/2025:18:53:05 -0500] "GET /swagger/index.html HTTP/1.1" 200 500 "-" "Mozilla/5.0 (l9scan/2.0.735313e26383e21323e2430313; +https://leakix.net)"
46.101.111.185 - - [24/Nov/2025:18:53:05 -0500] "POST /api/gql HTTP/1.1" 200 500 "-" "Mozilla/5.0 (l9scan/2.0.538313e2132323e27363e2237313; +https://leakix.net)"
165.227.39.235 - - [24/Nov/2025:18:53:05 -0500] "GET /swagger/swagger-ui.html HTTP/1.1" 200 500 "-" "Mozilla/5.0 (l9scan/2.0.735313e26383e21323e2430313; +https://leakix.net)"
165.227.39.235 - - [24/Nov/2025:18:53:05 -0500] "GET /webjars/swagger-ui/index.html HTTP/1.1" 200 500 "-" "Mozilla/5.0 (l9scan/2.0.735313e26383e21323e2430313; +https://leakix.net)"
46.101.111.185 - - [24/Nov/2025:18:53:05 -0500] "GET /swagger-ui.html HTTP/1.1" 200 500 "-" "Mozilla/5.0 (l9scan/2.0.538313e2132323e27363e2237313; +https://leakix.net)"
165.227.39.235 - - [24/Nov/2025:18:53:05 -0500] "GET /swagger.json HTTP/1.1" 200 500 "-" "Mozilla/5.0 (l9scan/2.0.735313e26383e21323e2430313; +https://leakix.net)"
165.227.39.235 - - [24/Nov/2025:18:53:05 -0500] "GET /swagger/v1/swagger.json HTTP/1.1" 200 500 "-" "Mozilla/5.0 (l9scan/2.0.735313e26383e21323e2430313; +https://leakix.net)"
46.101.111.185 - - [24/Nov/2025:18:53:05 -0500] "GET /swagger/index.html HTTP/1.1" 200 500 "-" "Mozilla/5.0 (l9scan/2.0.538313e2132323e27363e2237313; +https://leakix.net)"
165.227.39.235 - - [24/Nov/2025:18:53:06 -0500] "GET /v2/api-docs HTTP/1.1" 200 500 "-" "Mozilla/5.0 (l9scan/2.0.735313e26383e21323e2430313; +https://leakix.net)"
46.101.111.185 - - [24/Nov/2025:18:53:06 -0500] "GET /swagger/swagger-ui.html HTTP/1.1" 200 500 "-" "Mozilla/5.0 (l9scan/2.0.538313e2132323e27363e2237313; +https://leakix.net)"
165.227.39.235 - - [24/Nov/2025:18:53:06 -0500] "GET /v3/api-docs HTTP/1.1" 200 500 "-" "Mozilla/5.0 (l9scan/2.0.735313e26383e21323e2430313; +https://leakix.net)"
165.227.39.235 - - [24/Nov/2025:18:53:06 -0500] "GET /api-docs/swagger.json HTTP/1.1" 200 500 "-" "Mozilla/5.0 (l9scan/2.0.735313e26383e21323e2430313; +https://leakix.net)"
46.101.111.185 - - [24/Nov/2025:18:53:06 -0500] "GET /webjars/swagger-ui/index.html HTTP/1.1" 200 500 "-" "Mozilla/5.0 (l9scan/2.0.538313e2132323e27363e2237313; +https://leakix.net)"
165.227.39.235 - - [24/Nov/2025:18:53:06 -0500] "GET /api/swagger.json HTTP/1.1" 200 500 "-" "Mozilla/5.0 (l9scan/2.0.735313e26383e21323e2430313; +https://leakix.net)"
165.227.39.235 - - [24/Nov/2025:18:53:06 -0500] "GET /@vite/env HTTP/1.1" 200 500 "-" "Mozilla/5.0 (l9scan/2.0.735313e26383e21323e2430313; +https://leakix.net)"
165.227.39.235 - - [24/Nov/2025:18:53:06 -0500] "GET /actuator/env HTTP/1.1" 200 500 "-" "Mozilla/5.0 (l9scan/2.0.735313e26383e21323e2430313; +https://leakix.net)"
165.227.39.235 - - [24/Nov/2025:18:53:07 -0500] "GET /server HTTP/1.1" 200 500 "-" "Mozilla/5.0 (l9scan/2.0.735313e26383e21323e2430313; +https://leakix.net)"
165.227.39.235 - - [24/Nov/2025:18:53:07 -0500] "GET /.vscode/sftp.json HTTP/1.1" 200 500 "-" "Mozilla/5.0 (l9scan/2.0.735313e26383e21323e2430313; +https://leakix.net)"
165.227.39.235 - - [24/Nov/2025:18:53:07 -0500] "GET /about HTTP/1.1" 200 500 "-" "Mozilla/5.0 (l9scan/2.0.735313e26383e21323e2430313; +https://leakix.net)"
46.101.111.185 - - [24/Nov/2025:18:53:07 -0500] "GET /swagger.json HTTP/1.1" 200 500 "-" "Mozilla/5.0 (l9scan/2.0.538313e2132323e27363e2237313; +https://leakix.net)"
165.227.39.235 - - [24/Nov/2025:18:53:07 -0500] "GET /debug/default/view?panel=config HTTP/1.1" 200 500 "-" "Mozilla/5.0 (l9scan/2.0.735313e26383e21323e2430313; +https://leakix.net)"
165.227.39.235 - - [24/Nov/2025:18:53:07 -0500] "GET /v2/_catalog HTTP/1.1" 200 500 "-" "Mozilla/5.0 (l9scan/2.0.735313e26383e21323e2430313; +https://leakix.net)"
165.227.39.235 - - [24/Nov/2025:18:53:07 -0500] "GET /ecp/Current/exporttool/microsoft.exchange.ediscovery.exporttool.application HTTP/1.1" 200 500 "-" "Mozilla/5.0 (l9scan/2.0.735313e26383e21323e2430313; +https://leakix.net)"
46.101.111.185 - - [24/Nov/2025:18:53:07 -0500] "GET /swagger/v1/swagger.json HTTP/1.1" 200 500 "-" "Mozilla/5.0 (l9scan/2.0.538313e2132323e27363e2237313; +https://leakix.net)"
165.227.39.235 - - [24/Nov/2025:18:53:08 -0500] "GET /login.action HTTP/1.1" 200 500 "-" "Mozilla/5.0 (l9scan/2.0.735313e26383e21323e2430313; +https://leakix.net)"
46.101.111.185 - - [24/Nov/2025:18:53:08 -0500] "GET /v2/api-docs HTTP/1.1" 200 500 "-" "Mozilla/5.0 (l9scan/2.0.538313e2132323e27363e2237313; +https://leakix.net)"
165.227.39.235 - - [24/Nov/2025:18:53:08 -0500] "GET /_all_dbs HTTP/1.1" 200 500 "-" "Mozilla/5.0 (l9scan/2.0.735313e26383e21323e2430313; +https://leakix.net)"
165.227.39.235 - - [24/Nov/2025:18:53:08 -0500] "GET /.DS_Store HTTP/1.1" 200 500 "-" "Mozilla/5.0 (l9scan/2.0.735313e26383e21323e2430313; +https://leakix.net)"
165.227.39.235 - - [24/Nov/2025:18:53:08 -0500] "GET /.env HTTP/1.1" 403 1242 "-" "Mozilla/5.0 (l9scan/2.0.735313e26383e21323e2430313; +https://leakix.net)"
46.101.111.185 - - [24/Nov/2025:18:53:08 -0500] "GET /v3/api-docs HTTP/1.1" 200 500 "-" "Mozilla/5.0 (l9scan/2.0.538313e2132323e27363e2237313; +https://leakix.net)"
165.227.39.235 - - [24/Nov/2025:18:53:09 -0500] "GET /.git/config HTTP/1.1" 403 1242 "-" "Mozilla/5.0 (l9scan/2.0.735313e26383e21323e2430313; +https://leakix.net)"
165.227.39.235 - - [24/Nov/2025:18:53:09 -0500] "GET /s/735313e26383e21323e2430313/_/;/META-INF/maven/com.atlassian.jira/jira-webapp-dist/pom.properties HTTP/1.1" 200 500 "-" "Mozilla/5.0 (l9scan/2.0.735313e26383e21323e2430313; +https://leakix.net)"
165.227.39.235 - - [24/Nov/2025:18:53:09 -0500] "GET /config.json HTTP/1.1" 200 500 "-" "Mozilla/5.0 (l9scan/2.0.735313e26383e21323e2430313; +https://leakix.net)"
46.101.111.185 - - [24/Nov/2025:18:53:09 -0500] "GET /api-docs/swagger.json HTTP/1.1" 200 500 "-" "Mozilla/5.0 (l9scan/2.0.538313e2132323e27363e2237313; +https://leakix.net)"
165.227.39.235 - - [24/Nov/2025:18:53:09 -0500] "GET /telescope/requests HTTP/1.1" 200 500 "-" "Mozilla/5.0 (l9scan/2.0.735313e26383e21323e2430313; +https://leakix.net)"
165.227.39.235 - - [24/Nov/2025:18:53:09 -0500] "GET /info.php HTTP/1.1" 200 500 "-" "Mozilla/5.0 (l9scan/2.0.735313e26383e21323e2430313; +https://leakix.net)"
46.101.111.185 - - [24/Nov/2025:18:53:09 -0500] "GET /api/swagger.json HTTP/1.1" 200 500 "-" "Mozilla/5.0 (l9scan/2.0.538313e2132323e27363e2237313; +https://leakix.net)"
165.227.39.235 - - [24/Nov/2025:18:53:09 -0500] "GET /?rest_route=/wp/v2/users/ HTTP/1.1" 200 500 "-" "Mozilla/5.0 (l9scan/2.0.735313e26383e21323e2430313; +https://leakix.net)"
46.101.111.185 - - [24/Nov/2025:18:53:09 -0500] "GET /@vite/env HTTP/1.1" 200 500 "-" "Mozilla/5.0 (l9scan/2.0.538313e2132323e27363e2237313; +https://leakix.net)"
46.101.111.185 - - [24/Nov/2025:18:53:10 -0500] "GET /actuator/env HTTP/1.1" 200 500 "-" "Mozilla/5.0 (l9scan/2.0.538313e2132323e27363e2237313; +https://leakix.net)"
46.101.111.185 - - [24/Nov/2025:18:53:10 -0500] "GET /server HTTP/1.1" 200 500 "-" "Mozilla/5.0 (l9scan/2.0.538313e2132323e27363e2237313; +https://leakix.net)"
46.101.111.185 - - [24/Nov/2025:18:53:11 -0500] "GET /.vscode/sftp.json HTTP/1.1" 200 500 "-" "Mozilla/5.0 (l9scan/2.0.538313e2132323e27363e2237313; +https://leakix.net)"
46.101.111.185 - - [24/Nov/2025:18:53:11 -0500] "GET /about HTTP/1.1" 200 500 "-" "Mozilla/5.0 (l9scan/2.0.538313e2132323e27363e2237313; +https://leakix.net)"
46.101.111.185 - - [24/Nov/2025:18:53:11 -0500] "GET /debug/default/view?panel=config HTTP/1.1" 200 500 "-" "Mozilla/5.0 (l9scan/2.0.538313e2132323e27363e2237313; +https://leakix.net)"
46.101.111.185 - - [24/Nov/2025:18:53:12 -0500] "GET /v2/_catalog HTTP/1.1" 200 500 "-" "Mozilla/5.0 (l9scan/2.0.538313e2132323e27363e2237313; +https://leakix.net)"
46.101.111.185 - - [24/Nov/2025:18:53:12 -0500] "GET /ecp/Current/exporttool/microsoft.exchange.ediscovery.exporttool.application HTTP/1.1" 200 500 "-" "Mozilla/5.0 (l9scan/2.0.538313e2132323e27363e2237313; +https://leakix.net)"
46.101.111.185 - - [24/Nov/2025:18:53:13 -0500] "GET /login.action HTTP/1.1" 200 500 "-" "Mozilla/5.0 (l9scan/2.0.538313e2132323e27363e2237313; +https://leakix.net)"
46.101.111.185 - - [24/Nov/2025:18:53:13 -0500] "GET /_all_dbs HTTP/1.1" 200 500 "-" "Mozilla/5.0 (l9scan/2.0.538313e2132323e27363e2237313; +https://leakix.net)"
46.101.111.185 - - [24/Nov/2025:18:53:13 -0500] "GET /.DS_Store HTTP/1.1" 200 500 "-" "Mozilla/5.0 (l9scan/2.0.538313e2132323e27363e2237313; +https://leakix.net)"
46.101.111.185 - - [24/Nov/2025:18:53:13 -0500] "GET /.env HTTP/1.1" 403 1242 "-" "Mozilla/5.0 (l9scan/2.0.538313e2132323e27363e2237313; +https://leakix.net)"
46.101.111.185 - - [24/Nov/2025:18:53:14 -0500] "GET /.git/config HTTP/1.1" 403 1242 "-" "Mozilla/5.0 (l9scan/2.0.538313e2132323e27363e2237313; +https://leakix.net)"
46.101.111.185 - - [24/Nov/2025:18:53:14 -0500] "GET /s/538313e2132323e27363e2237313/_/;/META-INF/maven/com.atlassian.jira/jira-webapp-dist/pom.properties HTTP/1.1" 200 500 "-" "Mozilla/5.0 (l9scan/2.0.538313e2132323e27363e2237313; +https://leakix.net)"
46.101.111.185 - - [24/Nov/2025:18:53:14 -0500] "GET /config.json HTTP/1.1" 200 500 "-" "Mozilla/5.0 (l9scan/2.0.538313e2132323e27363e2237313; +https://leakix.net)"
46.101.111.185 - - [24/Nov/2025:18:53:14 -0500] "GET /telescope/requests HTTP/1.1" 200 500 "-" "Mozilla/5.0 (l9scan/2.0.538313e2132323e27363e2237313; +https://leakix.net)"
46.101.111.185 - - [24/Nov/2025:18:53:15 -0500] "GET /info.php HTTP/1.1" 200 500 "-" "Mozilla/5.0 (l9scan/2.0.538313e2132323e27363e2237313; +https://leakix.net)"
46.101.111.185 - - [24/Nov/2025:18:53:15 -0500] "GET /?rest_route=/wp/v2/users/ HTTP/1.1" 200 500 "-" "Mozilla/5.0 (l9scan/2.0.538313e2132323e27363e2237313; +https://leakix.net)"
114.119.129.82 - - [24/Nov/2025:18:54:24 -0500] "GET /contact HTTP/1.1" 200 500 "-" "Mozilla/5.0 (Linux; Android 7.0;) AppleWebKit/537.36 (KHTML, like Gecko) Mobile Safari/537.36 (compatible; PetalBot;+https://webmaster.petalsearch.com/site/petalbot)"
205.169.39.24 - - [24/Nov/2025:18:54:29 -0500] "GET / HTTP/1.1" 200 500 "-" "Mozilla/5.0 (Windows NT 10.0; Win64; x64) AppleWebKit/537.36 (KHTML, like Gecko) Chrome/117.0.5938.132 Safari/537.36"
34.123.170.104 - - [24/Nov/2025:18:54:34 -0500] "GET / HTTP/1.1" 200 500 "-" "Mozilla/5.0 (X11; Linux x86_64) AppleWebKit/537.36 (KHTML, like Gecko) Chrome/125.0.0.0 Safari/537.36"
205.169.39.128 - - [24/Nov/2025:18:56:18 -0500] "GET / HTTP/1.1" 200 500 "-" "Mozilla/5.0 (Windows NT 6.1; Win64; x64) AppleWebKit/537.36 (KHTML, like Gecko) Chrome/83.0.4103.61 Safari/537.36"
205.169.39.128 - - [24/Nov/2025:18:56:21 -0500] "GET / HTTP/1.1" 200 500 "-" "Mozilla/5.0 (Windows NT 10.0; Win64; x64) AppleWebKit/537.36 (KHTML, like Gecko) Chrome/79.0.3945.79 Safari/537.36"
146.70.185.32 - - [24/Nov/2025:18:58:12 -0500] "HEAD / HTTP/1.1" 200 0 "-" "Mozilla/5.0 (Windows NT 10.0; Win64; x64) AppleWebKit/537.36 (KHTML, like Gecko) Chrome/58.0.3029.110 Safari/537.3"
166.88.178.245 - - [24/Nov/2025:19:01:19 -0500] "GET / HTTP/1.1" 200 500 "-" "Mozilla/5.0 (Macintosh; Intel Mac OS X 10_15_7) AppleWebKit/537.36 (KHTML, like Gecko) Chrome/141.0.0.0 Safari/537.36"
166.88.178.245 - - [24/Nov/2025:19:01:20 -0500] "GET /favicon.ico HTTP/1.1" 404 1251 "https://gamepointpk.com/" "Mozilla/5.0 (Macintosh; Intel Mac OS X 10_15_7) AppleWebKit/537.36 (KHTML, like Gecko) Chrome/141.0.0.0 Safari/537.36"
2a05:9403::5f9 - - [24/Nov/2025:19:03:24 -0500] "HEAD / HTTP/1.1" 200 0 "http://gamepointpk.com" "Mozilla/5.0 (Windows NT 10.0; Win64; x64; rv:122.0) Gecko/20100101 Firefox/122.0"
2a05:9403::5f9 - - [24/Nov/2025:19:03:24 -0500] "GET / HTTP/1.1" 200 500 "http://gamepointpk.com" "Mozilla/5.0 (X11; Linux x86_64; rv:120.0) Gecko/20100101 Firefox/120.0"
223.109.255.174 - - [24/Nov/2025:19:03:32 -0500] "GET /wp-content/uploads/2023/12/top-10-android-games-2024-best-offline-games-for-android-450x500.webp HTTP/1.1" 200 500 "http://pic.sogou.com" "Sogou Pic Spider/3.0(+http://www.sogou.com/docs/help/webmasters.htm#07)"
54.236.1.53 - - [24/Nov/2025:19:10:07 -0500] "GET /feed/ HTTP/1.1" 200 500 "-" "Mozilla/5.0 (compatible; Pinterestbot/1.0; +http://www.pinterest.com/bot.html)"
103.47.133.108 - - [24/Nov/2025:19:32:35 -0500] "GET /.env HTTP/1.1" 403 1242 "-" "Mozilla/5.0 (Windows NT 10.0; Win64; x64) AppleWebKit/537.36 (KHTML, like Gecko) Chrome/120.0.0.0 Safari/537.36"
62.113.113.162 - - [24/Nov/2025:19:39:47 -0500] "GET /contact/ HTTP/1.1" 200 500 "https://gamepointpk.com/contact/" "Mozilla/5.0 (Windows NT 10.0; Win64; x64) AppleWebKit/537.36 (KHTML, like Gecko) Chrome/130.0.0.0 Safari/537.36"
62.113.113.162 - - [24/Nov/2025:19:39:47 -0500] "GET / HTTP/1.1" 200 500 "https://gamepointpk.com/" "Mozilla/5.0 (Windows NT 10.0; Win64; x64) AppleWebKit/537.36 (KHTML, like Gecko) Chrome/130.0.0.0 Safari/537.36"
195.178.110.201 - - [24/Nov/2025:19:42:35 -0500] "GET / HTTP/1.1" 200 500 "-" "Go-http-client/1.1"
195.178.110.201 - - [24/Nov/2025:19:42:35 -0500] "GET /.env HTTP/1.1" 403 1242 "-" "Go-http-client/1.1"
195.178.110.201 - - [24/Nov/2025:19:42:35 -0500] "GET /.git/config HTTP/1.1" 403 1242 "-" "Go-http-client/1.1"
195.178.110.201 - - [24/Nov/2025:19:42:35 -0500] "GET /backend/.env HTTP/1.1" 403 1242 "-" "Go-http-client/1.1"
195.178.110.201 - - [24/Nov/2025:19:42:35 -0500] "GET /admin/.env HTTP/1.1" 403 1242 "-" "Go-http-client/1.1"
195.178.110.201 - - [24/Nov/2025:19:42:35 -0500] "GET /core/.env HTTP/1.1" 403 1242 "-" "Go-http-client/1.1"
195.178.110.201 - - [24/Nov/2025:19:42:35 -0500] "GET /.env.bak HTTP/1.1" 403 1242 "-" "Go-http-client/1.1"
195.178.110.201 - - [24/Nov/2025:19:42:36 -0500] "GET /.git/logs/HEAD HTTP/1.1" 403 1242 "-" "Go-http-client/1.1"
195.178.110.201 - - [24/Nov/2025:19:42:46 -0500] "GET /config.js HTTP/1.1" 200 500 "-" "Go-http-client/1.1"
195.178.110.201 - - [24/Nov/2025:19:42:46 -0500] "GET /aws-config.js HTTP/1.1" 200 500 "-" "Go-http-client/1.1"
195.178.110.201 - - [24/Nov/2025:19:42:46 -0500] "GET /aws.config.js HTTP/1.1" 200 500 "-" "Go-http-client/1.1"
62.113.113.162 - - [24/Nov/2025:19:43:34 -0500] "GET /contact/ HTTP/1.1" 200 500 "https://gamepointpk.com/contact/" "Mozilla/5.0 (Windows NT 10.0; Win64; x64) AppleWebKit/537.36 (KHTML, like Gecko) Chrome/129.0.0.0 Safari/537.36"
62.113.113.162 - - [24/Nov/2025:19:43:35 -0500] "GET / HTTP/1.1" 200 500 "https://gamepointpk.com/" "Mozilla/5.0 (Windows NT 10.0; Win64; x64) AppleWebKit/537.36 (KHTML, like Gecko) Chrome/129.0.0.0 Safari/537.36"
74.176.51.199 - - [24/Nov/2025:19:45:01 -0500] "GET /xmrlpc.php HTTP/1.1" 200 500 "https://www.bing.com/" "Mozilla/5.0 (iPhone; CPU iPhone OS 17_1_1 like Mac OS X) AppleWebKit/605.1.15 (KHTML, like Gecko) Version/17.1 Mobile/15E148 Safari/604.1"
74.176.51.199 - - [24/Nov/2025:19:45:01 -0500] "GET /abcd.php HTTP/1.1" 200 500 "https://www.yahoo.com/" "Mozilla/5.0 (Linux; Android 13; SM-S908E) AppleWebKit/537.36 (KHTML, like Gecko) Chrome/116.0.0.0 Mobile Safari/537.36"
74.176.51.199 - - [24/Nov/2025:19:45:02 -0500] "GET /admin.php HTTP/1.1" 200 500 "https://duckduckgo.com/" "Mozilla/5.0 (iPad; CPU OS 17_0_3 like Mac OS X) AppleWebKit/605.1.15 (KHTML, like Gecko) Version/17.0.1 Mobile/15E148 Safari/604.1"
74.176.51.199 - - [24/Nov/2025:19:45:02 -0500] "GET /info.php HTTP/1.1" 200 500 "https://duckduckgo.com/" "Mozilla/5.0 (Linux; Android 13; SM-G991U) AppleWebKit/537.36 (KHTML, like Gecko) Chrome/117.0.0.0 Mobile Safari/537.36"
74.176.51.199 - - [24/Nov/2025:19:45:02 -0500] "GET /edit.php HTTP/1.1" 200 500 "https://www.yahoo.com/" "Mozilla/5.0 (iPhone; CPU iPhone OS 16_0 like Mac OS X) AppleWebKit/605.1.15 (KHTML, like Gecko) FxiOS/118.0 Mobile/15E148 Safari/605.1.15"
74.176.51.199 - - [24/Nov/2025:19:45:03 -0500] "GET /moon.php HTTP/1.1" 200 500 "https://www.google.com/" "Mozilla/5.0 (Linux; Android 12; SM-A525F) AppleWebKit/537.36 (KHTML, like Gecko) Chrome/117.0.0.0 Mobile Safari/537.36"
74.176.51.199 - - [24/Nov/2025:19:45:03 -0500] "GET /wp-content/index.php HTTP/1.1" 200 14 "https://www.google.com/" "Mozilla/5.0 (Linux; Android 12; 2201116SG) AppleWebKit/537.36 (KHTML, like Gecko) Chrome/116.0.0.0 Mobile Safari/537.36"
74.176.51.199 - - [24/Nov/2025:19:45:03 -0500] "GET /classwithtostring.php HTTP/1.1" 200 500 "https://www.google.co.uk/" "Mozilla/5.0 (iPad; CPU OS 16_7_2 like Mac OS X) AppleWebKit/605.1.15 (KHTML, like Gecko) Version/16.6 Mobile/15E148 Safari/604.1"
74.176.51.199 - - [24/Nov/2025:19:45:04 -0500] "GET /file4.php HTTP/1.1" 200 500 "https://www.yahoo.com/" "Mozilla/5.0 (Linux; Android 13; M2101K6G) AppleWebKit/537.36 (KHTML, like Gecko) Chrome/116.0.0.0 Mobile Safari/537.36"
74.176.51.199 - - [24/Nov/2025:19:45:04 -0500] "GET /ioxi-o.php HTTP/1.1" 200 500 "https://www.google.de/" "Mozilla/5.0 (Linux; Android 14; Pixel 8 Pro) AppleWebKit/537.36 (KHTML, like Gecko) Chrome/119.0.0.0 Mobile Safari/537.36"
74.176.51.199 - - [24/Nov/2025:19:45:05 -0500] "GET /wp-good.php HTTP/1.1" 200 500 "https://www.google.com/" "Mozilla/5.0 (Linux; Android 13; SM-G991U) AppleWebKit/537.36 (KHTML, like Gecko) Chrome/117.0.0.0 Mobile Safari/537.36"
74.176.51.199 - - [24/Nov/2025:19:45:05 -0500] "GET /ds.php HTTP/1.1" 200 500 "https://duckduckgo.com/" "Mozilla/5.0 (iPhone; CPU iPhone OS 16_0 like Mac OS X) AppleWebKit/605.1.15 (KHTML, like Gecko) FxiOS/118.0 Mobile/15E148 Safari/605.1.15"
74.176.51.199 - - [24/Nov/2025:19:45:05 -0500] "GET /bolt.php HTTP/1.1" 200 500 "https://www.bing.com/" "Mozilla/5.0 (Linux; Android 11; 21081111RG) AppleWebKit/537.36 (KHTML, like Gecko) Chrome/116.0.0.0 Mobile Safari/537.36"
74.176.51.199 - - [24/Nov/2025:19:45:06 -0500] "GET /new.php HTTP/1.1" 200 500 "https://www.yahoo.com/" "Mozilla/5.0 (Linux; Android 13; SM-G991U) AppleWebKit/537.36 (KHTML, like Gecko) Chrome/117.0.0.0 Mobile Safari/537.36"
74.176.51.199 - - [24/Nov/2025:19:45:06 -0500] "GET /wp-includes/js/ HTTP/1.1" 403 1242 "https://duckduckgo.com/" "Mozilla/5.0 (Linux; Android 10; LM-Q720) AppleWebKit/537.36 (KHTML, like Gecko) Chrome/116.0.0.0 Mobile Safari/537.36"
74.176.51.199 - - [24/Nov/2025:19:45:07 -0500] "GET /wp-includes/pomo/ HTTP/1.1" 403 1242 "https://www.google.fr/" "Mozilla/5.0 (Linux; Android 11; CPH2251) AppleWebKit/537.36 (KHTML, like Gecko) Chrome/116.0.0.0 Mobile Safari/537.36"
74.176.51.199 - - [24/Nov/2025:19:45:07 -0500] "GET /wp-includes/rest-api/ HTTP/1.1" 403 1242 "https://www.google.fr/" "Mozilla/5.0 (Linux; Android 13; M2101K6G) AppleWebKit/537.36 (KHTML, like Gecko) Chrome/116.0.0.0 Mobile Safari/537.36"
74.176.51.199 - - [24/Nov/2025:19:45:08 -0500] "GET /wp-includes/widgets/ HTTP/1.1" 403 1242 "https://www.bing.com/" "Mozilla/5.0 (Linux; Android 10; LM-Q720) AppleWebKit/537.36 (KHTML, like Gecko) Chrome/116.0.0.0 Mobile Safari/537.36"
74.176.51.199 - - [24/Nov/2025:19:45:08 -0500] "GET /wp-admin/css/ HTTP/1.1" 403 1242 "https://www.google.fr/" "Mozilla/5.g (Linux; Android 13; Pixel 7) AppleWebKit/537.36 (KHTML, like Gecko) Chrome/116.0.0.0 Mobile Safari/537.36"
74.176.51.199 - - [24/Nov/2025:19:45:08 -0500] "GET /wp-admin/images/ HTTP/1.1" 403 1242 "https://www.google.fr/" "Mozilla/5.0 (iPhone; CPU iPhone OS 16_6_1 like Mac OS X) AppleWebKit/605.1.15 (KHTML, like Gecko) Version/16.6 Mobile/15E148 Safari/604.1"
74.176.51.199 - - [24/Nov/2025:19:45:10 -0500] "GET /wp-admin/maint/ HTTP/1.1" 403 1242 "https://www.bing.com/" "Mozilla/5.0 (iPhone; CPU iPhone OS 17_1 like Mac OS X) AppleWebKit/605.1.15 (KHTML, like Gecko) CriOS/119.0.6045.109 Mobile/15E148 Safari/604.1"
74.176.51.199 - - [24/Nov/2025:19:45:10 -0500] "GET /wp-admin/meta/ HTTP/1.1" 200 500 "https://www.google.de/" "Mozilla/5.0 (Linux; Android 10; LM-Q720) AppleWebKit/537.36 (KHTML, like Gecko) Chrome/116.0.0.0 Mobile Safari/537.36"
74.176.51.199 - - [24/Nov/2025:19:45:11 -0500] "GET /wp-admin/network/ HTTP/1.1" 500 14 "https://www.google.de/" "Mozilla/5.0 (Linux; Android 13; SM-G991U) AppleWebKit/537.36 (KHTML, like Gecko) Chrome/117.0.0.0 Mobile Safari/537.36"
74.176.51.199 - - [24/Nov/2025:19:45:11 -0500] "GET /wp-admin/user/ HTTP/1.1" 500 14 "https://www.google.de/" "Mozilla/5.0 (Linux; Android 11; CPH2251) AppleWebKit/537.36 (KHTML, like Gecko) Chrome/116.0.0.0 Mobile Safari/537.36"
