HEX
Server: LiteSpeed
System: Linux premium221.web-hosting.com 4.18.0-553.45.1.lve.el8.x86_64 #1 SMP Wed Mar 26 12:08:09 UTC 2025 x86_64
User: madepabj (2566)
PHP: 8.3.26
Disabled: NONE
Upload Files
File: //proc/thread-self/root/home/madepabj/access-logs/hc-cosmetics.com.madeinbranded.com-ssl_log
216.244.66.236 - - [24/Nov/2025:07:22:00 -0500] "GET /robots.txt HTTP/1.1" 403 1242 "-" "Mozilla/5.0 (compatible; DotBot/1.2; +https://opensiteexplorer.org/dotbot; [email protected])"
216.26.242.243 - - [24/Nov/2025:07:24:54 -0500] "GET / HTTP/1.1" 200 549 "-" "Mozilla/4.0 (compatible; MSIE 7.0; Windows NT 6.1; Trident/6.0)"
162.0.217.77 - - [24/Nov/2025:07:50:02 -0500] "POST /wp-cron.php?doing_wp_cron=1763988602.5534839630126953125000 HTTP/1.1" 403 1242 "-" "WordPress/6.8.3; https://hc-cosmetics.com"
15.235.141.194 - - [24/Nov/2025:07:49:56 -0500] "POST /xmlrpc.php HTTP/1.1" 200 210 "-" "Mozilla/5.0 (Windows NT 10.0; Win64; x64; rv:71.0) Gecko/20100101 Firefox/71.0"
216.244.66.236 - - [24/Nov/2025:08:07:02 -0500] "GET /robots.txt HTTP/1.1" 403 1242 "-" "Mozilla/5.0 (compatible; DotBot/1.2; +https://opensiteexplorer.org/dotbot; [email protected])"
40.77.167.1 - - [24/Nov/2025:08:18:10 -0500] "GET /wp-content/uploads/2025/06/X-Trim-Ampule-315x315.png HTTP/1.1" 200 20342 "-" "Mozilla/5.0 AppleWebKit/537.36 (KHTML, like Gecko; compatible; bingbot/2.0; +http://www.bing.com/bingbot.htm) Chrome/116.0.1938.76 Safari/537.36"
217.182.194.26 - - [24/Nov/2025:08:20:14 -0500] "GET /robots.txt HTTP/1.1" 403 1242 "-" "Mozilla/5.0 (compatible; MJ12bot/v1.4.8; http://mj12bot.com/)"
94.26.88.18 - - [24/Nov/2025:08:27:17 -0500] "GET /.git/credentials HTTP/1.1" 403 1242 "-" "Opera/9.80 (Windows NT 5.2; U; en) Presto/2.2.15 Version/10.10"
66.249.75.107 - - [24/Nov/2025:08:28:32 -0500] "GET /product/silky-x-trim-ampule-anti-dandruff-treatment/ HTTP/1.1" 200 497 "-" "Mozilla/5.0 (Linux; Android 6.0.1; Nexus 5X Build/MMB29P) AppleWebKit/537.36 (KHTML, like Gecko) Chrome/141.0.7390.122 Mobile Safari/537.36 (compatible; Googlebot/2.1; +http://www.google.com/bot.html)"
162.0.217.77 - - [24/Nov/2025:08:37:56 -0500] "POST /wp-cron.php?doing_wp_cron=1763991476.5257709026336669921875 HTTP/1.1" 403 1242 "-" "WordPress/6.8.3; https://hc-cosmetics.com"
5.189.145.165 - - [24/Nov/2025:08:37:51 -0500] "POST /xmlrpc.php HTTP/1.1" 200 210 "-" "Mozilla/5.0 (Windows NT 10.0; Win64; x64; rv:42.0) Gecko/20100101 Firefox/42.0"
57.141.0.72 - - [24/Nov/2025:09:03:00 -0500] "GET /wp-content/uploads/2025/06/X-Trim-640x731.png HTTP/1.1" 200 54270 "-" "meta-externalagent/1.1 (+https://developers.facebook.com/docs/sharing/webmasters/crawler)"
162.0.217.77 - - [24/Nov/2025:09:31:06 -0500] "POST /wp-cron.php?doing_wp_cron=1763994666.6109709739685058593750 HTTP/1.1" 403 1242 "-" "WordPress/6.8.3; https://hc-cosmetics.com"
88.99.27.84 - - [24/Nov/2025:09:31:01 -0500] "POST /xmlrpc.php HTTP/1.1" 200 210 "-" "Mozilla/5.0 (Windows NT 10.0; Win64; x64; rv:55.0) Gecko/20100101 Firefox/55.0"
57.141.0.26 - - [24/Nov/2025:09:40:02 -0500] "GET /wp-content/uploads/2025/07/IMG_8467-640x731.png HTTP/1.1" 200 81061 "-" "meta-externalagent/1.1 (+https://developers.facebook.com/docs/sharing/webmasters/crawler)"
182.8.65.253 - - [24/Nov/2025:10:02:54 -0500] "GET /product-category/perfume/ HTTP/1.1" 200 497 "https://www.google.com/" "Mozilla/5.0 (Linux; Android 10; K) AppleWebKit/537.36 (KHTML, like Gecko) Chrome/141.0.0.0 Mobile Safari/537.36"
182.8.65.253 - - [24/Nov/2025:10:02:55 -0500] "GET /favicon.ico HTTP/1.1" 404 1251 "https://hc-cosmetics.com/product-category/perfume/" "Mozilla/5.0 (Linux; Android 10; K) AppleWebKit/537.36 (KHTML, like Gecko) Chrome/141.0.0.0 Mobile Safari/537.36"
188.165.217.198 - - [24/Nov/2025:10:21:15 -0500] "GET /robots.txt HTTP/1.1" 403 1242 "-" "Mozilla/5.0 (compatible; MJ12bot/v1.4.8; http://mj12bot.com/)"
43.159.128.237 - - [24/Nov/2025:10:27:26 -0500] "GET / HTTP/1.1" 200 549 "http://hc-cosmetics.com" "Mozilla/5.0 (iPhone; CPU iPhone OS 13_2_3 like Mac OS X) AppleWebKit/605.1.15 (KHTML, like Gecko) Version/13.0.3 Mobile/15E148 Safari/604.1"
66.249.87.171 - - [24/Nov/2025:10:36:03 -0500] "GET /product/silky-color-care-shampoo/ HTTP/1.1" 200 497 "-" "Mozilla/5.0 (X11; Linux x86_64) AppleWebKit/537.36 (KHTML, like Gecko) Chrome/141.0.7390.122 Safari/537.36"
34.138.158.225 - - [24/Nov/2025:10:38:46 -0500] "GET / HTTP/1.1" 200 1010 "-" "Mozilla/5.0 (Windows NT 10.0; Win64; x64) AppleWebKit/537.36 (KHTML, like Gecko) Chrome/88.0.4240.193 Safari/537.36"
34.138.158.225 - - [24/Nov/2025:10:38:46 -0500] "GET //wp-includes/wlwmanifest.xml HTTP/1.1" 200 1010 "-" "Mozilla/5.0 (Windows NT 10.0; Win64; x64) AppleWebKit/537.36 (KHTML, like Gecko) Chrome/88.0.4240.193 Safari/537.36"
34.138.158.225 - - [24/Nov/2025:10:38:46 -0500] "GET / HTTP/1.1" 200 1010 "-" "Mozilla/5.0 (Windows NT 10.0; Win64; x64) AppleWebKit/537.36 (KHTML, like Gecko) Chrome/88.0.4240.193 Safari/537.36"
34.138.158.225 - - [24/Nov/2025:10:38:46 -0500] "GET //blog/wp-includes/wlwmanifest.xml HTTP/1.1" 200 1010 "-" "Mozilla/5.0 (Windows NT 10.0; Win64; x64) AppleWebKit/537.36 (KHTML, like Gecko) Chrome/88.0.4240.193 Safari/537.36"
34.138.158.225 - - [24/Nov/2025:10:38:46 -0500] "GET //web/wp-includes/wlwmanifest.xml HTTP/1.1" 200 1010 "-" "Mozilla/5.0 (Windows NT 10.0; Win64; x64) AppleWebKit/537.36 (KHTML, like Gecko) Chrome/88.0.4240.193 Safari/537.36"
34.138.158.225 - - [24/Nov/2025:10:38:46 -0500] "GET //wordpress/wp-includes/wlwmanifest.xml HTTP/1.1" 200 1010 "-" "Mozilla/5.0 (Windows NT 10.0; Win64; x64) AppleWebKit/537.36 (KHTML, like Gecko) Chrome/88.0.4240.193 Safari/537.36"
34.138.158.225 - - [24/Nov/2025:10:38:46 -0500] "GET //website/wp-includes/wlwmanifest.xml HTTP/1.1" 200 1010 "-" "Mozilla/5.0 (Windows NT 10.0; Win64; x64) AppleWebKit/537.36 (KHTML, like Gecko) Chrome/88.0.4240.193 Safari/537.36"
34.138.158.225 - - [24/Nov/2025:10:38:47 -0500] "GET //wp/wp-includes/wlwmanifest.xml HTTP/1.1" 200 1010 "-" "Mozilla/5.0 (Windows NT 10.0; Win64; x64) AppleWebKit/537.36 (KHTML, like Gecko) Chrome/88.0.4240.193 Safari/537.36"
34.138.158.225 - - [24/Nov/2025:10:38:47 -0500] "GET //news/wp-includes/wlwmanifest.xml HTTP/1.1" 200 1010 "-" "Mozilla/5.0 (Windows NT 10.0; Win64; x64) AppleWebKit/537.36 (KHTML, like Gecko) Chrome/88.0.4240.193 Safari/537.36"
34.138.158.225 - - [24/Nov/2025:10:38:47 -0500] "GET //2020/wp-includes/wlwmanifest.xml HTTP/1.1" 200 1010 "-" "Mozilla/5.0 (Windows NT 10.0; Win64; x64) AppleWebKit/537.36 (KHTML, like Gecko) Chrome/88.0.4240.193 Safari/537.36"
34.138.158.225 - - [24/Nov/2025:10:38:47 -0500] "GET //2019/wp-includes/wlwmanifest.xml HTTP/1.1" 200 1010 "-" "Mozilla/5.0 (Windows NT 10.0; Win64; x64) AppleWebKit/537.36 (KHTML, like Gecko) Chrome/88.0.4240.193 Safari/537.36"
34.138.158.225 - - [24/Nov/2025:10:38:47 -0500] "GET //shop/wp-includes/wlwmanifest.xml HTTP/1.1" 200 1010 "-" "Mozilla/5.0 (Windows NT 10.0; Win64; x64) AppleWebKit/537.36 (KHTML, like Gecko) Chrome/88.0.4240.193 Safari/537.36"
34.138.158.225 - - [24/Nov/2025:10:38:47 -0500] "GET //wp1/wp-includes/wlwmanifest.xml HTTP/1.1" 200 1010 "-" "Mozilla/5.0 (Windows NT 10.0; Win64; x64) AppleWebKit/537.36 (KHTML, like Gecko) Chrome/88.0.4240.193 Safari/537.36"
34.138.158.225 - - [24/Nov/2025:10:38:47 -0500] "GET //test/wp-includes/wlwmanifest.xml HTTP/1.1" 200 1010 "-" "Mozilla/5.0 (Windows NT 10.0; Win64; x64) AppleWebKit/537.36 (KHTML, like Gecko) Chrome/88.0.4240.193 Safari/537.36"
34.138.158.225 - - [24/Nov/2025:10:38:47 -0500] "GET //wp2/wp-includes/wlwmanifest.xml HTTP/1.1" 200 1010 "-" "Mozilla/5.0 (Windows NT 10.0; Win64; x64) AppleWebKit/537.36 (KHTML, like Gecko) Chrome/88.0.4240.193 Safari/537.36"
34.138.158.225 - - [24/Nov/2025:10:38:47 -0500] "GET //site/wp-includes/wlwmanifest.xml HTTP/1.1" 200 1010 "-" "Mozilla/5.0 (Windows NT 10.0; Win64; x64) AppleWebKit/537.36 (KHTML, like Gecko) Chrome/88.0.4240.193 Safari/537.36"
34.138.158.225 - - [24/Nov/2025:10:38:48 -0500] "GET //cms/wp-includes/wlwmanifest.xml HTTP/1.1" 200 1010 "-" "Mozilla/5.0 (Windows NT 10.0; Win64; x64) AppleWebKit/537.36 (KHTML, like Gecko) Chrome/88.0.4240.193 Safari/537.36"
34.138.158.225 - - [24/Nov/2025:10:38:48 -0500] "GET //sito/wp-includes/wlwmanifest.xml HTTP/1.1" 200 1010 "-" "Mozilla/5.0 (Windows NT 10.0; Win64; x64) AppleWebKit/537.36 (KHTML, like Gecko) Chrome/88.0.4240.193 Safari/537.36"
162.0.217.77 - - [24/Nov/2025:10:53:51 -0500] "POST /wp-cron.php?doing_wp_cron=1763999631.2422969341278076171875 HTTP/1.1" 403 1242 "-" "WordPress/6.8.3; https://hc-cosmetics.com"
173.212.218.121 - - [24/Nov/2025:10:53:46 -0500] "POST /xmlrpc.php HTTP/1.1" 200 210 "-" "Mozilla/5.0 (Windows NT 10.0; Win64; x64; rv:52.0) Gecko/20100101 Firefox/52.0"
66.249.75.108 - - [24/Nov/2025:11:01:49 -0500] "GET /product/silky-crystal-serum/ HTTP/1.1" 200 497 "-" "Mozilla/5.0 (Linux; Android 6.0.1; Nexus 5X Build/MMB29P) AppleWebKit/537.36 (KHTML, like Gecko) Chrome/141.0.7390.122 Mobile Safari/537.36 (compatible; Googlebot/2.1; +http://www.google.com/bot.html)"
162.0.217.77 - - [24/Nov/2025:11:34:01 -0500] "POST /wp-cron.php?doing_wp_cron=1764002041.3313350677490234375000 HTTP/1.1" 403 1242 "-" "WordPress/6.8.3; https://hc-cosmetics.com"
65.109.158.238 - - [24/Nov/2025:11:33:56 -0500] "POST /xmlrpc.php HTTP/1.1" 200 210 "-" "Mozilla/5.0 (Windows NT 10.0; Win64; x64; rv:56.0) Gecko/20100101 Firefox/56.0"
66.249.87.171 - - [24/Nov/2025:11:42:01 -0500] "GET /product/silky-x-trim-shampoo-anti-dandruff-shampoo/ HTTP/1.1" 200 497 "-" "Mozilla/5.0 (X11; Linux x86_64) AppleWebKit/537.36 (KHTML, like Gecko) Chrome/141.0.7390.122 Safari/537.36"
223.15.245.170 - - [24/Nov/2025:11:44:36 -0500] "GET / HTTP/1.1" 200 549 "http://www.hc-cosmetics.com" "Mozilla/5.0 (iPhone; CPU iPhone OS 13_2_3 like Mac OS X) AppleWebKit/605.1.15 (KHTML, like Gecko) Version/13.0.3 Mobile/15E148 Safari/604.1"
107.189.13.175 - - [24/Nov/2025:12:25:23 -0500] "GET /?author=3 HTTP/1.1" 200 549 "http://www.google.com.hk" "Mozilla/5.0 (Windows NT 6.1; WOW64) AppleWebKit/537.36 (KHTML, like Gecko) Chrome/42.0.2311.90 Safari/537.36"
162.0.217.77 - - [24/Nov/2025:12:57:50 -0500] "POST /wp-cron.php?doing_wp_cron=1764007070.1347899436950683593750 HTTP/1.1" 403 1242 "-" "WordPress/6.8.3; https://hc-cosmetics.com"
138.197.78.152 - - [24/Nov/2025:12:57:46 -0500] "POST /xmlrpc.php HTTP/1.1" 200 210 "-" "Mozilla/5.0 (Windows NT 10.0; Win64; x64; rv:74.0) Gecko/20100101 Firefox/74.0"
66.249.87.173 - - [24/Nov/2025:13:26:53 -0500] "GET /product/silky-x-trim-shampoo-anti-dandruff-shampoo/ HTTP/1.1" 200 497 "-" "Mozilla/5.0 (X11; Linux x86_64) AppleWebKit/537.36 (KHTML, like Gecko) Chrome/141.0.7390.122 Safari/537.36"
49.51.203.164 - - [24/Nov/2025:13:45:36 -0500] "GET / HTTP/1.1" 200 549 "http://www.hc-cosmetics.com" "Mozilla/5.0 (iPhone; CPU iPhone OS 13_2_3 like Mac OS X) AppleWebKit/605.1.15 (KHTML, like Gecko) Version/13.0.3 Mobile/15E148 Safari/604.1"
52.167.144.174 - - [24/Nov/2025:13:50:02 -0500] "GET /wp-content/uploads/2025/06/Trivix-ampule-1-768x768.png HTTP/1.1" 200 125315 "-" "Mozilla/5.0 AppleWebKit/537.36 (KHTML, like Gecko; compatible; bingbot/2.0; +http://www.bing.com/bingbot.htm) Chrome/116.0.1938.76 Safari/537.36"
173.252.82.23 - - [24/Nov/2025:13:59:17 -0500] "GET /robots.txt HTTP/1.1" 206 15 "-" "facebookexternalhit/1.1 (+http://www.facebook.com/externalhit_uatext.php)"
91.206.169.109 - - [24/Nov/2025:14:50:08 -0500] "POST /ALFA_DATA/alfacgiapi/perl.alfa HTTP/1.1" 200 1010 "www.google.com" "Mozlila/5.0 (Linux; Android 7.0; SM-G892A Bulid/NRD90M; wv) AppleWebKit/537.36 (KHTML, like Gecko) Version/4.0 Chrome/60.0.3112.107 Moblie Safari/537.36"
91.206.169.109 - - [24/Nov/2025:14:50:08 -0500] "GET /wp-content/themes/seotheme/db.php?u HTTP/1.1" 200 1010 "www.google.com" "Mozlila/5.0 (Linux; Android 7.0; SM-G892A Bulid/NRD90M; wv) AppleWebKit/537.36 (KHTML, like Gecko) Version/4.0 Chrome/60.0.3112.107 Moblie Safari/537.36"
91.206.169.109 - - [24/Nov/2025:14:50:08 -0500] "GET /wp-content/plugins/fix/up.php HTTP/1.1" 200 1010 "-" "Mozilla/5.0 (Windows NT 10.0; Win64; x64) AppleWebKit/537.36 (KHTML, like Gecko) Chrome/85.0.4183.102 Safari/537.36"
91.206.169.109 - - [24/Nov/2025:14:50:08 -0500] "POST /wp-plain.php HTTP/1.1" 200 1010 "www.google.com" "Mozilla/5.0 (Linux; Android 7.0; SM-G892A Bulid/NRD90M; wv) AppleWebKit/537.36 (KHTML, like Gecko) Version/4.0 Chrome/60.0.3112.107 Moblie Safari/537.36"
91.206.169.109 - - [24/Nov/2025:14:50:08 -0500] "GET / HTTP/1.1" 200 1010 "-" "Mozlila/5.0 (Linux; Android 7.0; SM-G892A Bulid/NRD90M; wv) AppleWebKit/537.36 (KHTML, like Gecko) Version/4.0 Chrome/60.0.3112.107 Moblie Safari/537.36"
91.206.169.109 - - [24/Nov/2025:14:50:09 -0500] "GET /wp-content/themes/seotheme/db.php?u HTTP/1.1" 200 1010 "www.google.com" "Mozlila/5.0 (Linux; Android 7.0; SM-G892A Bulid/NRD90M; wv) AppleWebKit/537.36 (KHTML, like Gecko) Version/4.0 Chrome/60.0.3112.107 Moblie Safari/537.36"
91.206.169.109 - - [24/Nov/2025:14:50:09 -0500] "GET /zgivgpch.php?Fox=d3wL7 HTTP/1.1" 200 1010 "www.google.com" "Mozilla/5.0 (Linux; Android 7.0; SM-G892A Bulid/NRD90M; wv) AppleWebKit/537.36 (KHTML, like Gecko) Version/4.0 Chrome/60.0.3112.107 Moblie Safari/537.36"
91.206.169.109 - - [24/Nov/2025:14:50:10 -0500] "POST /alfacgiapi/perl.alfa HTTP/1.1" 200 1010 "www.google.com" "Mozlila/5.0 (Linux; Android 7.0; SM-G892A Bulid/NRD90M; wv) AppleWebKit/537.36 (KHTML, like Gecko) Version/4.0 Chrome/60.0.3112.107 Moblie Safari/537.36"
54.84.147.79 - - [24/Nov/2025:14:51:09 -0500] "GET /product-category/hair-care/ HTTP/1.1" 200 549 "-" "Mozilla/5.0 AppleWebKit/537.36 (KHTML, like Gecko; compatible; Amazonbot/0.1; +https://developer.amazon.com/support/amazonbot) Chrome/119.0.6045.214 Safari/537.36"
100.27.153.9 - - [24/Nov/2025:14:51:09 -0500] "GET /product/silky-feel-good-mist/ HTTP/1.1" 200 549 "-" "Mozilla/5.0 AppleWebKit/537.36 (KHTML, like Gecko; compatible; Amazonbot/0.1; +https://developer.amazon.com/support/amazonbot) Chrome/119.0.6045.214 Safari/537.36"
66.249.75.107 - - [24/Nov/2025:15:21:56 -0500] "GET /shop/?add-to-cart=1075 HTTP/1.1" 200 497 "-" "Mozilla/5.0 (Linux; Android 6.0.1; Nexus 5X Build/MMB29P) AppleWebKit/537.36 (KHTML, like Gecko) Chrome/141.0.7390.122 Mobile Safari/537.36 (compatible; Googlebot/2.1; +http://www.google.com/bot.html)"
185.39.19.43 - - [24/Nov/2025:15:39:48 -0500] "GET / HTTP/1.0" 200 1010 "https://hc-cosmetics.com/" "Mozilla/5.0 (Windows NT 10.0; Win64; x64) AppleWebKit/537.36 (KHTML, like Gecko) Chrome/131.0.0.0 Safari/537.36 Avast/131.0.0.0"
34.63.84.103 - - [24/Nov/2025:15:40:51 -0500] "GET / HTTP/1.1" 200 549 "-" "Apache-HttpClient/4.5.13 (Java/1.8.0_222)"
34.63.84.103 - - [24/Nov/2025:15:40:51 -0500] "GET / HTTP/1.1" 200 549 "-" "Apache-HttpClient/4.5.13 (Java/1.8.0_222)"
34.63.84.103 - - [24/Nov/2025:15:40:54 -0500] "GET / HTTP/1.1" 200 549 "-" "Apache-HttpClient/4.5.13 (Java/1.8.0_222)"
34.63.84.103 - - [24/Nov/2025:15:40:54 -0500] "GET / HTTP/1.1" 200 549 "-" "Apache-HttpClient/4.5.13 (Java/1.8.0_222)"
34.63.84.103 - - [24/Nov/2025:15:40:55 -0500] "GET / HTTP/1.1" 200 549 "-" "Apache-HttpClient/4.5.13 (Java/1.8.0_222)"
3.220.148.166 - - [24/Nov/2025:15:42:09 -0500] "GET /product/silky-feel-good-serum/ HTTP/1.1" 200 549 "-" "Mozilla/5.0 AppleWebKit/537.36 (KHTML, like Gecko; compatible; Amazonbot/0.1; +https://developer.amazon.com/support/amazonbot) Chrome/119.0.6045.214 Safari/537.36"
138.197.77.217 - - [24/Nov/2025:15:42:32 -0500] "GET / HTTP/1.1" 200 1010 "-" "Mozilla/5.0 (Windows NT 10.0; Win64; x64) AppleWebKit/537.36 (KHTML, like Gecko) Chrome/80.0.3987.149 Safari/537.36"
138.197.77.217 - - [24/Nov/2025:15:42:32 -0500] "GET //wp-includes/wlwmanifest.xml HTTP/1.1" 200 1010 "-" "Mozilla/5.0 (Windows NT 10.0; Win64; x64) AppleWebKit/537.36 (KHTML, like Gecko) Chrome/80.0.3987.149 Safari/537.36"
138.197.77.217 - - [24/Nov/2025:15:42:32 -0500] "GET / HTTP/1.1" 200 1010 "-" "Mozilla/5.0 (Windows NT 10.0; Win64; x64) AppleWebKit/537.36 (KHTML, like Gecko) Chrome/80.0.3987.149 Safari/537.36"
138.197.77.217 - - [24/Nov/2025:15:42:33 -0500] "GET //blog/wp-includes/wlwmanifest.xml HTTP/1.1" 200 1010 "-" "Mozilla/5.0 (Windows NT 10.0; Win64; x64) AppleWebKit/537.36 (KHTML, like Gecko) Chrome/80.0.3987.149 Safari/537.36"
138.197.77.217 - - [24/Nov/2025:15:42:34 -0500] "GET //web/wp-includes/wlwmanifest.xml HTTP/1.1" 200 1010 "-" "Mozilla/5.0 (Windows NT 10.0; Win64; x64) AppleWebKit/537.36 (KHTML, like Gecko) Chrome/80.0.3987.149 Safari/537.36"
138.197.77.217 - - [24/Nov/2025:15:42:34 -0500] "GET //wordpress/wp-includes/wlwmanifest.xml HTTP/1.1" 200 1010 "-" "Mozilla/5.0 (Windows NT 10.0; Win64; x64) AppleWebKit/537.36 (KHTML, like Gecko) Chrome/80.0.3987.149 Safari/537.36"
138.197.77.217 - - [24/Nov/2025:15:42:34 -0500] "GET //website/wp-includes/wlwmanifest.xml HTTP/1.1" 200 1010 "-" "Mozilla/5.0 (Windows NT 10.0; Win64; x64) AppleWebKit/537.36 (KHTML, like Gecko) Chrome/80.0.3987.149 Safari/537.36"
138.197.77.217 - - [24/Nov/2025:15:42:34 -0500] "GET //wp/wp-includes/wlwmanifest.xml HTTP/1.1" 200 1010 "-" "Mozilla/5.0 (Windows NT 10.0; Win64; x64) AppleWebKit/537.36 (KHTML, like Gecko) Chrome/80.0.3987.149 Safari/537.36"
138.197.77.217 - - [24/Nov/2025:15:42:35 -0500] "GET //news/wp-includes/wlwmanifest.xml HTTP/1.1" 200 1010 "-" "Mozilla/5.0 (Windows NT 10.0; Win64; x64) AppleWebKit/537.36 (KHTML, like Gecko) Chrome/80.0.3987.149 Safari/537.36"
138.197.77.217 - - [24/Nov/2025:15:42:35 -0500] "GET //2018/wp-includes/wlwmanifest.xml HTTP/1.1" 200 1010 "-" "Mozilla/5.0 (Windows NT 10.0; Win64; x64) AppleWebKit/537.36 (KHTML, like Gecko) Chrome/80.0.3987.149 Safari/537.36"
138.197.77.217 - - [24/Nov/2025:15:42:35 -0500] "GET //2019/wp-includes/wlwmanifest.xml HTTP/1.1" 200 1010 "-" "Mozilla/5.0 (Windows NT 10.0; Win64; x64) AppleWebKit/537.36 (KHTML, like Gecko) Chrome/80.0.3987.149 Safari/537.36"
138.197.77.217 - - [24/Nov/2025:15:42:35 -0500] "GET //shop/wp-includes/wlwmanifest.xml HTTP/1.1" 200 1010 "-" "Mozilla/5.0 (Windows NT 10.0; Win64; x64) AppleWebKit/537.36 (KHTML, like Gecko) Chrome/80.0.3987.149 Safari/537.36"
138.197.77.217 - - [24/Nov/2025:15:42:35 -0500] "GET //wp1/wp-includes/wlwmanifest.xml HTTP/1.1" 200 1010 "-" "Mozilla/5.0 (Windows NT 10.0; Win64; x64) AppleWebKit/537.36 (KHTML, like Gecko) Chrome/80.0.3987.149 Safari/537.36"
138.197.77.217 - - [24/Nov/2025:15:42:36 -0500] "GET //test/wp-includes/wlwmanifest.xml HTTP/1.1" 200 1010 "-" "Mozilla/5.0 (Windows NT 10.0; Win64; x64) AppleWebKit/537.36 (KHTML, like Gecko) Chrome/80.0.3987.149 Safari/537.36"
138.197.77.217 - - [24/Nov/2025:15:42:36 -0500] "GET //media/wp-includes/wlwmanifest.xml HTTP/1.1" 200 1010 "-" "Mozilla/5.0 (Windows NT 10.0; Win64; x64) AppleWebKit/537.36 (KHTML, like Gecko) Chrome/80.0.3987.149 Safari/537.36"
138.197.77.217 - - [24/Nov/2025:15:42:37 -0500] "GET //wp2/wp-includes/wlwmanifest.xml HTTP/1.1" 200 1010 "-" "Mozilla/5.0 (Windows NT 10.0; Win64; x64) AppleWebKit/537.36 (KHTML, like Gecko) Chrome/80.0.3987.149 Safari/537.36"
138.197.77.217 - - [24/Nov/2025:15:42:37 -0500] "GET //site/wp-includes/wlwmanifest.xml HTTP/1.1" 200 1010 "-" "Mozilla/5.0 (Windows NT 10.0; Win64; x64) AppleWebKit/537.36 (KHTML, like Gecko) Chrome/80.0.3987.149 Safari/537.36"
138.197.77.217 - - [24/Nov/2025:15:42:37 -0500] "GET //cms/wp-includes/wlwmanifest.xml HTTP/1.1" 200 1010 "-" "Mozilla/5.0 (Windows NT 10.0; Win64; x64) AppleWebKit/537.36 (KHTML, like Gecko) Chrome/80.0.3987.149 Safari/537.36"
138.197.77.217 - - [24/Nov/2025:15:42:38 -0500] "GET //sito/wp-includes/wlwmanifest.xml HTTP/1.1" 200 1010 "-" "Mozilla/5.0 (Windows NT 10.0; Win64; x64) AppleWebKit/537.36 (KHTML, like Gecko) Chrome/80.0.3987.149 Safari/537.36"
114.119.147.246 - - [24/Nov/2025:15:43:38 -0500] "GET /shop/ HTTP/1.1" 200 549 "-" "Mozilla/5.0 (Linux; Android 7.0;) AppleWebKit/537.36 (KHTML, like Gecko) Mobile Safari/537.36 (compatible; PetalBot;+https://webmaster.petalsearch.com/site/petalbot)"
216.244.66.236 - - [24/Nov/2025:15:49:50 -0500] "GET /robots.txt HTTP/1.1" 403 1242 "-" "Mozilla/5.0 (compatible; DotBot/1.2; +https://opensiteexplorer.org/dotbot; [email protected])"
205.210.31.153 - - [24/Nov/2025:15:50:31 -0500] "GET / HTTP/1.1" 200 1010 "-" "-"
128.24.70.128 - - [24/Nov/2025:16:06:09 -0500] "GET /wp-login.php HTTP/1.1" 200 2196 "-" "Mozilla/5.0"
128.24.70.128 - - [24/Nov/2025:16:06:11 -0500] "GET /?author=1 HTTP/1.1" 200 549 "-" "Mozilla/5.0"
128.24.70.128 - - [24/Nov/2025:16:06:11 -0500] "GET /?rest_route=/wp/v2/users HTTP/1.1" 200 549 "-" "Mozilla/5.0"
128.24.70.128 - - [24/Nov/2025:16:06:11 -0500] "GET /feed HTTP/1.1" 200 549 "-" "Mozilla/5.0"
120.231.110.31 - - [24/Nov/2025:16:13:32 -0500] "GET / HTTP/1.1" 200 549 "https://hc-cosmetics.com/" "Mozilla/5.0 (Windows NT 6.1; WOW64) AppleWebKit/537.36 (KHTML, like Gecko) Chrome/50.0.2661.102 Safari/537.36"
162.0.217.77 - - [24/Nov/2025:16:17:22 -0500] "POST /wp-cron.php?doing_wp_cron=1764019042.4547588825225830078125 HTTP/1.1" 403 1242 "-" "WordPress/6.8.3; https://hc-cosmetics.com"
128.24.70.128 - - [24/Nov/2025:16:17:18 -0500] "POST /wp-login.php HTTP/1.1" 200 6974 "-" "Mozilla/5.0"
66.249.75.108 - - [24/Nov/2025:16:24:44 -0500] "GET /product/nouvelle-mousse-strong-hold/ HTTP/1.1" 200 497 "-" "Mozilla/5.0 (Linux; Android 6.0.1; Nexus 5X Build/MMB29P) AppleWebKit/537.36 (KHTML, like Gecko) Chrome/141.0.7390.122 Mobile Safari/537.36 (compatible; Googlebot/2.1; +http://www.google.com/bot.html)"
162.0.217.77 - - [24/Nov/2025:16:28:14 -0500] "POST /wp-cron.php?doing_wp_cron=1764019694.5361480712890625000000 HTTP/1.1" 403 1242 "-" "WordPress/6.8.3; https://hc-cosmetics.com"
128.24.70.128 - - [24/Nov/2025:16:28:11 -0500] "POST /wp-login.php HTTP/1.1" 200 6974 "-" "Mozilla/5.0"
216.244.66.236 - - [24/Nov/2025:16:37:01 -0500] "GET /robots.txt HTTP/1.1" 403 1242 "-" "Mozilla/5.0 (compatible; DotBot/1.2; +https://opensiteexplorer.org/dotbot; [email protected])"
162.0.217.77 - - [24/Nov/2025:16:38:41 -0500] "POST /wp-cron.php?doing_wp_cron=1764020321.1624710559844970703125 HTTP/1.1" 403 1242 "-" "WordPress/6.8.3; https://hc-cosmetics.com"
128.24.70.128 - - [24/Nov/2025:16:38:38 -0500] "POST /wp-login.php HTTP/1.1" 200 6974 "-" "Mozilla/5.0"
66.249.87.172 - - [24/Nov/2025:16:38:49 -0500] "GET /product/nouvelle-mousse-strong-hold/ HTTP/1.1" 200 497 "-" "Mozilla/5.0 (X11; Linux x86_64) AppleWebKit/537.36 (KHTML, like Gecko) Chrome/141.0.7390.122 Safari/537.36"
66.249.75.107 - - [24/Nov/2025:16:41:25 -0500] "GET /product/silky-feel-good-mist/?add-to-cart=1099 HTTP/1.1" 200 497 "-" "Mozilla/5.0 (Linux; Android 6.0.1; Nexus 5X Build/MMB29P) AppleWebKit/537.36 (KHTML, like Gecko) Chrome/141.0.7390.122 Mobile Safari/537.36 (compatible; Googlebot/2.1; +http://www.google.com/bot.html)"
162.0.217.77 - - [24/Nov/2025:16:49:04 -0500] "POST /wp-cron.php?doing_wp_cron=1764020944.7016921043395996093750 HTTP/1.1" 403 1242 "-" "WordPress/6.8.3; https://hc-cosmetics.com"
128.24.70.128 - - [24/Nov/2025:16:49:02 -0500] "POST /wp-login.php HTTP/1.1" 200 6935 "-" "Mozilla/5.0"
52.15.221.101 - - [24/Nov/2025:16:49:48 -0500] "GET / HTTP/1.1" 200 1010 "http://hc-cosmetics.com/" "Mozilla/5.0 (Linux; Android 5.0.1; SAMSUNG SM-N910T Build/LRX22C) AppleWebKit/537.36 (KHTML, like Gecko) SamsungBrowser/2.1 Chrome/34.0.1847.76 Mobile Safari/537.36"
162.0.217.77 - - [24/Nov/2025:16:59:54 -0500] "POST /wp-cron.php?doing_wp_cron=1764021594.1544699668884277343750 HTTP/1.1" 403 1242 "-" "WordPress/6.8.3; https://hc-cosmetics.com"
128.24.70.128 - - [24/Nov/2025:16:59:51 -0500] "POST /wp-login.php HTTP/1.1" 200 6974 "-" "Mozilla/5.0"
162.0.217.77 - - [24/Nov/2025:17:11:21 -0500] "POST /wp-cron.php?doing_wp_cron=1764022281.5634219646453857421875 HTTP/1.1" 403 1242 "-" "WordPress/6.8.3; https://hc-cosmetics.com"
128.24.70.128 - - [24/Nov/2025:17:11:19 -0500] "POST /wp-login.php HTTP/1.1" 200 6974 "-" "Mozilla/5.0"
114.119.143.1 - - [24/Nov/2025:17:15:28 -0500] "GET / HTTP/1.1" 200 549 "-" "Mozilla/5.0 (Linux; Android 7.0;) AppleWebKit/537.36 (KHTML, like Gecko) Mobile Safari/537.36 (compatible; PetalBot;+https://webmaster.petalsearch.com/site/petalbot)"
114.119.159.243 - - [24/Nov/2025:17:16:49 -0500] "GET /?MA HTTP/1.1" 200 549 "https://www.hc-cosmetics.com/?SA" "Mozilla/5.0 (Linux; Android 7.0;) AppleWebKit/537.36 (KHTML, like Gecko) Mobile Safari/537.36 (compatible; PetalBot;+https://webmaster.petalsearch.com/site/petalbot)"
162.0.217.77 - - [24/Nov/2025:17:22:37 -0500] "POST /wp-cron.php?doing_wp_cron=1764022957.8371870517730712890625 HTTP/1.1" 403 1242 "-" "WordPress/6.8.3; https://hc-cosmetics.com"
128.24.70.128 - - [24/Nov/2025:17:22:29 -0500] "POST /wp-login.php HTTP/1.1" 200 6974 "-" "Mozilla/5.0"
162.0.217.77 - - [24/Nov/2025:17:34:04 -0500] "POST /wp-cron.php?doing_wp_cron=1764023644.5054490566253662109375 HTTP/1.1" 403 1242 "-" "WordPress/6.8.3; https://hc-cosmetics.com"
128.24.70.128 - - [24/Nov/2025:17:34:02 -0500] "POST /wp-login.php HTTP/1.1" 200 6935 "-" "Mozilla/5.0"
52.167.144.160 - - [24/Nov/2025:17:37:17 -0500] "GET /wp-content/uploads/2025/06/Nouvelle-Extreme-Gel.webp HTTP/1.1" 200 60054 "-" "Mozilla/5.0 AppleWebKit/537.36 (KHTML, like Gecko; compatible; bingbot/2.0; +http://www.bing.com/bingbot.htm) Chrome/116.0.1938.76 Safari/537.36"
162.0.217.77 - - [24/Nov/2025:17:45:47 -0500] "GET / HTTP/1.1" 200 1010 "-" "Mozilla/5.0 (Windows NT 10.0; Win64; x64; rv:122.0) Gecko/20100101 Firefox/122.0"
162.0.217.77 - - [24/Nov/2025:17:46:02 -0500] "GET / HTTP/1.1" 200 1010 "-" "Softaculous"
162.0.217.77 - - [24/Nov/2025:17:46:02 -0500] "GET / HTTP/1.1" 200 1010 "-" "Mozilla/5.0 (Windows NT 10.0; Win64; x64; rv:122.0) Gecko/20100101 Firefox/122.0"
162.0.217.77 - - [24/Nov/2025:17:46:13 -0500] "POST /wp-cron.php?doing_wp_cron=1764024373.8283350467681884765625 HTTP/1.1" 403 1242 "-" "WordPress/6.8.3; https://hc-cosmetics.com"
128.24.70.128 - - [24/Nov/2025:17:46:09 -0500] "POST /wp-login.php HTTP/1.1" 200 6974 "-" "Mozilla/5.0"
114.119.143.1 - - [24/Nov/2025:17:50:02 -0500] "GET /my-account HTTP/1.1" 200 549 "-" "Mozilla/5.0 (Linux; Android 7.0;) AppleWebKit/537.36 (KHTML, like Gecko) Mobile Safari/537.36 (compatible; PetalBot;+https://webmaster.petalsearch.com/site/petalbot)"
40.77.167.17 - - [24/Nov/2025:17:50:04 -0500] "GET /wp-content/uploads/2025/07/Iron-Bursh.png HTTP/1.1" 200 3356135 "-" "Mozilla/5.0 AppleWebKit/537.36 (KHTML, like Gecko; compatible; bingbot/2.0; +http://www.bing.com/bingbot.htm) Chrome/116.0.1938.76 Safari/537.36"
43.158.91.71 - - [24/Nov/2025:17:51:31 -0500] "GET / HTTP/1.1" 200 549 "http://hc-cosmetics.com" "Mozilla/5.0 (iPhone; CPU iPhone OS 13_2_3 like Mac OS X) AppleWebKit/605.1.15 (KHTML, like Gecko) Version/13.0.3 Mobile/15E148 Safari/604.1"
162.0.217.77 - - [24/Nov/2025:17:58:35 -0500] "POST /wp-cron.php?doing_wp_cron=1764025115.7249701023101806640625 HTTP/1.1" 403 1242 "-" "WordPress/6.8.3; https://hc-cosmetics.com"
128.24.70.128 - - [24/Nov/2025:17:58:31 -0500] "POST /wp-login.php HTTP/1.1" 200 6974 "-" "Mozilla/5.0"
51.161.9.69 - - [24/Nov/2025:18:05:46 -0500] "GET / HTTP/1.1" 200 549 "-" "Python/3.13 aiohttp/3.12.15"
216.244.66.236 - - [24/Nov/2025:18:10:58 -0500] "GET /robots.txt HTTP/1.1" 403 1242 "-" "Mozilla/5.0 (compatible; DotBot/1.2; +https://opensiteexplorer.org/dotbot; [email protected])"
162.0.217.77 - - [24/Nov/2025:18:11:16 -0500] "POST /wp-cron.php?doing_wp_cron=1764025876.2681210041046142578125 HTTP/1.1" 403 1242 "-" "WordPress/6.8.3; https://hc-cosmetics.com"
128.24.70.128 - - [24/Nov/2025:18:11:13 -0500] "POST /wp-login.php HTTP/1.1" 200 6974 "-" "Mozilla/5.0"
162.0.217.77 - - [24/Nov/2025:18:23:55 -0500] "POST /wp-cron.php?doing_wp_cron=1764026635.4795498847961425781250 HTTP/1.1" 403 1242 "-" "WordPress/6.8.3; https://hc-cosmetics.com"
128.24.70.128 - - [24/Nov/2025:18:23:52 -0500] "POST /wp-login.php HTTP/1.1" 200 6935 "-" "Mozilla/5.0"
57.141.6.59 - - [24/Nov/2025:18:33:34 -0500] "GET /sitemap.txt HTTP/1.1" 200 1010 "-" "meta-externalagent/1.1 (+https://developers.facebook.com/docs/sharing/webmasters/crawler)"
57.141.6.31 - - [24/Nov/2025:18:34:19 -0500] "GET /sitemap.html HTTP/1.1" 200 1010 "-" "meta-externalagent/1.1 (+https://developers.facebook.com/docs/sharing/webmasters/crawler)"
114.119.158.217 - - [24/Nov/2025:18:36:01 -0500] "GET /product-tag/hair-shampoos?action=yith-woocompare-add-product&id=997 HTTP/1.1" 200 549 "-" "Mozilla/5.0 (Linux; Android 7.0;) AppleWebKit/537.36 (KHTML, like Gecko) Mobile Safari/537.36 (compatible; PetalBot;+https://webmaster.petalsearch.com/site/petalbot)"
162.0.217.77 - - [24/Nov/2025:18:36:49 -0500] "POST /wp-cron.php?doing_wp_cron=1764027409.6211640834808349609375 HTTP/1.1" 403 1242 "-" "WordPress/6.8.3; https://hc-cosmetics.com"
128.24.70.128 - - [24/Nov/2025:18:36:45 -0500] "POST /wp-login.php HTTP/1.1" 200 6974 "-" "Mozilla/5.0"
114.119.158.217 - - [24/Nov/2025:18:37:24 -0500] "GET /shop?action=yith-woocompare-add-product&id=42 HTTP/1.1" 200 549 "-" "Mozilla/5.0 (Linux; Android 7.0;) AppleWebKit/537.36 (KHTML, like Gecko) Mobile Safari/537.36 (compatible; PetalBot;+https://webmaster.petalsearch.com/site/petalbot)"
114.119.143.1 - - [24/Nov/2025:18:38:48 -0500] "GET /product-tag/silky/?action=yith-woocompare-add-product&id=1077 HTTP/1.1" 200 549 "https://hc-cosmetics.com/product-tag/silky/?action=yith-woocompare-add-product&id=1075" "Mozilla/5.0 (Linux; Android 7.0;) AppleWebKit/537.36 (KHTML, like Gecko) Mobile Safari/537.36 (compatible; PetalBot;+https://webmaster.petalsearch.com/site/petalbot)"
114.119.158.217 - - [24/Nov/2025:18:40:13 -0500] "GET /shop/page/2/?action=yith-woocompare-add-product&id=1080 HTTP/1.1" 200 549 "https://hc-cosmetics.com/shop/page/2/?action=yith-woocompare-add-product&id=1070" "Mozilla/5.0 (Linux; Android 7.0;) AppleWebKit/537.36 (KHTML, like Gecko) Mobile Safari/537.36 (compatible; PetalBot;+https://webmaster.petalsearch.com/site/petalbot)"
57.141.6.33 - - [24/Nov/2025:18:40:13 -0500] "GET /sitemap.xml HTTP/1.1" 200 1010 "-" "meta-externalagent/1.1 (+https://developers.facebook.com/docs/sharing/webmasters/crawler)"
114.119.147.246 - - [24/Nov/2025:18:41:39 -0500] "GET /product-tag/hair-mists?action=yith-woocompare-add-product&id=1080 HTTP/1.1" 200 549 "-" "Mozilla/5.0 (Linux; Android 7.0;) AppleWebKit/537.36 (KHTML, like Gecko) Mobile Safari/537.36 (compatible; PetalBot;+https://webmaster.petalsearch.com/site/petalbot)"
114.119.158.217 - - [24/Nov/2025:18:42:59 -0500] "GET /product-tag/hair-conditioners?action=yith-woocompare-add-product&id=1075 HTTP/1.1" 200 549 "-" "Mozilla/5.0 (Linux; Android 7.0;) AppleWebKit/537.36 (KHTML, like Gecko) Mobile Safari/537.36 (compatible; PetalBot;+https://webmaster.petalsearch.com/site/petalbot)"
114.119.152.207 - - [24/Nov/2025:18:44:22 -0500] "GET /product-tag/hair-care?action=yith-woocompare-add-product&id=1002 HTTP/1.1" 200 549 "-" "Mozilla/5.0 (Linux; Android 7.0;) AppleWebKit/537.36 (KHTML, like Gecko) Mobile Safari/537.36 (compatible; PetalBot;+https://webmaster.petalsearch.com/site/petalbot)"
114.119.152.207 - - [24/Nov/2025:18:45:45 -0500] "GET /product-category/skincare/page/1 HTTP/1.1" 200 549 "-" "Mozilla/5.0 (Linux; Android 7.0;) AppleWebKit/537.36 (KHTML, like Gecko) Mobile Safari/537.36 (compatible; PetalBot;+https://webmaster.petalsearch.com/site/petalbot)"
57.141.6.63 - - [24/Nov/2025:18:46:50 -0500] "GET /sitemap_index.xml HTTP/1.1" 200 1010 "-" "meta-externalagent/1.1 (+https://developers.facebook.com/docs/sharing/webmasters/crawler)"
114.119.143.1 - - [24/Nov/2025:18:47:11 -0500] "GET /product-category/skincare/face-skincare HTTP/1.1" 200 549 "https://hc-cosmetics.com/product-category/makeup/" "Mozilla/5.0 (Linux; Android 7.0;) AppleWebKit/537.36 (KHTML, like Gecko) Mobile Safari/537.36 (compatible; PetalBot;+https://webmaster.petalsearch.com/site/petalbot)"
20.119.245.191 - - [24/Nov/2025:18:47:58 -0500] "GET /wp-content/plugins/hellopress/wp_filemanager.php HTTP/1.1" 200 1010 "-" "-"
20.119.245.191 - - [24/Nov/2025:18:47:58 -0500] "GET /acxx.php HTTP/1.1" 200 1010 "-" "-"
20.119.245.191 - - [24/Nov/2025:18:47:58 -0500] "GET /dev1s.php HTTP/1.1" 200 1010 "-" "-"
20.119.245.191 - - [24/Nov/2025:18:47:59 -0500] "GET /ww1.php HTTP/1.1" 200 1010 "-" "-"
20.119.245.191 - - [24/Nov/2025:18:47:59 -0500] "GET /c4.php HTTP/1.1" 200 1010 "-" "-"
20.119.245.191 - - [24/Nov/2025:18:47:59 -0500] "GET /wsx.php HTTP/1.1" 200 1010 "-" "-"
20.119.245.191 - - [24/Nov/2025:18:47:59 -0500] "GET /b4.php HTTP/1.1" 200 1010 "-" "-"
20.119.245.191 - - [24/Nov/2025:18:47:59 -0500] "GET /xenium4.php HTTP/1.1" 200 1010 "-" "-"
20.119.245.191 - - [24/Nov/2025:18:48:00 -0500] "GET /xpw.php HTTP/1.1" 200 1010 "-" "-"
20.119.245.191 - - [24/Nov/2025:18:48:00 -0500] "GET /ww2.php HTTP/1.1" 200 1010 "-" "-"
20.119.245.191 - - [24/Nov/2025:18:48:00 -0500] "GET /ww3.php HTTP/1.1" 200 1010 "-" "-"
20.119.245.191 - - [24/Nov/2025:18:48:01 -0500] "GET /v.php HTTP/1.1" 200 1010 "-" "-"
20.119.245.191 - - [24/Nov/2025:18:48:01 -0500] "GET /d2.php HTTP/1.1" 200 1010 "-" "-"
20.119.245.191 - - [24/Nov/2025:18:48:02 -0500] "GET /snus.php HTTP/1.1" 200 1010 "-" "-"
20.119.245.191 - - [24/Nov/2025:18:48:02 -0500] "GET /011i.php HTTP/1.1" 200 1010 "-" "-"
20.119.245.191 - - [24/Nov/2025:18:48:02 -0500] "GET /disaos.php HTTP/1.1" 200 1010 "-" "-"
20.119.245.191 - - [24/Nov/2025:18:48:03 -0500] "GET /gdn.php HTTP/1.1" 200 1010 "-" "-"
20.119.245.191 - - [24/Nov/2025:18:48:03 -0500] "GET /ww4.php HTTP/1.1" 200 1010 "-" "-"
20.119.245.191 - - [24/Nov/2025:18:48:03 -0500] "GET /xc.php HTTP/1.1" 200 1010 "-" "-"
20.119.245.191 - - [24/Nov/2025:18:48:04 -0500] "GET /g.php HTTP/1.1" 200 1010 "-" "-"
20.119.245.191 - - [24/Nov/2025:18:48:04 -0500] "GET /nx1.php HTTP/1.1" 200 1010 "-" "-"
20.119.245.191 - - [24/Nov/2025:18:48:04 -0500] "GET /ii.php HTTP/1.1" 200 1010 "-" "-"
20.119.245.191 - - [24/Nov/2025:18:48:05 -0500] "GET /kr.php HTTP/1.1" 200 1010 "-" "-"
20.119.245.191 - - [24/Nov/2025:18:48:05 -0500] "GET /18299.php HTTP/1.1" 200 1010 "-" "-"
20.119.245.191 - - [24/Nov/2025:18:48:05 -0500] "GET /3.php HTTP/1.1" 200 1010 "-" "-"
20.119.245.191 - - [24/Nov/2025:18:48:06 -0500] "GET /chati.php HTTP/1.1" 200 1010 "-" "-"
20.119.245.191 - - [24/Nov/2025:18:48:06 -0500] "GET /content-over.php HTTP/1.1" 200 1010 "-" "-"
20.119.245.191 - - [24/Nov/2025:18:48:06 -0500] "GET /gm.php HTTP/1.1" 200 1010 "-" "-"
20.119.245.191 - - [24/Nov/2025:18:48:07 -0500] "GET /naxc.php HTTP/1.1" 200 1010 "-" "-"
20.119.245.191 - - [24/Nov/2025:18:48:07 -0500] "GET /we.php HTTP/1.1" 200 1010 "-" "-"
20.119.245.191 - - [24/Nov/2025:18:48:07 -0500] "GET /size.php HTTP/1.1" 200 1010 "-" "-"
20.119.245.191 - - [24/Nov/2025:18:48:07 -0500] "GET /rsjlrria.php HTTP/1.1" 200 1010 "-" "-"
20.119.245.191 - - [24/Nov/2025:18:48:08 -0500] "GET /wp-includes/customize/about.php HTTP/1.1" 200 1010 "-" "-"
20.119.245.191 - - [24/Nov/2025:18:48:08 -0500] "GET /gec.php HTTP/1.1" 200 1010 "-" "-"
20.119.245.191 - - [24/Nov/2025:18:48:09 -0500] "GET /update/gec.php HTTP/1.1" 200 1010 "-" "-"
20.119.245.191 - - [24/Nov/2025:18:48:09 -0500] "GET /nfu.php HTTP/1.1" 200 1010 "-" "-"
20.119.245.191 - - [24/Nov/2025:18:48:10 -0500] "GET /update/nfu.php HTTP/1.1" 200 1010 "-" "-"
20.119.245.191 - - [24/Nov/2025:18:48:10 -0500] "GET /xl8.php HTTP/1.1" 200 1010 "-" "-"
20.119.245.191 - - [24/Nov/2025:18:48:10 -0500] "GET /xl6.php HTTP/1.1" 200 1010 "-" "-"
20.119.245.191 - - [24/Nov/2025:18:48:10 -0500] "GET /class-t.api.php HTTP/1.1" 200 1010 "-" "-"
20.119.245.191 - - [24/Nov/2025:18:48:10 -0500] "GET /zc-706.php HTTP/1.1" 200 1010 "-" "-"
20.119.245.191 - - [24/Nov/2025:18:48:11 -0500] "GET /gifclass.php HTTP/1.1" 200 1010 "-" "-"
20.119.245.191 - - [24/Nov/2025:18:48:11 -0500] "GET /manager.php HTTP/1.1" 200 1010 "-" "-"
20.119.245.191 - - [24/Nov/2025:18:48:12 -0500] "GET /.well-known/as.php HTTP/1.1" 200 1010 "-" "-"
20.119.245.191 - - [24/Nov/2025:18:48:12 -0500] "GET /wp-content/product.php HTTP/1.1" 200 1010 "-" "-"
20.119.245.191 - - [24/Nov/2025:18:48:12 -0500] "GET /e56.php HTTP/1.1" 200 1010 "-" "-"
20.119.245.191 - - [24/Nov/2025:18:48:13 -0500] "GET /wp-x.php HTTP/1.1" 200 1010 "-" "-"
20.119.245.191 - - [24/Nov/2025:18:48:13 -0500] "GET /css.php HTTP/1.1" 200 1010 "-" "-"
20.119.245.191 - - [24/Nov/2025:18:48:13 -0500] "GET /11.php HTTP/1.1" 200 1010 "-" "-"
20.119.245.191 - - [24/Nov/2025:18:48:13 -0500] "GET /20.php HTTP/1.1" 200 1010 "-" "-"
20.119.245.191 - - [24/Nov/2025:18:48:14 -0500] "GET /1.php HTTP/1.1" 200 1010 "-" "-"
20.119.245.191 - - [24/Nov/2025:18:48:14 -0500] "GET /c.php HTTP/1.1" 200 1010 "-" "-"
20.119.245.191 - - [24/Nov/2025:18:48:15 -0500] "GET /build.php HTTP/1.1" 200 1010 "-" "-"
20.119.245.191 - - [24/Nov/2025:18:48:16 -0500] "GET /admin/upload/css.php HTTP/1.1" 200 1010 "-" "-"
20.119.245.191 - - [24/Nov/2025:18:48:16 -0500] "GET /lock360.php HTTP/1.1" 200 1010 "-" "-"
20.119.245.191 - - [24/Nov/2025:18:48:17 -0500] "GET /4.php HTTP/1.1" 200 1010 "-" "-"
20.119.245.191 - - [24/Nov/2025:18:48:17 -0500] "GET /X7x.php HTTP/1.1" 200 1010 "-" "-"
20.119.245.191 - - [24/Nov/2025:18:48:17 -0500] "GET /about.php HTTP/1.1" 200 1010 "-" "-"
20.119.245.191 - - [24/Nov/2025:18:48:18 -0500] "GET /r.php HTTP/1.1" 200 1010 "-" "-"
20.119.245.191 - - [24/Nov/2025:18:48:18 -0500] "GET /v4.php HTTP/1.1" 200 1010 "-" "-"
20.119.245.191 - - [24/Nov/2025:18:48:18 -0500] "GET /wp-22.php HTTP/1.1" 200 1010 "-" "-"
20.119.245.191 - - [24/Nov/2025:18:48:19 -0500] "GET /makeasmtp.php?p= HTTP/1.1" 200 1010 "-" "-"
20.119.245.191 - - [24/Nov/2025:18:48:19 -0500] "GET /system_log.php HTTP/1.1" 200 1010 "-" "-"
20.119.245.191 - - [24/Nov/2025:18:48:19 -0500] "GET /NewFile.php HTTP/1.1" 200 1010 "-" "-"
20.119.245.191 - - [24/Nov/2025:18:48:19 -0500] "GET /t.php?p= HTTP/1.1" 200 1010 "-" "-"
20.119.245.191 - - [24/Nov/2025:18:48:19 -0500] "GET /ee.php HTTP/1.1" 200 1010 "-" "-"
20.119.245.191 - - [24/Nov/2025:18:48:20 -0500] "GET /2.php HTTP/1.1" 200 1010 "-" "-"
20.119.245.191 - - [24/Nov/2025:18:48:20 -0500] "GET /6.php HTTP/1.1" 200 1010 "-" "-"
20.119.245.191 - - [24/Nov/2025:18:48:21 -0500] "GET /12.php HTTP/1.1" 200 1010 "-" "-"
20.119.245.191 - - [24/Nov/2025:18:48:21 -0500] "GET /0.php HTTP/1.1" 200 1010 "-" "-"
20.119.245.191 - - [24/Nov/2025:18:48:21 -0500] "GET /wp-admin/css/wp-conflg.php?p= HTTP/1.1" 200 1010 "-" "-"
20.119.245.191 - - [24/Nov/2025:18:48:21 -0500] "GET /02.php HTTP/1.1" 200 1010 "-" "-"
20.119.245.191 - - [24/Nov/2025:18:48:22 -0500] "GET /w.php HTTP/1.1" 200 1010 "-" "-"
20.119.245.191 - - [24/Nov/2025:18:48:22 -0500] "GET /go.php HTTP/1.1" 200 1010 "-" "-"
20.119.245.191 - - [24/Nov/2025:18:48:22 -0500] "GET /an.php HTTP/1.1" 200 1010 "-" "-"
20.119.245.191 - - [24/Nov/2025:18:48:22 -0500] "GET /wp.php HTTP/1.1" 200 1010 "-" "-"
20.119.245.191 - - [24/Nov/2025:18:48:23 -0500] "GET /admin.php HTTP/1.1" 200 1010 "-" "-"
20.119.245.191 - - [24/Nov/2025:18:48:23 -0500] "GET /admin.php?p= HTTP/1.1" 200 1010 "-" "-"
20.119.245.191 - - [24/Nov/2025:18:48:23 -0500] "GET /wp-includes/Text/Diff/Engine/about.php HTTP/1.1" 200 1010 "-" "-"
20.119.245.191 - - [24/Nov/2025:18:48:23 -0500] "GET /index/function.php HTTP/1.1" 200 1010 "-" "-"
20.119.245.191 - - [24/Nov/2025:18:48:24 -0500] "GET /wp-includes/ID3/rk2.php HTTP/1.1" 200 1010 "-" "-"
20.119.245.191 - - [24/Nov/2025:18:48:24 -0500] "GET /license.php HTTP/1.1" 200 1010 "-" "-"
20.119.245.191 - - [24/Nov/2025:18:48:25 -0500] "GET /radio.php HTTP/1.1" 200 1010 "-" "-"
20.119.245.191 - - [24/Nov/2025:18:48:25 -0500] "GET /info.php HTTP/1.1" 200 1010 "-" "-"
20.119.245.191 - - [24/Nov/2025:18:48:25 -0500] "GET /alfanew.php HTTP/1.1" 200 1010 "-" "-"
20.119.245.191 - - [24/Nov/2025:18:48:25 -0500] "GET /inputs.php?p= HTTP/1.1" 200 1010 "-" "-"
20.119.245.191 - - [24/Nov/2025:18:48:25 -0500] "GET /wp-content/upgrade/about.php HTTP/1.1" 200 1010 "-" "-"
20.119.245.191 - - [24/Nov/2025:18:48:26 -0500] "GET /admin/function.php HTTP/1.1" 200 1010 "-" "-"
20.119.245.191 - - [24/Nov/2025:18:48:26 -0500] "GET /wp-includes/assets/index.php HTTP/1.1" 200 1010 "-" "-"
20.119.245.191 - - [24/Nov/2025:18:48:26 -0500] "GET /wp-admin/images/index.php HTTP/1.1" 200 1010 "-" "-"
20.119.245.191 - - [24/Nov/2025:18:48:26 -0500] "GET /default.php HTTP/1.1" 200 1010 "-" "-"
20.119.245.191 - - [24/Nov/2025:18:48:27 -0500] "GET /lv.php HTTP/1.1" 200 1010 "-" "-"
20.119.245.191 - - [24/Nov/2025:18:48:27 -0500] "GET /wp-content/themes/wp-pridmag/init.php HTTP/1.1" 200 1010 "-" "-"
20.119.245.191 - - [24/Nov/2025:18:48:27 -0500] "GET /marijuana.php HTTP/1.1" 200 1010 "-" "-"
20.119.245.191 - - [24/Nov/2025:18:48:28 -0500] "GET /wp-includes/autoload_classmap.php HTTP/1.1" 200 1010 "-" "-"
20.119.245.191 - - [24/Nov/2025:18:48:28 -0500] "GET /wp-content/403.php HTTP/1.1" 200 1010 "-" "-"
162.0.217.77 - - [24/Nov/2025:18:48:31 -0500] "POST /wp-cron.php?doing_wp_cron=1764028111.2526180744171142578125 HTTP/1.1" 403 1242 "-" "WordPress/6.8.3; https://hc-cosmetics.com"
162.0.217.77 - - [24/Nov/2025:18:48:31 -0500] "POST /wp-admin/admin-ajax.php?action=as_async_request_queue_runner&nonce=710a176db9 HTTP/1.1" 200 0 "-" "WordPress/6.8.3; https://hc-cosmetics.com"
20.119.245.191 - - [24/Nov/2025:18:48:28 -0500] "GET /wp-admin/user/about.php HTTP/1.1" 302 0 "-" "-"
20.119.245.191 - - [24/Nov/2025:18:48:32 -0500] "GET /wp-login.php?redirect_to=https%3A%2F%2Fhc-cosmetics.com%2Fwp-admin%2Fuser%2Fabout.php&reauth=1 HTTP/1.1" 200 6750 "-" "-"
20.119.245.191 - - [24/Nov/2025:18:48:32 -0500] "GET /1.php HTTP/1.1" 200 1010 "-" "-"
20.119.245.191 - - [24/Nov/2025:18:48:33 -0500] "GET /marijuana.php HTTP/1.1" 200 1010 "-" "-"
20.119.245.191 - - [24/Nov/2025:18:48:33 -0500] "GET /about/function.php HTTP/1.1" 200 1010 "-" "-"
114.119.147.237 - - [24/Nov/2025:18:48:33 -0500] "GET /product-category/skincare/?action=yith-woocompare-add-product&id=44 HTTP/1.1" 200 549 "https://hc-cosmetics.com/product-category/skincare/?action=yith-woocompare-add-product&id=52" "Mozilla/5.0 (Linux; Android 7.0;) AppleWebKit/537.36 (KHTML, like Gecko) Mobile Safari/537.36 (compatible; PetalBot;+https://webmaster.petalsearch.com/site/petalbot)"
162.0.217.77 - - [24/Nov/2025:18:48:33 -0500] "POST /wp-admin/admin-ajax.php?action=wp_1_wc_privacy_cleanup&nonce=4e561ccf71 HTTP/1.1" 200 0 "-" "WordPress/6.8.3; https://hc-cosmetics.com"
20.119.245.191 - - [24/Nov/2025:18:48:33 -0500] "GET /simple.php HTTP/1.1" 200 1010 "-" "-"
20.119.245.191 - - [24/Nov/2025:18:48:33 -0500] "GET /goat1.php HTTP/1.1" 200 1010 "-" "-"
20.119.245.191 - - [24/Nov/2025:18:48:34 -0500] "GET /chosen.php HTTP/1.1" 200 1010 "-" "-"
20.119.245.191 - - [24/Nov/2025:18:48:34 -0500] "GET /wp-cron.php HTTP/1.1" 403 1242 "-" "-"
20.119.245.191 - - [24/Nov/2025:18:48:35 -0500] "GET /yanz.php HTTP/1.1" 200 1010 "-" "-"
20.119.245.191 - - [24/Nov/2025:18:48:35 -0500] "GET /config.php HTTP/1.1" 200 1010 "-" "-"
20.119.245.191 - - [24/Nov/2025:18:48:35 -0500] "GET /network.php HTTP/1.1" 200 1010 "-" "-"
20.119.245.191 - - [24/Nov/2025:18:48:35 -0500] "GET /wp-2019.php HTTP/1.1" 200 1010 "-" "-"
20.119.245.191 - - [24/Nov/2025:18:48:36 -0500] "GET /bypass.php HTTP/1.1" 200 1010 "-" "-"
20.119.245.191 - - [24/Nov/2025:18:48:36 -0500] "GET /wp-includes/IXR/admin.php HTTP/1.1" 200 1010 "-" "-"
20.119.245.191 - - [24/Nov/2025:18:48:37 -0500] "GET /wp-includes/theme-compat/wp-login.php HTTP/1.1" 200 1010 "-" "-"
20.119.245.191 - - [24/Nov/2025:18:48:37 -0500] "GET /tiny.php HTTP/1.1" 200 1010 "-" "-"
20.119.245.191 - - [24/Nov/2025:18:48:37 -0500] "GET /lock.php HTTP/1.1" 200 1010 "-" "-"
20.119.245.191 - - [24/Nov/2025:18:48:37 -0500] "GET /mail.php HTTP/1.1" 200 1010 "-" "-"
20.119.245.191 - - [24/Nov/2025:18:48:37 -0500] "GET /wp-includes/system_log.php HTTP/1.1" 200 1010 "-" "-"
20.119.245.191 - - [24/Nov/2025:18:48:38 -0500] "GET /file.php HTTP/1.1" 200 1010 "-" "-"
20.119.245.191 - - [24/Nov/2025:18:48:38 -0500] "GET /as.php HTTP/1.1" 200 1010 "-" "-"
20.119.245.191 - - [24/Nov/2025:18:48:39 -0500] "GET /.well-known/acme-challenge/index.php HTTP/1.1" 200 1010 "-" "-"
20.119.245.191 - - [24/Nov/2025:18:48:39 -0500] "GET /wp-content/themes/wp-pridmag/init.php HTTP/1.1" 200 1010 "-" "-"
20.119.245.191 - - [24/Nov/2025:18:48:39 -0500] "GET /plugins/pwnd/as.php HTTP/1.1" 200 1010 "-" "-"
20.119.245.191 - - [24/Nov/2025:18:48:39 -0500] "GET /wp-configs.php HTTP/1.1" 200 1010 "-" "-"
20.119.245.191 - - [24/Nov/2025:18:48:40 -0500] "GET /wp-includes/html-api/wp-conflg.php?p= HTTP/1.1" 200 1010 "-" "-"
20.119.245.191 - - [24/Nov/2025:18:48:40 -0500] "GET /wp-includes/js/crop/zmFM.php HTTP/1.1" 200 1010 "-" "-"
20.119.245.191 - - [24/Nov/2025:18:48:40 -0500] "GET /wp-includes/rest-api/fields/index.php HTTP/1.1" 200 1010 "-" "-"
20.119.245.191 - - [24/Nov/2025:18:48:41 -0500] "GET /index/fucku.php HTTP/1.1" 200 1010 "-" "-"
20.119.245.191 - - [24/Nov/2025:18:48:41 -0500] "GET /upload/wp-info.php HTTP/1.1" 200 1010 "-" "-"
20.119.245.191 - - [24/Nov/2025:18:48:42 -0500] "GET /post.php HTTP/1.1" 200 1010 "-" "-"
20.119.245.191 - - [24/Nov/2025:18:48:42 -0500] "GET /.well-known/acme-challenge/admin.php HTTP/1.1" 200 1010 "-" "-"
128.24.70.128 - - [24/Nov/2025:18:49:24 -0500] "POST /wp-login.php HTTP/1.1" 200 6974 "-" "Mozilla/5.0"
114.119.138.226 - - [24/Nov/2025:18:49:59 -0500] "GET /product-category/makeup?action=yith-woocompare-add-product&id=55 HTTP/1.1" 200 549 "-" "Mozilla/5.0 (Linux; Android 7.0;) AppleWebKit/537.36 (KHTML, like Gecko) Mobile Safari/537.36 (compatible; PetalBot;+https://webmaster.petalsearch.com/site/petalbot)"
114.119.158.217 - - [24/Nov/2025:18:51:20 -0500] "GET /product-category/hair-care/hair-shampoos?action=yith-woocompare-add-product&id=989 HTTP/1.1" 200 549 "-" "Mozilla/5.0 (Linux; Android 7.0;) AppleWebKit/537.36 (KHTML, like Gecko) Mobile Safari/537.36 (compatible; PetalBot;+https://webmaster.petalsearch.com/site/petalbot)"
114.119.143.1 - - [24/Nov/2025:18:52:44 -0500] "GET /product-category/hair-care/?action=yith-woocompare-add-product&id=1004 HTTP/1.1" 200 549 "https://hc-cosmetics.com/product-category/hair-care/?action=yith-woocompare-add-product&id=1073" "Mozilla/5.0 (Linux; Android 7.0;) AppleWebKit/537.36 (KHTML, like Gecko) Mobile Safari/537.36 (compatible; PetalBot;+https://webmaster.petalsearch.com/site/petalbot)"
114.119.155.94 - - [24/Nov/2025:18:54:07 -0500] "GET /brand/silky/?action=yith-woocompare-add-product&id=1068 HTTP/1.1" 200 549 "https://hc-cosmetics.com/brand/silky/?action=yith-woocompare-add-product&id=186" "Mozilla/5.0 (Linux; Android 7.0;) AppleWebKit/537.36 (KHTML, like Gecko) Mobile Safari/537.36 (compatible; PetalBot;+https://webmaster.petalsearch.com/site/petalbot)"
57.141.6.24 - - [24/Nov/2025:18:54:15 -0500] "GET /sitemap-index.xml HTTP/1.1" 200 1010 "-" "meta-externalagent/1.1 (+https://developers.facebook.com/docs/sharing/webmasters/crawler)"
114.119.152.207 - - [24/Nov/2025:18:55:31 -0500] "GET /?action=yith-woocompare-add-product&id=35 HTTP/1.1" 200 549 "https://hc-cosmetics.com/?action=yith-woocompare-add-product&id=182" "Mozilla/5.0 (Linux; Android 7.0;) AppleWebKit/537.36 (KHTML, like Gecko) Mobile Safari/537.36 (compatible; PetalBot;+https://webmaster.petalsearch.com/site/petalbot)"
114.119.159.243 - - [24/Nov/2025:18:56:38 -0500] "GET /?action=yith-woocompare-add-product&id=6441 HTTP/1.1" 200 549 "https://hc-cosmetics.com/product/silky-feel-good-serum/" "Mozilla/5.0 (Linux; Android 7.0;) AppleWebKit/537.36 (KHTML, like Gecko) Mobile Safari/537.36 (compatible; PetalBot;+https://webmaster.petalsearch.com/site/petalbot)"
114.119.147.246 - - [24/Nov/2025:18:56:55 -0500] "GET /?ND HTTP/1.1" 200 549 "https://hc-cosmetics.com/?ND&action=yith-woocompare-add-product&id=6439" "Mozilla/5.0 (Linux; Android 7.0;) AppleWebKit/537.36 (KHTML, like Gecko) Mobile Safari/537.36 (compatible; PetalBot;+https://webmaster.petalsearch.com/site/petalbot)"
162.0.217.77 - - [24/Nov/2025:19:01:59 -0500] "POST /wp-cron.php?doing_wp_cron=1764028919.0252509117126464843750 HTTP/1.1" 403 1242 "-" "WordPress/6.8.3; https://hc-cosmetics.com"
128.24.70.128 - - [24/Nov/2025:19:01:53 -0500] "POST /wp-login.php HTTP/1.1" 200 6974 "-" "Mozilla/5.0"
57.141.6.59 - - [24/Nov/2025:19:02:02 -0500] "GET /news_sitemap.xml HTTP/1.1" 200 1010 "-" "meta-externalagent/1.1 (+https://developers.facebook.com/docs/sharing/webmasters/crawler)"
57.141.6.19 - - [24/Nov/2025:19:11:01 -0500] "GET /news-sitemap.xml HTTP/1.1" 200 1010 "-" "meta-externalagent/1.1 (+https://developers.facebook.com/docs/sharing/webmasters/crawler)"
114.119.152.207 - - [24/Nov/2025:19:11:53 -0500] "GET /?action=yith-woocompare-add-product&id=6434 HTTP/1.1" 200 549 "https://hc-cosmetics.com/product/silky-feel-good-shampoo/?action=yith-woocompare-add-product&id=6432" "Mozilla/5.0 (Linux; Android 7.0;) AppleWebKit/537.36 (KHTML, like Gecko) Mobile Safari/537.36 (compatible; PetalBot;+https://webmaster.petalsearch.com/site/petalbot)"
114.119.152.207 - - [24/Nov/2025:19:13:17 -0500] "GET /?action=yith-woocompare-add-product&id=6434 HTTP/1.1" 200 549 "https://hc-cosmetics.com/product/silky-feel-good-shampoo/?action=yith-woocompare-add-product&id=6432" "Mozilla/5.0 (Linux; Android 7.0;) AppleWebKit/537.36 (KHTML, like Gecko) Mobile Safari/537.36 (compatible; PetalBot;+https://webmaster.petalsearch.com/site/petalbot)"
162.0.217.77 - - [24/Nov/2025:19:14:46 -0500] "POST /wp-cron.php?doing_wp_cron=1764029686.8865010738372802734375 HTTP/1.1" 403 1242 "-" "WordPress/6.8.3; https://hc-cosmetics.com"
128.24.70.128 - - [24/Nov/2025:19:14:41 -0500] "POST /wp-login.php HTTP/1.1" 200 6935 "-" "Mozilla/5.0"
114.119.158.217 - - [24/Nov/2025:19:24:21 -0500] "GET /?ND&action=yith-woocompare-add-product&id=1112 HTTP/1.1" 200 549 "https://hc-cosmetics.com/?ND&action=yith-woocompare-add-product&id=55" "Mozilla/5.0 (Linux; Android 7.0;) AppleWebKit/537.36 (KHTML, like Gecko) Mobile Safari/537.36 (compatible; PetalBot;+https://webmaster.petalsearch.com/site/petalbot)"
