40.77.167.37 - - [24/Nov/2025:19:27:13 -0500] "GET /wp-content/uploads/2025/06/Butterfly-Shadow-Hard-Hold-Spray.png HTTP/1.1" 200 4786568 "-" "Mozilla/5.0 AppleWebKit/537.36 (KHTML, like Gecko; compatible; bingbot/2.0; +http://www.bing.com/bingbot.htm) Chrome/116.0.1938.76 Safari/537.36"
162.0.217.77 - - [24/Nov/2025:19:27:30 -0500] "POST /wp-cron.php?doing_wp_cron=1764030450.3592479228973388671875 HTTP/1.1" 403 1242 "-" "WordPress/6.8.3; https://hc-cosmetics.com"
128.24.70.128 - - [24/Nov/2025:19:27:26 -0500] "POST /wp-login.php HTTP/1.1" 200 6974 "-" "Mozilla/5.0"
114.119.147.246 - - [24/Nov/2025:19:32:15 -0500] "GET /product-tag/hair-shampoos/?action=yith-woocompare-add-product&id=989 HTTP/1.1" 200 549 "https://hc-cosmetics.com/product-tag/hair-shampoos/?action=yith-woocompare-add-product&id=989" "Mozilla/5.0 (Linux; Android 7.0;) AppleWebKit/537.36 (KHTML, like Gecko) Mobile Safari/537.36 (compatible; PetalBot;+https://webmaster.petalsearch.com/site/petalbot)"
158.140.164.5 - - [24/Nov/2025:19:32:33 -0500] "GET /.env HTTP/1.1" 403 1242 "-" "Mozilla/5.0 (Windows NT 10.0; Win64; x64) AppleWebKit/537.36 (KHTML, like Gecko) Chrome/120.0.0.0 Safari/537.36"
114.119.159.243 - - [24/Nov/2025:19:33:37 -0500] "GET /product-tag/hair-care/page/2/?action=yith-woocompare-add-product&id=993 HTTP/1.1" 200 549 "https://hc-cosmetics.com/product-tag/hair-care/page/2/" "Mozilla/5.0 (Linux; Android 7.0;) AppleWebKit/537.36 (KHTML, like Gecko) Mobile Safari/537.36 (compatible; PetalBot;+https://webmaster.petalsearch.com/site/petalbot)"
114.119.138.226 - - [24/Nov/2025:19:35:02 -0500] "GET /product-tag/hair-care/?action=yith-woocompare-add-product&id=1099 HTTP/1.1" 200 549 "https://hc-cosmetics.com/product-tag/hair-care/?action=yith-woocompare-add-product&id=1073" "Mozilla/5.0 (Linux; Android 7.0;) AppleWebKit/537.36 (KHTML, like Gecko) Mobile Safari/537.36 (compatible; PetalBot;+https://webmaster.petalsearch.com/site/petalbot)"
114.119.138.226 - - [24/Nov/2025:19:36:25 -0500] "GET /product-tag/hair-care/?action=yith-woocompare-add-product&id=1080 HTTP/1.1" 200 549 "https://hc-cosmetics.com/product-tag/hair-care/?action=yith-woocompare-add-product&id=1073" "Mozilla/5.0 (Linux; Android 7.0;) AppleWebKit/537.36 (KHTML, like Gecko) Mobile Safari/537.36 (compatible; PetalBot;+https://webmaster.petalsearch.com/site/petalbot)"
114.119.159.243 - - [24/Nov/2025:19:37:48 -0500] "GET /product-category/hair-care/page/2/?action=yith-woocompare-add-product&id=1002 HTTP/1.1" 200 549 "https://hc-cosmetics.com/product-category/hair-care/page/2/?action=yith-woocompare-add-product&id=1080" "Mozilla/5.0 (Linux; Android 7.0;) AppleWebKit/537.36 (KHTML, like Gecko) Mobile Safari/537.36 (compatible; PetalBot;+https://webmaster.petalsearch.com/site/petalbot)"
114.119.147.246 - - [24/Nov/2025:19:39:12 -0500] "GET /post-wcode/feature-product HTTP/1.1" 200 549 "-" "Mozilla/5.0 (Linux; Android 7.0;) AppleWebKit/537.36 (KHTML, like Gecko) Mobile Safari/537.36 (compatible; PetalBot;+https://webmaster.petalsearch.com/site/petalbot)"
162.0.217.77 - - [24/Nov/2025:19:40:31 -0500] "POST /wp-cron.php?doing_wp_cron=1764031231.2647390365600585937500 HTTP/1.1" 403 1242 "-" "WordPress/6.8.3; https://hc-cosmetics.com"
128.24.70.128 - - [24/Nov/2025:19:40:26 -0500] "POST /wp-login.php HTTP/1.1" 200 6974 "-" "Mozilla/5.0"
114.119.152.207 - - [24/Nov/2025:19:40:38 -0500] "GET /?action=yith-woocompare-add-product&id=55 HTTP/1.1" 200 549 "https://hc-cosmetics.com/?action=yith-woocompare-add-product&id=182" "Mozilla/5.0 (Linux; Android 7.0;) AppleWebKit/537.36 (KHTML, like Gecko) Mobile Safari/537.36 (compatible; PetalBot;+https://webmaster.petalsearch.com/site/petalbot)"
114.119.159.243 - - [24/Nov/2025:19:41:59 -0500] "GET /product-tag/hair-treatment-ampules?action=yith-woocompare-add-product&id=993 HTTP/1.1" 200 549 "-" "Mozilla/5.0 (Linux; Android 7.0;) AppleWebKit/537.36 (KHTML, like Gecko) Mobile Safari/537.36 (compatible; PetalBot;+https://webmaster.petalsearch.com/site/petalbot)"
114.119.143.1 - - [24/Nov/2025:19:43:23 -0500] "GET /product-category/hair-care?action=yith-woocompare-add-product&id=1080 HTTP/1.1" 200 549 "-" "Mozilla/5.0 (Linux; Android 7.0;) AppleWebKit/537.36 (KHTML, like Gecko) Mobile Safari/537.36 (compatible; PetalBot;+https://webmaster.petalsearch.com/site/petalbot)"
114.119.143.1 - - [24/Nov/2025:19:44:47 -0500] "GET /?SD&action=yith-woocompare-add-product&id=36 HTTP/1.1" 200 549 "https://hc-cosmetics.com/?SD" "Mozilla/5.0 (Linux; Android 7.0;) AppleWebKit/537.36 (KHTML, like Gecko) Mobile Safari/537.36 (compatible; PetalBot;+https://webmaster.petalsearch.com/site/petalbot)"
114.119.152.207 - - [24/Nov/2025:19:46:12 -0500] "GET /?MA&action=yith-woocompare-add-product&id=53 HTTP/1.1" 200 549 "https://hc-cosmetics.com/?MA&action=yith-woocompare-add-product&id=6443" "Mozilla/5.0 (Linux; Android 7.0;) AppleWebKit/537.36 (KHTML, like Gecko) Mobile Safari/537.36 (compatible; PetalBot;+https://webmaster.petalsearch.com/site/petalbot)"
185.39.19.97 - - [24/Nov/2025:19:48:13 -0500] "GET / HTTP/1.0" 200 1010 "https://hc-cosmetics.com/" "Mozilla/5.0 (Windows NT 10.0; Win64; x64) AppleWebKit/537.36 (KHTML, like Gecko) Chrome/131.0.0.0 Safari/537.36 Avast/131.0.0.0"
66.249.75.109 - - [24/Nov/2025:19:51:40 -0500] "GET /product-category/lipsticks/ HTTP/1.1" 200 497 "-" "Mozilla/5.0 (Linux; Android 6.0.1; Nexus 5X Build/MMB29P) AppleWebKit/537.36 (KHTML, like Gecko) Chrome/141.0.7390.122 Mobile Safari/537.36 (compatible; Googlebot/2.1; +http://www.google.com/bot.html)"
185.191.171.15 - - [24/Nov/2025:19:51:44 -0500] "GET /robots.txt HTTP/1.1" 403 1242 "-" "Mozilla/5.0 (compatible; SemrushBot/7~bl; +http://www.semrush.com/bot.html)"
85.208.96.207 - - [24/Nov/2025:19:51:44 -0500] "GET /type/quote/ HTTP/1.1" 403 1242 "-" "Mozilla/5.0 (compatible; SemrushBot/7~bl; +http://www.semrush.com/bot.html)"
162.0.217.77 - - [24/Nov/2025:19:53:41 -0500] "POST /wp-cron.php?doing_wp_cron=1764032021.5195460319519042968750 HTTP/1.1" 403 1242 "-" "WordPress/6.8.3; https://hc-cosmetics.com"
128.24.70.128 - - [24/Nov/2025:19:53:37 -0500] "POST /wp-login.php HTTP/1.1" 200 6974 "-" "Mozilla/5.0"
114.119.147.237 - - [24/Nov/2025:20:01:20 -0500] "GET /product-tag/silky/?action=yith-woocompare-add-product&id=993 HTTP/1.1" 200 549 "https://hc-cosmetics.com/product-tag/silky/?action=yith-woocompare-add-product&id=1075" "Mozilla/5.0 (Linux; Android 7.0;) AppleWebKit/537.36 (KHTML, like Gecko) Mobile Safari/537.36 (compatible; PetalBot;+https://webmaster.petalsearch.com/site/petalbot)"
114.119.147.237 - - [24/Nov/2025:20:02:46 -0500] "GET /product-tag/silky/?action=yith-woocompare-add-product&id=6436 HTTP/1.1" 200 549 "https://hc-cosmetics.com/product-tag/silky/?action=yith-woocompare-add-product&id=6430" "Mozilla/5.0 (Linux; Android 7.0;) AppleWebKit/537.36 (KHTML, like Gecko) Mobile Safari/537.36 (compatible; PetalBot;+https://webmaster.petalsearch.com/site/petalbot)"
114.119.152.207 - - [24/Nov/2025:20:04:07 -0500] "GET /product-tag/hair-shampoos/?action=yith-woocompare-add-product&id=1073 HTTP/1.1" 200 549 "https://hc-cosmetics.com/product-tag/hair-shampoos/?action=yith-woocompare-add-product&id=989" "Mozilla/5.0 (Linux; Android 7.0;) AppleWebKit/537.36 (KHTML, like Gecko) Mobile Safari/537.36 (compatible; PetalBot;+https://webmaster.petalsearch.com/site/petalbot)"
114.119.143.1 - - [24/Nov/2025:20:05:31 -0500] "GET /product-category/hair-care HTTP/1.1" 200 549 "https://hc-cosmetics.com/product-category/makeup/" "Mozilla/5.0 (Linux; Android 7.0;) AppleWebKit/537.36 (KHTML, like Gecko) Mobile Safari/537.36 (compatible; PetalBot;+https://webmaster.petalsearch.com/site/petalbot)"
162.0.217.77 - - [24/Nov/2025:20:06:43 -0500] "POST /wp-cron.php?doing_wp_cron=1764032803.9679219722747802734375 HTTP/1.1" 403 1242 "-" "WordPress/6.8.3; https://hc-cosmetics.com"
128.24.70.128 - - [24/Nov/2025:20:06:40 -0500] "POST /wp-login.php HTTP/1.1" 200 6934 "-" "Mozilla/5.0"
114.119.152.207 - - [24/Nov/2025:20:06:56 -0500] "GET /?action=yith-woocompare-add-product&id=52 HTTP/1.1" 200 549 "https://hc-cosmetics.com/?action=yith-woocompare-add-product&id=182" "Mozilla/5.0 (Linux; Android 7.0;) AppleWebKit/537.36 (KHTML, like Gecko) Mobile Safari/537.36 (compatible; PetalBot;+https://webmaster.petalsearch.com/site/petalbot)"
114.119.158.217 - - [24/Nov/2025:20:08:20 -0500] "GET /product/iron-hair-bursh HTTP/1.1" 200 549 "https://hc-cosmetics.com/product-category/makeup/" "Mozilla/5.0 (Linux; Android 7.0;) AppleWebKit/537.36 (KHTML, like Gecko) Mobile Safari/537.36 (compatible; PetalBot;+https://webmaster.petalsearch.com/site/petalbot)"
114.119.147.246 - - [24/Nov/2025:20:09:43 -0500] "GET /?action=yith-woocompare-add-product&id=1004 HTTP/1.1" 200 549 "https://hc-cosmetics.com?action=yith-woocompare-remove-product&id=6420" "Mozilla/5.0 (Linux; Android 7.0;) AppleWebKit/537.36 (KHTML, like Gecko) Mobile Safari/537.36 (compatible; PetalBot;+https://webmaster.petalsearch.com/site/petalbot)"
114.119.159.243 - - [24/Nov/2025:20:11:06 -0500] "GET /?SD&action=yith-woocompare-add-product&id=1004 HTTP/1.1" 200 549 "https://hc-cosmetics.com/?SD&action=yith-woocompare-add-product&id=1107" "Mozilla/5.0 (Linux; Android 7.0;) AppleWebKit/537.36 (KHTML, like Gecko) Mobile Safari/537.36 (compatible; PetalBot;+https://webmaster.petalsearch.com/site/petalbot)"
114.119.138.226 - - [24/Nov/2025:20:17:15 -0500] "GET /product-category/skincare/body-skincare/?action=yith-woocompare-add-product&id=42 HTTP/1.1" 200 549 "https://hc-cosmetics.com/product-category/skincare/body-skincare/?action=yith-woocompare-add-product&id=38" "Mozilla/5.0 (Linux; Android 7.0;) AppleWebKit/537.36 (KHTML, like Gecko) Mobile Safari/537.36 (compatible; PetalBot;+https://webmaster.petalsearch.com/site/petalbot)"
114.119.147.246 - - [24/Nov/2025:20:18:37 -0500] "GET /wp-sitemap-taxonomies-product_tag-1.xml HTTP/1.1" 200 549 "-" "Mozilla/5.0 (Linux; Android 7.0;) AppleWebKit/537.36 (KHTML, like Gecko) Mobile Safari/537.36 (compatible; PetalBot;+https://webmaster.petalsearch.com/site/petalbot)"
162.0.217.77 - - [24/Nov/2025:20:19:13 -0500] "POST /wp-cron.php?doing_wp_cron=1764033553.0610411167144775390625 HTTP/1.1" 403 1242 "-" "WordPress/6.8.3; https://hc-cosmetics.com"
128.24.70.128 - - [24/Nov/2025:20:19:10 -0500] "POST /wp-login.php HTTP/1.1" 200 6934 "-" "Mozilla/5.0"
212.34.129.45 - - [24/Nov/2025:20:19:17 -0500] "GET /hello-world/ HTTP/1.0" 200 1010 "https://hc-cosmetics.com/hello-world/" "Mozilla/5.0 (Windows NT 10.0; Win64; x64) AppleWebKit/537.36 (KHTML, like Gecko) Chrome/129.0.0.0 Safari/537.36"
212.34.129.45 - - [24/Nov/2025:20:19:18 -0500] "GET / HTTP/1.0" 200 1010 "https://hc-cosmetics.com/" "Mozilla/5.0 (Windows NT 10.0; Win64; x64) AppleWebKit/537.36 (KHTML, like Gecko) Chrome/129.0.0.0 Safari/537.36"
36.74.228.249 - - [24/Nov/2025:20:20:35 -0500] "GET /.env HTTP/1.1" 403 1242 "-" "Mozilla/5.0 (Windows NT 10.0; Win64; x64) AppleWebKit/537.36 (KHTML, like Gecko) Chrome/120.0.0.0 Safari/537.36"
162.0.217.77 - - [24/Nov/2025:20:32:09 -0500] "POST /wp-cron.php?doing_wp_cron=1764034329.1150579452514648437500 HTTP/1.1" 403 1242 "-" "WordPress/6.8.3; https://hc-cosmetics.com"
128.24.70.128 - - [24/Nov/2025:20:32:06 -0500] "POST /wp-login.php HTTP/1.1" 200 6934 "-" "Mozilla/5.0"
162.0.217.77 - - [24/Nov/2025:20:45:03 -0500] "POST /wp-cron.php?doing_wp_cron=1764035103.9131319522857666015625 HTTP/1.1" 403 1242 "-" "WordPress/6.8.3; https://hc-cosmetics.com"
128.24.70.128 - - [24/Nov/2025:20:45:00 -0500] "POST /wp-login.php HTTP/1.1" 200 6934 "-" "Mozilla/5.0"
158.140.164.5 - - [24/Nov/2025:20:46:30 -0500] "GET /.env HTTP/1.1" 403 1242 "-" "Mozilla/5.0 (Windows NT 10.0; Win64; x64) AppleWebKit/537.36 (KHTML, like Gecko) Chrome/120.0.0.0 Safari/537.36"
158.140.164.5 - - [24/Nov/2025:20:49:54 -0500] "GET /.env HTTP/1.1" 403 1242 "-" "Mozilla/5.0 (Windows NT 10.0; Win64; x64) AppleWebKit/537.36 (KHTML, like Gecko) Chrome/120.0.0.0 Safari/537.36"
20.242.69.108 - - [24/Nov/2025:20:53:46 -0500] "GET /wp-content/plugins/hellopress/wp_filemanager.php HTTP/1.1" 200 1010 "-" "-"
20.242.69.108 - - [24/Nov/2025:20:53:47 -0500] "GET /file4.php HTTP/1.1" 200 1010 "-" "-"
20.242.69.108 - - [24/Nov/2025:20:53:47 -0500] "GET /lv.php HTTP/1.1" 200 1010 "-" "-"
20.242.69.108 - - [24/Nov/2025:20:53:47 -0500] "GET /golden.php HTTP/1.1" 200 1010 "-" "-"
20.242.69.108 - - [24/Nov/2025:20:53:47 -0500] "GET /pp.php HTTP/1.1" 200 1010 "-" "-"
20.242.69.108 - - [24/Nov/2025:20:53:48 -0500] "GET /file.php HTTP/1.1" 200 1010 "-" "-"
20.242.69.108 - - [24/Nov/2025:20:53:48 -0500] "GET /fm.php HTTP/1.1" 200 1010 "-" "-"
20.242.69.108 - - [24/Nov/2025:20:53:48 -0500] "GET /file2.php HTTP/1.1" 200 1010 "-" "-"
20.242.69.108 - - [24/Nov/2025:20:53:48 -0500] "GET /ffile.php HTTP/1.1" 200 1010 "-" "-"
20.242.69.108 - - [24/Nov/2025:20:53:49 -0500] "GET /alfa.php HTTP/1.1" 200 1010 "-" "-"
20.242.69.108 - - [24/Nov/2025:20:53:49 -0500] "GET /re.php HTTP/1.1" 200 1010 "-" "-"
20.242.69.108 - - [24/Nov/2025:20:53:49 -0500] "GET /adminer.php HTTP/1.1" 200 1010 "-" "-"
20.242.69.108 - - [24/Nov/2025:20:53:50 -0500] "GET /bolt.php HTTP/1.1" 200 1010 "-" "-"
20.242.69.108 - - [24/Nov/2025:20:53:50 -0500] "GET /file7.php HTTP/1.1" 200 1010 "-" "-"
20.242.69.108 - - [24/Nov/2025:20:53:50 -0500] "GET /gmo.php HTTP/1.1" 200 1010 "-" "-"
20.242.69.108 - - [24/Nov/2025:20:53:50 -0500] "GET /bless2.php HTTP/1.1" 200 1010 "-" "-"
20.242.69.108 - - [24/Nov/2025:20:53:51 -0500] "GET /wp-blog.php HTTP/1.1" 200 1010 "-" "-"
20.242.69.108 - - [24/Nov/2025:20:53:51 -0500] "GET /wp-class.php HTTP/1.1" 200 1010 "-" "-"
20.242.69.108 - - [24/Nov/2025:20:53:51 -0500] "GET /wsa.php HTTP/1.1" 200 1010 "-" "-"
20.242.69.108 - - [24/Nov/2025:20:53:51 -0500] "GET /z.php HTTP/1.1" 200 1010 "-" "-"
20.242.69.108 - - [24/Nov/2025:20:53:52 -0500] "GET /nc4.php HTTP/1.1" 200 1010 "-" "-"
20.242.69.108 - - [24/Nov/2025:20:53:52 -0500] "GET /ahax.php HTTP/1.1" 200 1010 "-" "-"
20.242.69.108 - - [24/Nov/2025:20:53:52 -0500] "GET /dejavu.php HTTP/1.1" 200 1010 "-" "-"
20.242.69.108 - - [24/Nov/2025:20:53:52 -0500] "GET /config.php HTTP/1.1" 200 1010 "-" "-"
20.242.69.108 - - [24/Nov/2025:20:53:53 -0500] "GET /atomlib.php HTTP/1.1" 200 1010 "-" "-"
20.242.69.108 - - [24/Nov/2025:20:53:53 -0500] "GET /css.php HTTP/1.1" 200 1010 "-" "-"
20.242.69.108 - - [24/Nov/2025:20:53:53 -0500] "GET /past.php HTTP/1.1" 200 1010 "-" "-"
20.242.69.108 - - [24/Nov/2025:20:53:53 -0500] "GET /admin.php HTTP/1.1" 200 1010 "-" "-"
20.242.69.108 - - [24/Nov/2025:20:53:54 -0500] "GET /ol.php HTTP/1.1" 200 1010 "-" "-"
20.242.69.108 - - [24/Nov/2025:20:53:54 -0500] "GET /we.php HTTP/1.1" 200 1010 "-" "-"
20.242.69.108 - - [24/Nov/2025:20:53:55 -0500] "GET /404.php HTTP/1.1" 200 1010 "-" "-"
20.242.69.108 - - [24/Nov/2025:20:53:55 -0500] "GET /goods.php HTTP/1.1" 200 1010 "-" "-"
20.242.69.108 - - [24/Nov/2025:20:53:55 -0500] "GET /build.php HTTP/1.1" 200 1010 "-" "-"
20.242.69.108 - - [24/Nov/2025:20:53:55 -0500] "GET /ot.php HTTP/1.1" 200 1010 "-" "-"
20.242.69.108 - - [24/Nov/2025:20:53:55 -0500] "GET /lc.php HTTP/1.1" 200 1010 "-" "-"
20.242.69.108 - - [24/Nov/2025:20:53:56 -0500] "GET /cool.php HTTP/1.1" 200 1010 "-" "-"
20.242.69.108 - - [24/Nov/2025:20:53:56 -0500] "GET /manager.php HTTP/1.1" 200 1010 "-" "-"
20.242.69.108 - - [24/Nov/2025:20:53:56 -0500] "GET /aa.php HTTP/1.1" 200 1010 "-" "-"
20.242.69.108 - - [24/Nov/2025:20:53:56 -0500] "GET /gfile.php HTTP/1.1" 200 1010 "-" "-"
20.242.69.108 - - [24/Nov/2025:20:53:57 -0500] "GET /file5.php HTTP/1.1" 200 1010 "-" "-"
20.242.69.108 - - [24/Nov/2025:20:53:57 -0500] "GET /k.php HTTP/1.1" 200 1010 "-" "-"
20.242.69.108 - - [24/Nov/2025:20:53:57 -0500] "GET /num.php HTTP/1.1" 200 1010 "-" "-"
20.242.69.108 - - [24/Nov/2025:20:53:57 -0500] "GET /astab.php HTTP/1.1" 200 1010 "-" "-"
20.242.69.108 - - [24/Nov/2025:20:53:58 -0500] "GET /xl.php HTTP/1.1" 200 1010 "-" "-"
20.242.69.108 - - [24/Nov/2025:20:53:58 -0500] "GET /file17.php HTTP/1.1" 200 1010 "-" "-"
20.242.69.108 - - [24/Nov/2025:20:53:59 -0500] "GET /pepe.php HTTP/1.1" 200 1010 "-" "-"
20.242.69.108 - - [24/Nov/2025:20:53:59 -0500] "GET /about.php HTTP/1.1" 200 1010 "-" "-"
20.242.69.108 - - [24/Nov/2025:20:53:59 -0500] "GET /wp-update.php HTTP/1.1" 200 1010 "-" "-"
20.242.69.108 - - [24/Nov/2025:20:53:59 -0500] "GET /bless.php HTTP/1.1" 200 1010 "-" "-"
20.242.69.108 - - [24/Nov/2025:20:53:59 -0500] "GET /faq.php HTTP/1.1" 200 1010 "-" "-"
20.242.69.108 - - [24/Nov/2025:20:53:59 -0500] "GET /abcd.php HTTP/1.1" 200 1010 "-" "-"
20.242.69.108 - - [24/Nov/2025:20:54:00 -0500] "GET /CLA.php HTTP/1.1" 200 1010 "-" "-"
20.242.69.108 - - [24/Nov/2025:20:54:00 -0500] "GET /chosen.php HTTP/1.1" 200 1010 "-" "-"
20.242.69.108 - - [24/Nov/2025:20:54:01 -0500] "GET /wp-mn.php HTTP/1.1" 200 1010 "-" "-"
20.242.69.108 - - [24/Nov/2025:20:54:01 -0500] "GET /ss.php HTTP/1.1" 200 1010 "-" "-"
20.242.69.108 - - [24/Nov/2025:20:54:01 -0500] "GET /wp-logiin.php HTTP/1.1" 200 1010 "-" "-"
143.244.142.160 - - [24/Nov/2025:20:54:08 -0500] "GET /wp-admin/css/ HTTP/1.1" 403 1242 "binance.com" "Mozilla/5.0 (Windows NT 10.0; Win64; x64) AppleWebKit/537.36 (KHTML, like Gecko) Chrome/90.0.4430.85 Safari/537.36"
162.0.217.77 - - [24/Nov/2025:20:58:08 -0500] "POST /wp-cron.php?doing_wp_cron=1764035888.4155669212341308593750 HTTP/1.1" 403 1242 "-" "WordPress/6.8.3; https://hc-cosmetics.com"
128.24.70.128 - - [24/Nov/2025:20:58:05 -0500] "POST /wp-login.php HTTP/1.1" 200 6934 "-" "Mozilla/5.0"
66.249.75.107 - - [24/Nov/2025:21:03:51 -0500] "GET / HTTP/1.1" 200 497 "-" "Mozilla/5.0 (Linux; Android 6.0.1; Nexus 5X Build/MMB29P) AppleWebKit/537.36 (KHTML, like Gecko) Chrome/141.0.7390.122 Mobile Safari/537.36 (compatible; Googlebot/2.1; +http://www.google.com/bot.html)"
66.249.75.108 - - [24/Nov/2025:21:10:12 -0500] "GET / HTTP/1.1" 200 497 "-" "Mozilla/5.0 (Linux; Android 6.0.1; Nexus 5X Build/MMB29P) AppleWebKit/537.36 (KHTML, like Gecko) Chrome/141.0.7390.122 Mobile Safari/537.36 (compatible; Googlebot/2.1; +http://www.google.com/bot.html)"
162.0.217.77 - - [24/Nov/2025:21:11:28 -0500] "POST /wp-cron.php?doing_wp_cron=1764036688.5388579368591308593750 HTTP/1.1" 403 1242 "-" "WordPress/6.8.3; https://hc-cosmetics.com"
128.24.70.128 - - [24/Nov/2025:21:11:25 -0500] "POST /wp-login.php HTTP/1.1" 200 6934 "-" "Mozilla/5.0"
185.193.157.211 - - [24/Nov/2025:21:24:38 -0500] "GET / HTTP/1.1" 200 1010 "-" "Mozilla/5.0 (Windows NT 10.0; Win64; x64) AppleWebKit/537.36 (KHTML, like Gecko) Chrome/78.0.3904.108 Safari/537.36"
185.193.157.211 - - [24/Nov/2025:21:24:39 -0500] "GET //wp-includes/wlwmanifest.xml HTTP/1.1" 200 1010 "-" "Mozilla/5.0 (Windows NT 10.0; Win64; x64) AppleWebKit/537.36 (KHTML, like Gecko) Chrome/78.0.3904.108 Safari/537.36"
185.193.157.211 - - [24/Nov/2025:21:24:39 -0500] "GET / HTTP/1.1" 200 1010 "-" "Mozilla/5.0 (Windows NT 10.0; Win64; x64) AppleWebKit/537.36 (KHTML, like Gecko) Chrome/78.0.3904.108 Safari/537.36"
185.193.157.211 - - [24/Nov/2025:21:24:39 -0500] "GET //blog/wp-includes/wlwmanifest.xml HTTP/1.1" 200 1010 "-" "Mozilla/5.0 (Windows NT 10.0; Win64; x64) AppleWebKit/537.36 (KHTML, like Gecko) Chrome/78.0.3904.108 Safari/537.36"
185.193.157.211 - - [24/Nov/2025:21:24:39 -0500] "GET //web/wp-includes/wlwmanifest.xml HTTP/1.1" 200 1010 "-" "Mozilla/5.0 (Windows NT 10.0; Win64; x64) AppleWebKit/537.36 (KHTML, like Gecko) Chrome/78.0.3904.108 Safari/537.36"
185.193.157.211 - - [24/Nov/2025:21:24:39 -0500] "GET //wordpress/wp-includes/wlwmanifest.xml HTTP/1.1" 200 1010 "-" "Mozilla/5.0 (Windows NT 10.0; Win64; x64) AppleWebKit/537.36 (KHTML, like Gecko) Chrome/78.0.3904.108 Safari/537.36"
185.193.157.211 - - [24/Nov/2025:21:24:40 -0500] "GET //website/wp-includes/wlwmanifest.xml HTTP/1.1" 200 1010 "-" "Mozilla/5.0 (Windows NT 10.0; Win64; x64) AppleWebKit/537.36 (KHTML, like Gecko) Chrome/78.0.3904.108 Safari/537.36"
185.193.157.211 - - [24/Nov/2025:21:24:40 -0500] "GET //wp/wp-includes/wlwmanifest.xml HTTP/1.1" 200 1010 "-" "Mozilla/5.0 (Windows NT 10.0; Win64; x64) AppleWebKit/537.36 (KHTML, like Gecko) Chrome/78.0.3904.108 Safari/537.36"
185.193.157.211 - - [24/Nov/2025:21:24:40 -0500] "GET //news/wp-includes/wlwmanifest.xml HTTP/1.1" 200 1010 "-" "Mozilla/5.0 (Windows NT 10.0; Win64; x64) AppleWebKit/537.36 (KHTML, like Gecko) Chrome/78.0.3904.108 Safari/537.36"
185.193.157.211 - - [24/Nov/2025:21:24:40 -0500] "GET //2018/wp-includes/wlwmanifest.xml HTTP/1.1" 200 1010 "-" "Mozilla/5.0 (Windows NT 10.0; Win64; x64) AppleWebKit/537.36 (KHTML, like Gecko) Chrome/78.0.3904.108 Safari/537.36"
185.193.157.211 - - [24/Nov/2025:21:24:40 -0500] "GET //2019/wp-includes/wlwmanifest.xml HTTP/1.1" 200 1010 "-" "Mozilla/5.0 (Windows NT 10.0; Win64; x64) AppleWebKit/537.36 (KHTML, like Gecko) Chrome/78.0.3904.108 Safari/537.36"
185.193.157.211 - - [24/Nov/2025:21:24:41 -0500] "GET //shop/wp-includes/wlwmanifest.xml HTTP/1.1" 200 1010 "-" "Mozilla/5.0 (Windows NT 10.0; Win64; x64) AppleWebKit/537.36 (KHTML, like Gecko) Chrome/78.0.3904.108 Safari/537.36"
185.193.157.211 - - [24/Nov/2025:21:24:41 -0500] "GET //wp1/wp-includes/wlwmanifest.xml HTTP/1.1" 200 1010 "-" "Mozilla/5.0 (Windows NT 10.0; Win64; x64) AppleWebKit/537.36 (KHTML, like Gecko) Chrome/78.0.3904.108 Safari/537.36"
185.193.157.211 - - [24/Nov/2025:21:24:41 -0500] "GET //test/wp-includes/wlwmanifest.xml HTTP/1.1" 200 1010 "-" "Mozilla/5.0 (Windows NT 10.0; Win64; x64) AppleWebKit/537.36 (KHTML, like Gecko) Chrome/78.0.3904.108 Safari/537.36"
185.193.157.211 - - [24/Nov/2025:21:24:41 -0500] "GET //media/wp-includes/wlwmanifest.xml HTTP/1.1" 200 1010 "-" "Mozilla/5.0 (Windows NT 10.0; Win64; x64) AppleWebKit/537.36 (KHTML, like Gecko) Chrome/78.0.3904.108 Safari/537.36"
185.193.157.211 - - [24/Nov/2025:21:24:41 -0500] "GET //wp2/wp-includes/wlwmanifest.xml HTTP/1.1" 200 1010 "-" "Mozilla/5.0 (Windows NT 10.0; Win64; x64) AppleWebKit/537.36 (KHTML, like Gecko) Chrome/78.0.3904.108 Safari/537.36"
185.193.157.211 - - [24/Nov/2025:21:24:41 -0500] "GET //site/wp-includes/wlwmanifest.xml HTTP/1.1" 200 1010 "-" "Mozilla/5.0 (Windows NT 10.0; Win64; x64) AppleWebKit/537.36 (KHTML, like Gecko) Chrome/78.0.3904.108 Safari/537.36"
185.193.157.211 - - [24/Nov/2025:21:24:42 -0500] "GET //cms/wp-includes/wlwmanifest.xml HTTP/1.1" 200 1010 "-" "Mozilla/5.0 (Windows NT 10.0; Win64; x64) AppleWebKit/537.36 (KHTML, like Gecko) Chrome/78.0.3904.108 Safari/537.36"
185.193.157.211 - - [24/Nov/2025:21:24:42 -0500] "GET //sito/wp-includes/wlwmanifest.xml HTTP/1.1" 200 1010 "-" "Mozilla/5.0 (Windows NT 10.0; Win64; x64) AppleWebKit/537.36 (KHTML, like Gecko) Chrome/78.0.3904.108 Safari/537.36"
162.0.217.77 - - [24/Nov/2025:21:25:05 -0500] "POST /wp-cron.php?doing_wp_cron=1764037505.6494910717010498046875 HTTP/1.1" 403 1242 "-" "WordPress/6.8.3; https://hc-cosmetics.com"
128.24.70.128 - - [24/Nov/2025:21:25:00 -0500] "POST /wp-login.php HTTP/1.1" 200 6934 "-" "Mozilla/5.0"
165.227.116.167 - - [24/Nov/2025:21:32:55 -0500] "GET / HTTP/1.1" 200 1010 "-" "Mozilla/5.0 (Windows NT 10.0; Win64; x64) AppleWebKit/537.36 (KHTML, like Gecko) Chrome/80.0.3987.149 Safari/537.36"
165.227.116.167 - - [24/Nov/2025:21:32:55 -0500] "GET //wp-includes/wlwmanifest.xml HTTP/1.1" 200 1010 "-" "Mozilla/5.0 (Windows NT 10.0; Win64; x64) AppleWebKit/537.36 (KHTML, like Gecko) Chrome/80.0.3987.149 Safari/537.36"
165.227.116.167 - - [24/Nov/2025:21:32:55 -0500] "GET / HTTP/1.1" 200 1010 "-" "Mozilla/5.0 (Windows NT 10.0; Win64; x64) AppleWebKit/537.36 (KHTML, like Gecko) Chrome/80.0.3987.149 Safari/537.36"
165.227.116.167 - - [24/Nov/2025:21:32:55 -0500] "GET //blog/wp-includes/wlwmanifest.xml HTTP/1.1" 200 1010 "-" "Mozilla/5.0 (Windows NT 10.0; Win64; x64) AppleWebKit/537.36 (KHTML, like Gecko) Chrome/80.0.3987.149 Safari/537.36"
165.227.116.167 - - [24/Nov/2025:21:32:55 -0500] "GET //web/wp-includes/wlwmanifest.xml HTTP/1.1" 200 1010 "-" "Mozilla/5.0 (Windows NT 10.0; Win64; x64) AppleWebKit/537.36 (KHTML, like Gecko) Chrome/80.0.3987.149 Safari/537.36"
165.227.116.167 - - [24/Nov/2025:21:32:55 -0500] "GET //wordpress/wp-includes/wlwmanifest.xml HTTP/1.1" 200 1010 "-" "Mozilla/5.0 (Windows NT 10.0; Win64; x64) AppleWebKit/537.36 (KHTML, like Gecko) Chrome/80.0.3987.149 Safari/537.36"
165.227.116.167 - - [24/Nov/2025:21:32:56 -0500] "GET //website/wp-includes/wlwmanifest.xml HTTP/1.1" 200 1010 "-" "Mozilla/5.0 (Windows NT 10.0; Win64; x64) AppleWebKit/537.36 (KHTML, like Gecko) Chrome/80.0.3987.149 Safari/537.36"
165.227.116.167 - - [24/Nov/2025:21:32:56 -0500] "GET //wp/wp-includes/wlwmanifest.xml HTTP/1.1" 200 1010 "-" "Mozilla/5.0 (Windows NT 10.0; Win64; x64) AppleWebKit/537.36 (KHTML, like Gecko) Chrome/80.0.3987.149 Safari/537.36"
165.227.116.167 - - [24/Nov/2025:21:32:56 -0500] "GET //news/wp-includes/wlwmanifest.xml HTTP/1.1" 200 1010 "-" "Mozilla/5.0 (Windows NT 10.0; Win64; x64) AppleWebKit/537.36 (KHTML, like Gecko) Chrome/80.0.3987.149 Safari/537.36"
165.227.116.167 - - [24/Nov/2025:21:32:56 -0500] "GET //2018/wp-includes/wlwmanifest.xml HTTP/1.1" 200 1010 "-" "Mozilla/5.0 (Windows NT 10.0; Win64; x64) AppleWebKit/537.36 (KHTML, like Gecko) Chrome/80.0.3987.149 Safari/537.36"
165.227.116.167 - - [24/Nov/2025:21:32:56 -0500] "GET //2019/wp-includes/wlwmanifest.xml HTTP/1.1" 200 1010 "-" "Mozilla/5.0 (Windows NT 10.0; Win64; x64) AppleWebKit/537.36 (KHTML, like Gecko) Chrome/80.0.3987.149 Safari/537.36"
165.227.116.167 - - [24/Nov/2025:21:32:56 -0500] "GET //shop/wp-includes/wlwmanifest.xml HTTP/1.1" 200 1010 "-" "Mozilla/5.0 (Windows NT 10.0; Win64; x64) AppleWebKit/537.36 (KHTML, like Gecko) Chrome/80.0.3987.149 Safari/537.36"
165.227.116.167 - - [24/Nov/2025:21:32:56 -0500] "GET //wp1/wp-includes/wlwmanifest.xml HTTP/1.1" 200 1010 "-" "Mozilla/5.0 (Windows NT 10.0; Win64; x64) AppleWebKit/537.36 (KHTML, like Gecko) Chrome/80.0.3987.149 Safari/537.36"
165.227.116.167 - - [24/Nov/2025:21:32:56 -0500] "GET //test/wp-includes/wlwmanifest.xml HTTP/1.1" 200 1010 "-" "Mozilla/5.0 (Windows NT 10.0; Win64; x64) AppleWebKit/537.36 (KHTML, like Gecko) Chrome/80.0.3987.149 Safari/537.36"
165.227.116.167 - - [24/Nov/2025:21:32:56 -0500] "GET //media/wp-includes/wlwmanifest.xml HTTP/1.1" 200 1010 "-" "Mozilla/5.0 (Windows NT 10.0; Win64; x64) AppleWebKit/537.36 (KHTML, like Gecko) Chrome/80.0.3987.149 Safari/537.36"
165.227.116.167 - - [24/Nov/2025:21:32:56 -0500] "GET //wp2/wp-includes/wlwmanifest.xml HTTP/1.1" 200 1010 "-" "Mozilla/5.0 (Windows NT 10.0; Win64; x64) AppleWebKit/537.36 (KHTML, like Gecko) Chrome/80.0.3987.149 Safari/537.36"
165.227.116.167 - - [24/Nov/2025:21:32:56 -0500] "GET //site/wp-includes/wlwmanifest.xml HTTP/1.1" 200 1010 "-" "Mozilla/5.0 (Windows NT 10.0; Win64; x64) AppleWebKit/537.36 (KHTML, like Gecko) Chrome/80.0.3987.149 Safari/537.36"
165.227.116.167 - - [24/Nov/2025:21:32:57 -0500] "GET //cms/wp-includes/wlwmanifest.xml HTTP/1.1" 200 1010 "-" "Mozilla/5.0 (Windows NT 10.0; Win64; x64) AppleWebKit/537.36 (KHTML, like Gecko) Chrome/80.0.3987.149 Safari/537.36"
165.227.116.167 - - [24/Nov/2025:21:32:57 -0500] "GET //sito/wp-includes/wlwmanifest.xml HTTP/1.1" 200 1010 "-" "Mozilla/5.0 (Windows NT 10.0; Win64; x64) AppleWebKit/537.36 (KHTML, like Gecko) Chrome/80.0.3987.149 Safari/537.36"
104.244.74.116 - - [24/Nov/2025:21:34:46 -0500] "GET /wp-login.php HTTP/1.1" 200 1951 "-" "Mozilla/5.0 (Windows NT 10.0; Win64; x64) AppleWebKit/537.36 (KHTML, like Gecko) Chrome/118.0.5993.117 Safari/537.36"
43.156.228.27 - - [24/Nov/2025:21:36:58 -0500] "GET / HTTP/1.1" 200 549 "http://www.hc-cosmetics.com" "Mozilla/5.0 (iPhone; CPU iPhone OS 13_2_3 like Mac OS X) AppleWebKit/605.1.15 (KHTML, like Gecko) Version/13.0.3 Mobile/15E148 Safari/604.1"
162.0.217.77 - - [24/Nov/2025:21:38:34 -0500] "POST /wp-cron.php?doing_wp_cron=1764038314.4784541130065917968750 HTTP/1.1" 403 1242 "-" "WordPress/6.8.3; https://hc-cosmetics.com"
128.24.70.128 - - [24/Nov/2025:21:38:30 -0500] "POST /wp-login.php HTTP/1.1" 200 6934 "-" "Mozilla/5.0"
198.98.55.213 - - [24/Nov/2025:21:44:37 -0500] "GET /wp-login.php HTTP/1.1" 200 2196 "https://www.bing.com/" "Mozilla/5.0 (Macintosh; Intel Mac OS X 10_15_7) AppleWebKit/605.1.15 (KHTML, like Gecko) Version/16.6 Safari/605.1.15"
162.0.217.77 - - [24/Nov/2025:21:44:41 -0500] "POST /wp-cron.php?doing_wp_cron=1764038681.3846280574798583984375 HTTP/1.1" 403 1242 "-" "WordPress/6.8.3; https://hc-cosmetics.com"
198.98.55.213 - - [24/Nov/2025:21:44:39 -0500] "POST /wp-login.php HTTP/1.1" 200 2299 "https://www.bing.com/" "Mozilla/5.0 (Macintosh; Intel Mac OS X 10_15_7) AppleWebKit/605.1.15 (KHTML, like Gecko) Version/16.6 Safari/605.1.15"
167.99.139.0 - - [24/Nov/2025:21:47:56 -0500] "GET / HTTP/1.1" 200 549 "-" "Mozilla/5.0 (X11; Linux x86_64) AppleWebKit/537.36 (KHTML, like Gecko) Chrome/139.0.0.0 Safari/537.36"
167.99.139.0 - - [24/Nov/2025:21:47:57 -0500] "GET /favicon.ico HTTP/1.1" 404 1251 "https://hc-cosmetics.com/" "Mozilla/5.0 (X11; Linux x86_64) AppleWebKit/537.36 (KHTML, like Gecko) Chrome/139.0.0.0 Safari/537.36"
162.0.217.77 - - [24/Nov/2025:21:51:51 -0500] "POST /wp-cron.php?doing_wp_cron=1764039111.7294859886169433593750 HTTP/1.1" 403 1242 "-" "WordPress/6.8.3; https://hc-cosmetics.com"
128.24.70.128 - - [24/Nov/2025:21:51:49 -0500] "POST /wp-login.php HTTP/1.1" 200 6934 "-" "Mozilla/5.0"
173.64.77.173 - - [24/Nov/2025:21:52:48 -0500] "GET /robots.txt HTTP/1.1" 403 1242 "-" "Mozilla/5.0 (compatible; MJ12bot/v1.4.8; http://mj12bot.com/)"
162.0.217.77 - - [24/Nov/2025:22:05:42 -0500] "POST /wp-cron.php?doing_wp_cron=1764039942.7431828975677490234375 HTTP/1.1" 403 1242 "-" "WordPress/6.8.3; https://hc-cosmetics.com"
128.24.70.128 - - [24/Nov/2025:22:05:38 -0500] "POST /wp-login.php HTTP/1.1" 200 6934 "-" "Mozilla/5.0"
66.249.87.171 - - [24/Nov/2025:22:10:10 -0500] "GET /product/nouvelle-mousse-strong-hold/ HTTP/1.1" 200 497 "-" "Mozilla/5.0 (X11; Linux x86_64) AppleWebKit/537.36 (KHTML, like Gecko) Chrome/141.0.7390.122 Safari/537.36"
162.0.217.77 - - [24/Nov/2025:22:19:50 -0500] "POST /wp-cron.php?doing_wp_cron=1764040790.7667720317840576171875 HTTP/1.1" 403 1242 "-" "WordPress/6.8.3; https://hc-cosmetics.com"
128.24.70.128 - - [24/Nov/2025:22:19:48 -0500] "POST /wp-login.php HTTP/1.1" 200 6934 "-" "Mozilla/5.0"
162.0.217.77 - - [24/Nov/2025:22:34:34 -0500] "POST /wp-cron.php?doing_wp_cron=1764041673.9960699081420898437500 HTTP/1.1" 403 1242 "-" "WordPress/6.8.3; https://hc-cosmetics.com"
128.24.70.128 - - [24/Nov/2025:22:34:04 -0500] "POST /wp-login.php HTTP/1.1" 200 6934 "-" "Mozilla/5.0"
162.0.217.77 - - [24/Nov/2025:22:48:24 -0500] "POST /wp-cron.php?doing_wp_cron=1764042504.1308441162109375000000 HTTP/1.1" 403 1242 "-" "WordPress/6.8.3; https://hc-cosmetics.com"
128.24.70.128 - - [24/Nov/2025:22:48:19 -0500] "POST /wp-login.php HTTP/1.1" 200 6934 "-" "Mozilla/5.0"
114.119.159.243 - - [24/Nov/2025:22:49:29 -0500] "GET /?action=yith-woocompare-remove-product&id=6430 HTTP/1.1" 200 549 "https://hc-cosmetics.com/product/silky-x-trim-shampoo/?action=yith-woocompare-add-product&id=6426" "Mozilla/5.0 (Linux; Android 7.0;) AppleWebKit/537.36 (KHTML, like Gecko) Mobile Safari/537.36 (compatible; PetalBot;+https://webmaster.petalsearch.com/site/petalbot)"
114.119.147.237 - - [24/Nov/2025:22:52:45 -0500] "GET /?MD HTTP/1.1" 200 549 "https://www.hc-cosmetics.com/?MA" "Mozilla/5.0 (Linux; Android 7.0;) AppleWebKit/537.36 (KHTML, like Gecko) Mobile Safari/537.36 (compatible; PetalBot;+https://webmaster.petalsearch.com/site/petalbot)"
114.119.147.237 - - [24/Nov/2025:22:54:12 -0500] "GET /shop/page/2/?action=yith-woocompare-add-product&id=185 HTTP/1.1" 200 549 "https://hc-cosmetics.com/shop/page/2/?action=yith-woocompare-add-product&id=185" "Mozilla/5.0 (Linux; Android 7.0;) AppleWebKit/537.36 (KHTML, like Gecko) Mobile Safari/537.36 (compatible; PetalBot;+https://webmaster.petalsearch.com/site/petalbot)"
114.119.155.94 - - [24/Nov/2025:22:55:36 -0500] "GET /shop/?action=yith-woocompare-add-product&id=42 HTTP/1.1" 200 549 "https://hc-cosmetics.com/shop/?action=yith-woocompare-add-product&id=6434" "Mozilla/5.0 (Linux; Android 7.0;) AppleWebKit/537.36 (KHTML, like Gecko) Mobile Safari/537.36 (compatible; PetalBot;+https://webmaster.petalsearch.com/site/petalbot)"
114.119.155.94 - - [24/Nov/2025:22:56:06 -0500] "GET /?action=yith-woocompare-remove-product&id=1004 HTTP/1.1" 200 549 "https://hc-cosmetics.com?action=yith-woocompare-view-table&iframe=yes" "Mozilla/5.0 (Linux; Android 7.0;) AppleWebKit/537.36 (KHTML, like Gecko) Mobile Safari/537.36 (compatible; PetalBot;+https://webmaster.petalsearch.com/site/petalbot)"
114.119.143.1 - - [24/Nov/2025:22:56:56 -0500] "GET /product-tag/silky?action=yith-woocompare-add-product&id=6432 HTTP/1.1" 200 549 "-" "Mozilla/5.0 (Linux; Android 7.0;) AppleWebKit/537.36 (KHTML, like Gecko) Mobile Safari/537.36 (compatible; PetalBot;+https://webmaster.petalsearch.com/site/petalbot)"
114.119.159.243 - - [24/Nov/2025:22:58:20 -0500] "GET /product-tag/hair-treatment-ampules HTTP/1.1" 200 549 "-" "Mozilla/5.0 (Linux; Android 7.0;) AppleWebKit/537.36 (KHTML, like Gecko) Mobile Safari/537.36 (compatible; PetalBot;+https://webmaster.petalsearch.com/site/petalbot)"
114.119.147.246 - - [24/Nov/2025:22:59:45 -0500] "GET /product-tag/hair-shampoos/?action=yith-woocompare-add-product&id=997 HTTP/1.1" 200 549 "https://hc-cosmetics.com/product-tag/hair-shampoos/?action=yith-woocompare-add-product&id=989" "Mozilla/5.0 (Linux; Android 7.0;) AppleWebKit/537.36 (KHTML, like Gecko) Mobile Safari/537.36 (compatible; PetalBot;+https://webmaster.petalsearch.com/site/petalbot)"
114.119.138.226 - - [24/Nov/2025:23:01:07 -0500] "GET /product-tag/hair-mists?action=yith-woocompare-add-product&id=1080 HTTP/1.1" 200 549 "-" "Mozilla/5.0 (Linux; Android 7.0;) AppleWebKit/537.36 (KHTML, like Gecko) Mobile Safari/537.36 (compatible; PetalBot;+https://webmaster.petalsearch.com/site/petalbot)"
114.119.138.226 - - [24/Nov/2025:23:02:31 -0500] "GET /wp-content/uploads/2025/03/Nouvelle-MOUSSE-STRONG-HOLD.png HTTP/1.1" 200 549 "https://hc-cosmetics.com/product/nouvelle-mousse-strong-hold/?action=yith-woocompare-add-product&id=6420" "Mozilla/5.0 (Linux; Android 7.0;) AppleWebKit/537.36 (KHTML, like Gecko) Mobile Safari/537.36 (compatible; PetalBot;+https://webmaster.petalsearch.com/site/petalbot)"
162.0.217.77 - - [24/Nov/2025:23:03:02 -0500] "POST /wp-cron.php?doing_wp_cron=1764043382.6234850883483886718750 HTTP/1.1" 403 1242 "-" "WordPress/6.8.3; https://hc-cosmetics.com"
128.24.70.128 - - [24/Nov/2025:23:02:26 -0500] "POST /wp-login.php HTTP/1.1" 200 6934 "-" "Mozilla/5.0"
114.119.152.207 - - [24/Nov/2025:23:03:57 -0500] "GET /wishlist/ HTTP/1.1" 200 549 "https://hc-cosmetics.com/product-category/skincare/face-skincare/" "Mozilla/5.0 (Linux; Android 7.0;) AppleWebKit/537.36 (KHTML, like Gecko) Mobile Safari/537.36 (compatible; PetalBot;+https://webmaster.petalsearch.com/site/petalbot)"
114.119.155.94 - - [24/Nov/2025:23:04:06 -0500] "GET /?action=yith-woocompare-add-product&id=6432 HTTP/1.1" 200 549 "https://hc-cosmetics.com/product/silky-crystal-serum/?action=yith-woocompare-add-product&id=6434" "Mozilla/5.0 (Linux; Android 7.0;) AppleWebKit/537.36 (KHTML, like Gecko) Mobile Safari/537.36 (compatible; PetalBot;+https://webmaster.petalsearch.com/site/petalbot)"
107.189.12.178 - - [24/Nov/2025:23:05:00 -0500] "GET /wp-login.php HTTP/1.1" 200 2196 "https://www.bing.com/" "Mozilla/5.0 (Macintosh; Intel Mac OS X 10_15_7) AppleWebKit/605.1.15 (KHTML, like Gecko) Version/16.6 Safari/605.1.15"
162.0.217.77 - - [24/Nov/2025:23:05:02 -0500] "POST /wp-cron.php?doing_wp_cron=1764043502.0908420085906982421875 HTTP/1.1" 403 1242 "-" "WordPress/6.8.3; https://hc-cosmetics.com"
107.189.12.178 - - [24/Nov/2025:23:05:01 -0500] "POST /wp-login.php HTTP/1.1" 200 2299 "https://www.bing.com/" "Mozilla/5.0 (Macintosh; Intel Mac OS X 10_15_7) AppleWebKit/605.1.15 (KHTML, like Gecko) Version/16.6 Safari/605.1.15"
114.119.143.1 - - [24/Nov/2025:23:05:17 -0500] "GET /shop/?action=yith-woocompare-add-product&id=1127 HTTP/1.1" 200 549 "https://hc-cosmetics.com/shop/page/1/" "Mozilla/5.0 (Linux; Android 7.0;) AppleWebKit/537.36 (KHTML, like Gecko) Mobile Safari/537.36 (compatible; PetalBot;+https://webmaster.petalsearch.com/site/petalbot)"
114.119.147.246 - - [24/Nov/2025:23:06:40 -0500] "GET /product-tag/makeup/ HTTP/1.1" 200 549 "https://hc-cosmetics.com/product-tag/makeup/?action=yith-woocompare-add-product&id=1121" "Mozilla/5.0 (Linux; Android 7.0;) AppleWebKit/537.36 (KHTML, like Gecko) Mobile Safari/537.36 (compatible; PetalBot;+https://webmaster.petalsearch.com/site/petalbot)"
114.119.158.217 - - [24/Nov/2025:23:08:04 -0500] "GET /product-tag/hair-shampoos/?action=yith-woocompare-add-product&id=989 HTTP/1.1" 200 549 "https://hc-cosmetics.com/product-tag/hair-shampoos/?action=yith-woocompare-add-product&id=989" "Mozilla/5.0 (Linux; Android 7.0;) AppleWebKit/537.36 (KHTML, like Gecko) Mobile Safari/537.36 (compatible; PetalBot;+https://webmaster.petalsearch.com/site/petalbot)"